{"id":9939,"date":"2019-10-22T08:23:33","date_gmt":"2019-10-22T12:23:33","guid":{"rendered":"https:\/\/arduxop.com.br\/loja\/?post_type=product&#038;p=9939"},"modified":"2024-07-25T07:55:06","modified_gmt":"2024-07-25T11:55:06","slug":"driver-tmc2208","status":"publish","type":"product","link":"https:\/\/arduxop.com.br\/loja\/produto\/driver-tmc2208\/","title":{"rendered":"Driver Tmc2208 V 2.0"},"content":{"rendered":"<p>DEIXE SUA IMPRESSORA MAIS SILENCIOSA<\/p>\n<p>O TMC2208 oferece uma solu\u00e7\u00e3o integrada de driver de motor para impress\u00e3o 3D, c\u00e2meras, scanners e outras aplica\u00e7\u00f5es de equipamentos automatizados. O dispositivo possui um indexador de microstepping integrado, o StealthChop2 \u2122, um modo de controle de corrente totalmente silencioso, e destina-se a impulsionar um motor de passo bipolar. O bloco do driver de sa\u00edda consiste em MOSFETs de baixa pot\u00eancia de canal N RDSon configurados como pontes H completas para acionar os enrolamentos do motor. O TMC2208 \u00e9 capaz de conduzir at\u00e9 2A de corrente a partir de cada sa\u00edda (com dissipa\u00e7\u00e3o de calor adequada). O TMC2208 \u00e9 projetado para uma tens\u00e3o de alimenta\u00e7\u00e3o de 5 a 36V. O dispositivo possui uma interface de passo e dire\u00e7\u00e3o e pode ser configurado com pinos digitais.<\/p>\n<p>CARACTER\u00cdSTICAS E BENEF\u00cdCIOS<br \/>Motores de passo de 2 fases at\u00e9 2A corrente de bobina (pico)<br \/>Interface STEP \/ DIR com 2, 4, 8, 16 ou 32 pinos<br \/>Smooth Running 256 microsteps por interpola\u00e7\u00e3o de microPlyer<br \/>Opera\u00e7\u00e3o silenciosa do motor StealthChop2<br \/>SpreadCycle chopper de controle de motor altamente din\u00e2mico<br \/>Low RDSon LS 280m\u00bf e HS 290m\u00bf (tip. A 25 \u00b0 C)<br \/>Faixa de Voltagem 4.75\u2026 36V DC<br \/>Frenagem Passiva e Freewheeling<br \/>Single Wire UART &amp; OTP para op\u00e7\u00f5es avan\u00e7adas de configura\u00e7\u00e3o<br \/>Gerador de Pulso Integrado para movimento aut\u00f4nomo<br \/>Prote\u00e7\u00e3o Total e Diagn\u00f3stico<\/p>\n<p>O StealthChop \u00e9 um princ\u00edpio baseado no chopper de tens\u00e3o. Garante motores absolutamente silenciosos quando parado ou em c\u00e2mera lenta, exceto para ru\u00eddo de rolamento de esferas. Ao contr\u00e1rio de outros choppers de modo de tens\u00e3o, o StealthChop2 \u2122 n\u00e3o requer configura\u00e7\u00e3o. Aprende automaticamente as melhores configura\u00e7\u00f5es durante o primeiro movimento ap\u00f3s a inicializa\u00e7\u00e3o e otimiza ainda mais as configura\u00e7\u00f5es em movimentos subseq\u00fcentes. Uma sequ\u00eancia inicial inicial \u00e9 suficiente para este processo de aprendizagem.<\/p>\n<p>O SpreadCycle \u00e9 um modo avan\u00e7ado de ciclo a ciclo. Ele oferece opera\u00e7\u00e3o suave e bom amortecimento de resson\u00e2ncia em uma ampla faixa de velocidade e carga. O esquema de chopper do SpreadCycle integra automaticamente e ajusta os ciclos de decaimento r\u00e1pido para garantir um desempenho suave de cruzamento zero.<\/p>\n<p>saiba mais em https:\/\/github.com\/watterott\/SilentStepStick<\/p>\n<p><p class=\"responsive-video-wrap clr\"><iframe title=\"A4988 VS TMC2100 VS TMC2208\" width=\"1200\" height=\"675\" src=\"https:\/\/www.youtube.com\/embed\/zbE73bRzxvI?feature=oembed\" frameborder=\"0\" allow=\"accelerometer; autoplay; clipboard-write; encrypted-media; gyroscope; picture-in-picture\" allowfullscreen><\/iframe><\/p><\/p>\n","protected":false},"excerpt":{"rendered":"<p>Driver Tmc2208 Ultra-quiet Stepper Driver Silencioso P\/ Motor de passo. V 2.0<\/p>\n","protected":false},"featured_media":9941,"template":"","meta":[],"product_brand":[],"product_cat":[198,191,437,51,212],"product_tag":[],"class_list":{"0":"post-9939","1":"product","2":"type-product","3":"status-publish","4":"has-post-thumbnail","6":"product_cat-cnc","7":"product_cat-drivers","8":"product_cat-impressao-3d","9":"product_cat-motores","10":"product_cat-passo","12":"entry","13":"has-media","15":"first","16":"instock","17":"shipping-taxable","18":"purchasable","19":"product-type-simple","20":"has-product-nav","21":"col","22":"span_1_of_3","23":"owp-content-center","24":"owp-thumbs-layout-horizontal","25":"owp-btn-normal","26":"owp-tabs-layout-horizontal"},"_links":{"self":[{"href":"https:\/\/arduxop.com.br\/loja\/wp-json\/wp\/v2\/product\/9939","targetHints":{"allow":["GET"]}}],"collection":[{"href":"https:\/\/arduxop.com.br\/loja\/wp-json\/wp\/v2\/product"}],"about":[{"href":"https:\/\/arduxop.com.br\/loja\/wp-json\/wp\/v2\/types\/product"}],"wp:featuredmedia":[{"embeddable":true,"href":"https:\/\/arduxop.com.br\/loja\/wp-json\/wp\/v2\/media\/9941"}],"wp:attachment":[{"href":"https:\/\/arduxop.com.br\/loja\/wp-json\/wp\/v2\/media?parent=9939"}],"wp:term":[{"taxonomy":"product_brand","embeddable":true,"href":"https:\/\/arduxop.com.br\/loja\/wp-json\/wp\/v2\/product_brand?post=9939"},{"taxonomy":"product_cat","embeddable":true,"href":"https:\/\/arduxop.com.br\/loja\/wp-json\/wp\/v2\/product_cat?post=9939"},{"taxonomy":"product_tag","embeddable":true,"href":"https:\/\/arduxop.com.br\/loja\/wp-json\/wp\/v2\/product_tag?post=9939"}],"curies":[{"name":"wp","href":"https:\/\/api.w.org\/{rel}","templated":true}]}}