{"id":983,"date":"2018-01-16T11:23:23","date_gmt":"2018-01-16T13:23:23","guid":{"rendered":"https:\/\/arduxop.com.br\/loja\/produto\/receptor-infravermelho\/"},"modified":"2024-07-25T07:58:45","modified_gmt":"2024-07-25T11:58:45","slug":"receptor-infravermelho","status":"publish","type":"product","link":"https:\/\/arduxop.com.br\/loja\/produto\/receptor-infravermelho\/","title":{"rendered":"M\u00f3dulo Receptor Infravermelho"},"content":{"rendered":"<p>Detalhes do produto<\/p>\n<p>M\u00f3dulo Receptor Infravermelho para controle remoto.<\/p>\n<p>Ideal para acionamento de motores e reles em pequenas ou grandes automa\u00e7\u00f5es.<\/p>\n<p>O kit Emissor e Receptor Infravermelho \u00e9 uma excelente op\u00e7\u00e3o para treinar o controle de dispositivos atrav\u00e9s de IR.<\/p>\n<p>Os dados do kit s\u00e3o:<\/p>\n<p>Controlador infravermelho tipo NECHX1838 Receiver<\/p>\n<p>Tr\u00eas cabos F\/F Dupont para a fia\u00e7\u00e3o<\/p>\n<p>Os pinos do m\u00f3dulo s\u00e3o:\u00a0VCC:<\/p>\n<p>Tens\u00e3o 3.3V-5V externo (pode ser conectado diretamente a 3.3\/5V MCU)\u00a0GND: GND externo\u00a0IN:<\/p>\n<p>Esta \u00e9 a sa\u00edda digital<\/p>\n","protected":false},"excerpt":{"rendered":"<p>Detalhes do produto M\u00f3dulo Receptor Infravermelho para controle remoto. Ideal para acionamento de motores e reles em pequenas ou grandes automa\u00e7\u00f5es. O kit Emissor e Receptor Infravermelho \u00e9 uma excelente op\u00e7\u00e3o para treinar o controle de dispositivos atrav\u00e9s de IR. Os dados do kit s\u00e3o: Controlador infravermelho tipo NECHX1838 Receiver Tr\u00eas cabos F\/F Dupont para [&hellip;]<\/p>\n","protected":false},"featured_media":984,"template":"","meta":[],"product_brand":[],"product_cat":[210,195,50],"product_tag":[],"class_list":{"0":"post-983","1":"product","2":"type-product","3":"status-publish","4":"has-post-thumbnail","6":"product_cat-comunicacoes","7":"product_cat-controle-remoto","8":"product_cat-modulos","10":"entry","11":"has-media","13":"first","14":"outofstock","15":"purchasable","16":"product-type-simple","17":"has-product-nav","18":"col","19":"span_1_of_3","20":"owp-content-center","21":"owp-thumbs-layout-horizontal","22":"owp-btn-normal","23":"owp-tabs-layout-horizontal"},"_links":{"self":[{"href":"https:\/\/arduxop.com.br\/loja\/wp-json\/wp\/v2\/product\/983","targetHints":{"allow":["GET"]}}],"collection":[{"href":"https:\/\/arduxop.com.br\/loja\/wp-json\/wp\/v2\/product"}],"about":[{"href":"https:\/\/arduxop.com.br\/loja\/wp-json\/wp\/v2\/types\/product"}],"wp:featuredmedia":[{"embeddable":true,"href":"https:\/\/arduxop.com.br\/loja\/wp-json\/wp\/v2\/media\/984"}],"wp:attachment":[{"href":"https:\/\/arduxop.com.br\/loja\/wp-json\/wp\/v2\/media?parent=983"}],"wp:term":[{"taxonomy":"product_brand","embeddable":true,"href":"https:\/\/arduxop.com.br\/loja\/wp-json\/wp\/v2\/product_brand?post=983"},{"taxonomy":"product_cat","embeddable":true,"href":"https:\/\/arduxop.com.br\/loja\/wp-json\/wp\/v2\/product_cat?post=983"},{"taxonomy":"product_tag","embeddable":true,"href":"https:\/\/arduxop.com.br\/loja\/wp-json\/wp\/v2\/product_tag?post=983"}],"curies":[{"name":"wp","href":"https:\/\/api.w.org\/{rel}","templated":true}]}}