{"id":981,"date":"2018-01-16T11:23:23","date_gmt":"2018-01-16T14:23:23","guid":{"rendered":"https:\/\/arduxop.com.br\/loja\/produto\/arduino-uno-r3-v3\/"},"modified":"2025-08-15T16:06:01","modified_gmt":"2025-08-15T20:06:01","slug":"arduino-uno-r3-v3","status":"publish","type":"product","link":"https:\/\/arduxop.com.br\/loja\/produto\/arduino-uno-r3-v3\/","title":{"rendered":"Arduino Uno R3 V3"},"content":{"rendered":"<p>Descri\u00e7\u00e3o :<br \/>\nMicrocontrolador: ATmega328<br \/>\nTens\u00e3o de Opera\u00e7\u00e3o: 5v<br \/>\nTens\u00e3o de entrada (recomendada): 7-12v<br \/>\nTens\u00e3o de entrada (limites): 6-20v<br \/>\nPinos de entrada\/sa\u00edda: 14 (dos quais 6 podem ser PWM)<br \/>\nPinos de entrada anal\u00f3gica: 6<br \/>\nCorrente DC por pino I\/O: 40mA<br \/>\nCorrente DC para pino 3,3v: 50mA<br \/>\nMem\u00f3ria Flash: 32KB (dos quais 0,5KB s\u00e3o usados pelo Bootloader)<br \/>\nSRAM: 2KB &#8211; EEPROM: 1KB<br \/>\nVelocidade do Clock: 16MHz<\/p>\n","protected":false},"excerpt":{"rendered":"<p>Descri\u00e7\u00e3o : Microcontrolador: ATmega328 Tens\u00e3o de Opera\u00e7\u00e3o: 5v Tens\u00e3o de entrada (recomendada): 7-12v Tens\u00e3o de entrada (limites): 6-20v Pinos de entrada\/sa\u00edda: 14 (dos quais 6 podem ser PWM) Pinos de entrada anal\u00f3gica: 6 Corrente DC por pino I\/O: 40mA Corrente DC para pino 3,3v: 50mA Mem\u00f3ria Flash: 32KB (dos quais 0,5KB s\u00e3o usados pelo Bootloader) [&hellip;]<\/p>\n","protected":false},"featured_media":982,"template":"","meta":[],"product_brand":[],"product_cat":[49],"product_tag":[],"class_list":{"0":"post-981","1":"product","2":"type-product","3":"status-publish","4":"has-post-thumbnail","6":"product_cat-microprocessadores","8":"entry","9":"has-media","11":"first","12":"instock","13":"featured","14":"purchasable","15":"product-type-simple","16":"has-product-nav","17":"col","18":"span_1_of_3","19":"owp-content-center","20":"owp-thumbs-layout-horizontal","21":"owp-btn-normal","22":"owp-tabs-layout-horizontal","23":"has-no-thumbnails"},"_links":{"self":[{"href":"https:\/\/arduxop.com.br\/loja\/wp-json\/wp\/v2\/product\/981","targetHints":{"allow":["GET"]}}],"collection":[{"href":"https:\/\/arduxop.com.br\/loja\/wp-json\/wp\/v2\/product"}],"about":[{"href":"https:\/\/arduxop.com.br\/loja\/wp-json\/wp\/v2\/types\/product"}],"wp:featuredmedia":[{"embeddable":true,"href":"https:\/\/arduxop.com.br\/loja\/wp-json\/wp\/v2\/media\/982"}],"wp:attachment":[{"href":"https:\/\/arduxop.com.br\/loja\/wp-json\/wp\/v2\/media?parent=981"}],"wp:term":[{"taxonomy":"product_brand","embeddable":true,"href":"https:\/\/arduxop.com.br\/loja\/wp-json\/wp\/v2\/product_brand?post=981"},{"taxonomy":"product_cat","embeddable":true,"href":"https:\/\/arduxop.com.br\/loja\/wp-json\/wp\/v2\/product_cat?post=981"},{"taxonomy":"product_tag","embeddable":true,"href":"https:\/\/arduxop.com.br\/loja\/wp-json\/wp\/v2\/product_tag?post=981"}],"curies":[{"name":"wp","href":"https:\/\/api.w.org\/{rel}","templated":true}]}}