{"id":6047,"date":"2019-08-02T17:40:18","date_gmt":"2019-08-02T21:40:18","guid":{"rendered":"https:\/\/arduxop.com.br\/loja\/?post_type=product&#038;p=6047"},"modified":"2024-07-25T07:55:11","modified_gmt":"2024-07-25T11:55:11","slug":"regulador-tensao-ajustavel-lm2596-step-down-dc-dc-display","status":"publish","type":"product","link":"https:\/\/arduxop.com.br\/loja\/produto\/regulador-tensao-ajustavel-lm2596-step-down-dc-dc-display\/","title":{"rendered":"Regulador Tens\u00e3o Ajust\u00e1vel Lm2596 Step Down Dc Dc + Display"},"content":{"rendered":"<p>Caracter\u00edsticas:<br \/>* Com um clique no bot\u00e3o, indica\u00e7\u00e3o da tens\u00e3o de entrada ou de sa\u00edda no display (demonstrado tamb\u00e9m nos leds)<br \/>* Com um clique no bot\u00e3o e segurando por alguns segundos, fun\u00e7\u00e3o liga\/desliga<br \/>* Trimpot para ajuste da tens\u00e3o de sa\u00edda (deve ser 0,8 volt menor que a tens\u00e3o de entrada)<\/p>\n<p>Especifica\u00e7\u00f5es:<br \/>* Tens\u00e3o de entrada: 4,5 a 35V dc<br \/>* Tens\u00e3o de sa\u00edda: Ajust\u00e1vel 1,2 a 33,8V dc (a tens\u00e3o de entrada deve ser 0,8v maior que a tens\u00e3o ajustada de sa\u00edda)<br \/>* Corrente de sa\u00edda: 2A nominal<br \/>* N\u00e3o isolada, negativo comum na entrada e sa\u00edda<br \/>* Regula\u00e7\u00e3o de carga: \u00b1 0,5%<br \/>* Freq\u00fc\u00eancia de comuta\u00e7\u00e3o: 150 KHz<br \/>* Temperatura de opera\u00e7\u00e3o: -10\u00b0C a 85\u00b0C. Acima de 15W de sa\u00edda recomenda-se o uso de * dissipador de calor<br \/>* Prote\u00e7\u00e3o contra curto circuito na sa\u00edda por alguns segundos<br \/>* Prote\u00e7\u00e3o contra invers\u00e3o de entrada<br \/>* Dimens\u00f5es: 66 mm x 35 mm x 13 mm<\/p>\n<p>Itens inclusos:<br \/>01 Regulador de tens\u00e3o ajust\u00e1vel Lm2596 com Display<\/p>\n","protected":false},"excerpt":{"rendered":"<p><br data-mce-bogus=\"1\"><\/p>\n","protected":false},"featured_media":6050,"template":"","meta":[],"product_brand":[],"product_cat":[627,185,194],"product_tag":[],"class_list":{"0":"post-6047","1":"product","2":"type-product","3":"status-publish","4":"has-post-thumbnail","6":"product_cat-conversores-de-tensao","7":"product_cat-fontes","8":"product_cat-reguladores-de-tensao","10":"entry","11":"has-media","13":"first","14":"outofstock","15":"shipping-taxable","16":"purchasable","17":"product-type-simple","18":"has-product-nav","19":"col","20":"span_1_of_3","21":"owp-content-center","22":"owp-thumbs-layout-horizontal","23":"owp-btn-normal","24":"owp-tabs-layout-horizontal"},"_links":{"self":[{"href":"https:\/\/arduxop.com.br\/loja\/wp-json\/wp\/v2\/product\/6047","targetHints":{"allow":["GET"]}}],"collection":[{"href":"https:\/\/arduxop.com.br\/loja\/wp-json\/wp\/v2\/product"}],"about":[{"href":"https:\/\/arduxop.com.br\/loja\/wp-json\/wp\/v2\/types\/product"}],"wp:featuredmedia":[{"embeddable":true,"href":"https:\/\/arduxop.com.br\/loja\/wp-json\/wp\/v2\/media\/6050"}],"wp:attachment":[{"href":"https:\/\/arduxop.com.br\/loja\/wp-json\/wp\/v2\/media?parent=6047"}],"wp:term":[{"taxonomy":"product_brand","embeddable":true,"href":"https:\/\/arduxop.com.br\/loja\/wp-json\/wp\/v2\/product_brand?post=6047"},{"taxonomy":"product_cat","embeddable":true,"href":"https:\/\/arduxop.com.br\/loja\/wp-json\/wp\/v2\/product_cat?post=6047"},{"taxonomy":"product_tag","embeddable":true,"href":"https:\/\/arduxop.com.br\/loja\/wp-json\/wp\/v2\/product_tag?post=6047"}],"curies":[{"name":"wp","href":"https:\/\/api.w.org\/{rel}","templated":true}]}}