{"id":3708,"date":"2019-03-30T10:32:29","date_gmt":"2019-03-30T14:32:29","guid":{"rendered":"https:\/\/arduxop.com.br\/loja\/?post_type=product&#038;p=3708"},"modified":"2024-07-25T07:55:26","modified_gmt":"2024-07-25T11:55:26","slug":"sensor-touch","status":"publish","type":"product","link":"https:\/\/arduxop.com.br\/loja\/produto\/sensor-touch\/","title":{"rendered":"Sensor Touch TTP223"},"content":{"rendered":"<div class=\"product-description\">Com base no CI TTP223B este sensor touch de modo direto, \u00e9 um m\u00f3dulo de chave de toque capacitivo, de baixo consumo de energia. Quando voc\u00ea toca com o dedo na regi\u00e3o indicada, a sa\u00edda de sinal do m\u00f3dulo touch \u00e9 alta, se n\u00e3o houver nenhum outro toque por 12 segundos, volta para o modo de baixa. Seu funcionamento \u00e9 semelhante a um bot\u00e3o, normalmente com o sinal em baixa, ao toque fica auto. Este m\u00f3dulo touch pode ser instalado em superf\u00edcies como materiais n\u00e3o-met\u00e1licos, pl\u00e1stico, vidro, pode ser oculto nas paredes, \u00e1reas de trabalho e as outras partes de bot\u00f5es.<\/p>\n<p><strong>Especifica\u00e7\u00f5es:<\/strong><\/p>\n<p>&#8211; Tens\u00e3o de opera\u00e7\u00e3o: 2-5,5V<br \/>\n&#8211; Tempo de resposta: 220ms (estado baixo) e 60ms (estado alto)<br \/>\n&#8211; Tamanho 24x24mm<\/p><\/div>\n<div class=\"product-description\"><\/div>\n","protected":false},"excerpt":{"rendered":"<p>M\u00f3dulo Sensor Touch Capacitivo TTP223B<\/p>\n","protected":false},"featured_media":3709,"template":"","meta":[],"product_brand":[],"product_cat":[50,178,189],"product_tag":[],"class_list":{"0":"post-3708","1":"product","2":"type-product","3":"status-publish","4":"has-post-thumbnail","6":"product_cat-modulos","7":"product_cat-sensores","8":"product_cat-teclados","10":"entry","11":"has-media","13":"first","14":"instock","15":"shipping-taxable","16":"purchasable","17":"product-type-simple","18":"has-product-nav","19":"col","20":"span_1_of_3","21":"owp-content-center","22":"owp-thumbs-layout-horizontal","23":"owp-btn-normal","24":"owp-tabs-layout-horizontal","25":"has-no-thumbnails"},"_links":{"self":[{"href":"https:\/\/arduxop.com.br\/loja\/wp-json\/wp\/v2\/product\/3708","targetHints":{"allow":["GET"]}}],"collection":[{"href":"https:\/\/arduxop.com.br\/loja\/wp-json\/wp\/v2\/product"}],"about":[{"href":"https:\/\/arduxop.com.br\/loja\/wp-json\/wp\/v2\/types\/product"}],"wp:featuredmedia":[{"embeddable":true,"href":"https:\/\/arduxop.com.br\/loja\/wp-json\/wp\/v2\/media\/3709"}],"wp:attachment":[{"href":"https:\/\/arduxop.com.br\/loja\/wp-json\/wp\/v2\/media?parent=3708"}],"wp:term":[{"taxonomy":"product_brand","embeddable":true,"href":"https:\/\/arduxop.com.br\/loja\/wp-json\/wp\/v2\/product_brand?post=3708"},{"taxonomy":"product_cat","embeddable":true,"href":"https:\/\/arduxop.com.br\/loja\/wp-json\/wp\/v2\/product_cat?post=3708"},{"taxonomy":"product_tag","embeddable":true,"href":"https:\/\/arduxop.com.br\/loja\/wp-json\/wp\/v2\/product_tag?post=3708"}],"curies":[{"name":"wp","href":"https:\/\/api.w.org\/{rel}","templated":true}]}}