{"id":3621,"date":"2019-02-27T17:00:35","date_gmt":"2019-02-27T20:00:35","guid":{"rendered":"https:\/\/arduxop.com.br\/loja\/?post_type=product&#038;p=3621"},"modified":"2024-07-25T07:55:29","modified_gmt":"2024-07-25T11:55:29","slug":"modulo-sensor-de-gas-monoxido-de-carbono-mq-7","status":"publish","type":"product","link":"https:\/\/arduxop.com.br\/loja\/produto\/modulo-sensor-de-gas-monoxido-de-carbono-mq-7\/","title":{"rendered":"M\u00f3dulo Sensor de G\u00e1s Mon\u00f3xido de Carbono MQ-7"},"content":{"rendered":"<p>O Sensor de G\u00e1s MQ-7 \u00e9 capaz de detectar o g\u00e1s Mon\u00f3xido de Carbono CO.<br \/>\nQuando detectada a presen\u00e7a de mon\u00f3xido de carbono,\u00a0a sa\u00edda digital D0 fica em estado alto.<\/p>\n<p><strong>Especifica\u00e7\u00f5es:<\/strong><\/p>\n<p>\u2013 Modelo: MQ-7<br \/>\n\u2013 Detec\u00e7\u00e3o do g\u00e1s Mon\u00f3xido de Carbono<br \/>\n\u2013 Concentra\u00e7\u00e3o de detec\u00e7\u00e3o: 10-10.000ppm<br \/>\n\u2013 Tens\u00e3o de opera\u00e7\u00e3o: 3-5V<br \/>\n\u2013 Resist\u00eancia de aquecimento: 31\u03a9 \u00b1 3\u03a9<br \/>\n\u2013 Tens\u00e3o de aquecimento: 5V \u00b1 0,2V<br \/>\n\u2013 Pot\u00eancia de aquecimento: \u2264350mW<br \/>\n\u2013 Sensibilidade ajust\u00e1vel via potenci\u00f4metro<br \/>\n\u2013 Sa\u00edda Digital e Anal\u00f3gica<br \/>\n\u2013 F\u00e1cil instala\u00e7\u00e3o<br \/>\n\u2013 Comparador LM393<\/p>\n<p><strong>Pinagem:<\/strong><\/p>\n<p>\u2013 VCC: 5V<br \/>\n\u2013 GND: GND<br \/>\n\u2013 DOUT: Sa\u00edda Digital<br \/>\n\u2013 AOUT: Sa\u00edda Anal\u00f3gica<\/p>\n","protected":false},"excerpt":{"rendered":"<p class=\"product-title\">M\u00f3dulo Sensor de G\u00e1s Mon\u00f3xido de Carbono MQ-7<\/p>\n","protected":false},"featured_media":3622,"template":"","meta":[],"product_brand":[],"product_cat":[50,178],"product_tag":[449,450,451],"class_list":{"0":"post-3621","1":"product","2":"type-product","3":"status-publish","4":"has-post-thumbnail","6":"product_cat-modulos","7":"product_cat-sensores","8":"product_tag-carbono","9":"product_tag-gas","10":"product_tag-gaz","12":"entry","13":"has-media","15":"first","16":"outofstock","17":"shipping-taxable","18":"purchasable","19":"product-type-simple","20":"has-product-nav","21":"col","22":"span_1_of_3","23":"owp-content-center","24":"owp-thumbs-layout-horizontal","25":"owp-btn-normal","26":"owp-tabs-layout-horizontal","27":"has-no-thumbnails"},"_links":{"self":[{"href":"https:\/\/arduxop.com.br\/loja\/wp-json\/wp\/v2\/product\/3621","targetHints":{"allow":["GET"]}}],"collection":[{"href":"https:\/\/arduxop.com.br\/loja\/wp-json\/wp\/v2\/product"}],"about":[{"href":"https:\/\/arduxop.com.br\/loja\/wp-json\/wp\/v2\/types\/product"}],"wp:featuredmedia":[{"embeddable":true,"href":"https:\/\/arduxop.com.br\/loja\/wp-json\/wp\/v2\/media\/3622"}],"wp:attachment":[{"href":"https:\/\/arduxop.com.br\/loja\/wp-json\/wp\/v2\/media?parent=3621"}],"wp:term":[{"taxonomy":"product_brand","embeddable":true,"href":"https:\/\/arduxop.com.br\/loja\/wp-json\/wp\/v2\/product_brand?post=3621"},{"taxonomy":"product_cat","embeddable":true,"href":"https:\/\/arduxop.com.br\/loja\/wp-json\/wp\/v2\/product_cat?post=3621"},{"taxonomy":"product_tag","embeddable":true,"href":"https:\/\/arduxop.com.br\/loja\/wp-json\/wp\/v2\/product_tag?post=3621"}],"curies":[{"name":"wp","href":"https:\/\/api.w.org\/{rel}","templated":true}]}}