{"id":3362,"date":"2018-09-19T18:46:12","date_gmt":"2018-09-19T21:46:12","guid":{"rendered":"https:\/\/arduxop.com.br\/loja\/?post_type=product&#038;p=3362"},"modified":"2024-07-25T07:55:37","modified_gmt":"2024-07-25T11:55:37","slug":"valvula-solenoide","status":"publish","type":"product","link":"https:\/\/arduxop.com.br\/loja\/produto\/valvula-solenoide\/","title":{"rendered":"V\u00e1lvula Solenoide"},"content":{"rendered":"<pre>V\u00e1lvula de vaz\u00e3o solenoide para utiliza\u00e7\u00e3o em sistemas de irriga\u00e7\u00e3o, bebedouros autom\u00e1ticos e outros projetos que envolvam o controle de fluxo de l\u00edquidos.\r\n\r\nA v\u00e1lvula \u00e9 do tipo NC (Normal Fechada) e quando aplicamos 12V nos terminais da solenoide a v\u00e1lvula \u00e9 aberta, permitindo a passagem do l\u00edquido.\r\n\r\nCaracter\u00edsticas:\r\nMaterial: Metal + pl\u00e1stico\r\ntens\u00e3o: DC 12 V - 450mA\r\nentrada e sa\u00edda: farpas mangueira para 1\/2 \" (di\u00e2metro externo) mangueira\r\npress\u00e3o: 0.02-0.8Mpa\r\ntemperatura m\u00e1xima do fluido: 100 \u00b0 C\r\nmodo de opera\u00e7\u00e3o: normalmente fechado\r\ntipo de v\u00e1lvula: v\u00e1lvula de diafragma (operado por Servo)\r\nuso: \u00e1gua e fluidos de baixa viscosidade\r\n\r\nObs.: n\u00e3o \u00e9 adequado para uso com os sistemas alimentados por gravidade<\/pre>\n","protected":false},"excerpt":{"rendered":"<p>V\u00e1lvula Solenoide 12v Cc 1\/2 (20mm)\u00a0 \u00c1gua<\/p>\n","protected":false},"featured_media":3367,"template":"","meta":[],"product_brand":[],"product_cat":[411,177],"product_tag":[],"class_list":{"0":"post-3362","1":"product","2":"type-product","3":"status-publish","4":"has-post-thumbnail","6":"product_cat-sem-categoria","7":"product_cat-reles","9":"entry","10":"has-media","12":"first","13":"outofstock","14":"shipping-taxable","15":"purchasable","16":"product-type-simple","17":"has-product-nav","18":"col","19":"span_1_of_3","20":"owp-content-center","21":"owp-thumbs-layout-horizontal","22":"owp-btn-normal","23":"owp-tabs-layout-horizontal"},"_links":{"self":[{"href":"https:\/\/arduxop.com.br\/loja\/wp-json\/wp\/v2\/product\/3362","targetHints":{"allow":["GET"]}}],"collection":[{"href":"https:\/\/arduxop.com.br\/loja\/wp-json\/wp\/v2\/product"}],"about":[{"href":"https:\/\/arduxop.com.br\/loja\/wp-json\/wp\/v2\/types\/product"}],"wp:featuredmedia":[{"embeddable":true,"href":"https:\/\/arduxop.com.br\/loja\/wp-json\/wp\/v2\/media\/3367"}],"wp:attachment":[{"href":"https:\/\/arduxop.com.br\/loja\/wp-json\/wp\/v2\/media?parent=3362"}],"wp:term":[{"taxonomy":"product_brand","embeddable":true,"href":"https:\/\/arduxop.com.br\/loja\/wp-json\/wp\/v2\/product_brand?post=3362"},{"taxonomy":"product_cat","embeddable":true,"href":"https:\/\/arduxop.com.br\/loja\/wp-json\/wp\/v2\/product_cat?post=3362"},{"taxonomy":"product_tag","embeddable":true,"href":"https:\/\/arduxop.com.br\/loja\/wp-json\/wp\/v2\/product_tag?post=3362"}],"curies":[{"name":"wp","href":"https:\/\/api.w.org\/{rel}","templated":true}]}}