{"id":3045,"date":"2018-05-14T17:49:58","date_gmt":"2018-05-14T20:49:58","guid":{"rendered":"https:\/\/arduxop.com.br\/loja\/?post_type=product&#038;p=3045"},"modified":"2024-07-25T07:55:50","modified_gmt":"2024-07-25T11:55:50","slug":"modulo-regulador-dc-step-up-mt3608-conversor","status":"publish","type":"product","link":"https:\/\/arduxop.com.br\/loja\/produto\/modulo-regulador-dc-step-up-mt3608-conversor\/","title":{"rendered":"Conversor Dc Step-Up Mt3608"},"content":{"rendered":"<p>O M\u00f3dulo Regulador de Tens\u00e3o Ajust\u00e1vel MT3608 \u00e9 um produto desenvolvido para aplica\u00e7\u00e3o em projetos eletr\u00f4nicos onde s\u00e3o necess\u00e1rias diferentes tens\u00f5es e correntes para acionamento de componentes eletr\u00f4nicos.<\/p>\n<p>Composto pelo regulador MT3608, o M\u00f3dulo Regulador de Tens\u00e3o trabalha com tens\u00f5es de entrada de 2V a 24V, oferecendo em suas sa\u00eddas tens\u00f5es de 2,5 a 28V que podem ser ajustadas conforme sua necessidade, por meio de um trimpot.<\/p>\n<p>O M\u00f3dulo Regulador de Tens\u00e3o \u00e9 ideal para alimenta\u00e7\u00e3o de motores, rel\u00e9s, displays, microcontroladores ou outros circuitos el\u00e9tricos que operem dentro das faixas de tens\u00f5es e correntes especificadas.<\/p>\n<p>A principal e crucial diferen\u00e7a deste Regulador de Tens\u00e3o para os demais, \u00e9 sua capacidade de ajustar a tens\u00e3o de sa\u00edda para mais (Step Up) do que a tens\u00e3o de entrada, o que quer dizer exemplificativamente que, se entrar com 5V no m\u00f3dulo, esta tens\u00e3o poder\u00e1 ser aumentada para 15V, ou como melhor lhe interessar, por meio do trimpot.<\/p>\n<p>CARACTER\u00cdSTICAS:<\/p>\n<p>* Regulador de Tens\u00e3o Ajust\u00e1vel;<br \/>\n* Trimpot para ajuste da tens\u00e3o de sa\u00edda;<br \/>\n* Ajuste da tens\u00e3o de sa\u00edda para mais (Step Up);<br \/>\n* Ideal para alimenta\u00e7\u00e3o de motores, rel\u00e9s, displays, microcontroladores, entre outros circuitos;<br \/>\n* Tens\u00e3o est\u00e1vel;<br \/>\n* Compacto;<br \/>\n* F\u00e1cil de utilizar.<\/p>\n<p>ESPECIFICA\u00c7\u00d5ES:<\/p>\n<p>* Tens\u00e3o de entrada: 2V~24V;<br \/>\n* Tens\u00e3o de sa\u00edda ajust\u00e1vel: 2,5~28V;<br \/>\n* Regula\u00e7\u00e3o de carga: +- 0,5%;<br \/>\n* Efici\u00eancia: 91%;<br \/>\n* Diferen\u00e7a m\u00ednima entre a entrada e sa\u00edda: 0,5V;<br \/>\n* Frequ\u00eancia de comuta\u00e7\u00e3o: 150 KHz;<br \/>\n* Corrente m\u00e1x.: 2A;<br \/>\n* Dimens\u00f5es (CxLxA): 37x17x6mm;<br \/>\n* Peso: 4g<\/p>\n<p>https:\/\/www.instructables.com\/DC-DC-Boost-Converter-MT3608\/<\/p>\n","protected":false},"excerpt":{"rendered":"<p class=\"item-title__primary \">M\u00f3dulo Regulador Dc Step-up Mt3608<\/p>\n","protected":false},"featured_media":3049,"template":"","meta":[],"product_brand":[],"product_cat":[627,185,194],"product_tag":[],"class_list":{"0":"post-3045","1":"product","2":"type-product","3":"status-publish","4":"has-post-thumbnail","6":"product_cat-conversores-de-tensao","7":"product_cat-fontes","8":"product_cat-reguladores-de-tensao","10":"entry","11":"has-media","13":"first","14":"outofstock","15":"shipping-taxable","16":"purchasable","17":"product-type-simple","18":"has-product-nav","19":"col","20":"span_1_of_3","21":"owp-content-center","22":"owp-thumbs-layout-horizontal","23":"owp-btn-normal","24":"owp-tabs-layout-horizontal"},"_links":{"self":[{"href":"https:\/\/arduxop.com.br\/loja\/wp-json\/wp\/v2\/product\/3045","targetHints":{"allow":["GET"]}}],"collection":[{"href":"https:\/\/arduxop.com.br\/loja\/wp-json\/wp\/v2\/product"}],"about":[{"href":"https:\/\/arduxop.com.br\/loja\/wp-json\/wp\/v2\/types\/product"}],"wp:featuredmedia":[{"embeddable":true,"href":"https:\/\/arduxop.com.br\/loja\/wp-json\/wp\/v2\/media\/3049"}],"wp:attachment":[{"href":"https:\/\/arduxop.com.br\/loja\/wp-json\/wp\/v2\/media?parent=3045"}],"wp:term":[{"taxonomy":"product_brand","embeddable":true,"href":"https:\/\/arduxop.com.br\/loja\/wp-json\/wp\/v2\/product_brand?post=3045"},{"taxonomy":"product_cat","embeddable":true,"href":"https:\/\/arduxop.com.br\/loja\/wp-json\/wp\/v2\/product_cat?post=3045"},{"taxonomy":"product_tag","embeddable":true,"href":"https:\/\/arduxop.com.br\/loja\/wp-json\/wp\/v2\/product_tag?post=3045"}],"curies":[{"name":"wp","href":"https:\/\/api.w.org\/{rel}","templated":true}]}}