{"id":2988,"date":"2018-05-08T13:44:51","date_gmt":"2018-05-08T17:44:51","guid":{"rendered":"https:\/\/arduxop.com.br\/loja\/?post_type=product&#038;p=2988"},"modified":"2024-07-25T07:55:51","modified_gmt":"2024-07-25T11:55:51","slug":"modulo-wifi-esp8266-nodemcu-esp-12","status":"publish","type":"product","link":"https:\/\/arduxop.com.br\/loja\/produto\/modulo-wifi-esp8266-nodemcu-esp-12\/","title":{"rendered":"Motor Shield"},"content":{"rendered":"<p>O <strong>Nodemcu<\/strong>\u00a0<strong>ESP12E Motor Shield<\/strong> foi desenvolvido com a finalidade de controlar a velocidade e o sentido do giro de at\u00e9 dois motores DC independentes ou um motor de passo em carrinhos rob\u00f3ticos, por exemplo, possuindo f\u00e1cil conex\u00e3o por meio de bornes a parafuso.<br \/>Como \u00e9 de f\u00e1cil aplica\u00e7\u00e3o basta voc\u00ea encaix\u00e1-lo na Placa de Desenvolvimento Nodemcu V2, fazer as liga\u00e7\u00f5es e programa\u00e7\u00f5es correspondentes para que o mesmo comece a funcionar.<br \/>O diferencial est\u00e1 em seu formato de shield, permitindo r\u00e1pida aplica\u00e7\u00e3o. Ideal para aplica\u00e7\u00e3o em projetos onde \u00e9 necess\u00e1rio ter controle preciso do RPM desenvolvido pelos motores, bem como o sentido do giro, al\u00e9m de aproveitar da placa para funcionar remotamente via Wifi, permitindo controle de um carrinho pelo smartphone, por exemplo.<\/p>\n<p><img fetchpriority=\"high\" decoding=\"async\" class=\"aligncenter wp-image-2993 size-full\" src=\"https:\/\/arduxop.com.br\/loja\/wp-content\/uploads\/2018\/05\/6WL46_4.jpg\" alt=\"\" width=\"550\" height=\"550\" data-mce-src=\"https:\/\/arduxop.com.br\/loja\/wp-content\/uploads\/2018\/05\/6WL46_4.jpg\" srcset=\"https:\/\/arduxop.com.br\/loja\/wp-content\/uploads\/2018\/05\/6WL46_4.jpg 550w, https:\/\/arduxop.com.br\/loja\/wp-content\/uploads\/2018\/05\/6WL46_4-350x350.jpg 350w, https:\/\/arduxop.com.br\/loja\/wp-content\/uploads\/2018\/05\/6WL46_4-100x100.jpg 100w, https:\/\/arduxop.com.br\/loja\/wp-content\/uploads\/2018\/05\/6WL46_4-64x64.jpg 64w, https:\/\/arduxop.com.br\/loja\/wp-content\/uploads\/2018\/05\/6WL46_4-300x300.jpg 300w, https:\/\/arduxop.com.br\/loja\/wp-content\/uploads\/2018\/05\/6WL46_4-150x150.jpg 150w, https:\/\/arduxop.com.br\/loja\/wp-content\/uploads\/2018\/05\/6WL46_4-75x75.jpg 75w, https:\/\/arduxop.com.br\/loja\/wp-content\/uploads\/2018\/05\/6WL46_4-444x444.jpg 444w\" sizes=\"(max-width: 550px) 100vw, 550px\" \/><\/p>\n<p><\/p>\n<p><p class=\"responsive-video-wrap clr\"><iframe title=\"Nodemcu 8266 motor shield\" width=\"1200\" height=\"900\" src=\"https:\/\/www.youtube.com\/embed\/BL0Om4Kicc0?feature=oembed\" frameborder=\"0\" allow=\"accelerometer; autoplay; clipboard-write; encrypted-media; gyroscope; picture-in-picture\" allowfullscreen><\/iframe><\/p><\/p>\n","protected":false},"excerpt":{"rendered":"<p>Motor Shield para M\u00f3dulo WiFi ESP8266 NodeMcu<\/p>\n","protected":false},"featured_media":2991,"template":"","meta":[],"product_brand":[],"product_cat":[50,51,409,180],"product_tag":[],"class_list":{"0":"post-2988","1":"product","2":"type-product","3":"status-publish","4":"has-post-thumbnail","6":"product_cat-modulos","7":"product_cat-motores","8":"product_cat-robotica","9":"product_cat-wifi","11":"entry","12":"has-media","14":"first","15":"instock","16":"shipping-taxable","17":"purchasable","18":"product-type-simple","19":"has-product-nav","20":"col","21":"span_1_of_3","22":"owp-content-center","23":"owp-thumbs-layout-horizontal","24":"owp-btn-normal","25":"owp-tabs-layout-horizontal"},"_links":{"self":[{"href":"https:\/\/arduxop.com.br\/loja\/wp-json\/wp\/v2\/product\/2988","targetHints":{"allow":["GET"]}}],"collection":[{"href":"https:\/\/arduxop.com.br\/loja\/wp-json\/wp\/v2\/product"}],"about":[{"href":"https:\/\/arduxop.com.br\/loja\/wp-json\/wp\/v2\/types\/product"}],"wp:featuredmedia":[{"embeddable":true,"href":"https:\/\/arduxop.com.br\/loja\/wp-json\/wp\/v2\/media\/2991"}],"wp:attachment":[{"href":"https:\/\/arduxop.com.br\/loja\/wp-json\/wp\/v2\/media?parent=2988"}],"wp:term":[{"taxonomy":"product_brand","embeddable":true,"href":"https:\/\/arduxop.com.br\/loja\/wp-json\/wp\/v2\/product_brand?post=2988"},{"taxonomy":"product_cat","embeddable":true,"href":"https:\/\/arduxop.com.br\/loja\/wp-json\/wp\/v2\/product_cat?post=2988"},{"taxonomy":"product_tag","embeddable":true,"href":"https:\/\/arduxop.com.br\/loja\/wp-json\/wp\/v2\/product_tag?post=2988"}],"curies":[{"name":"wp","href":"https:\/\/api.w.org\/{rel}","templated":true}]}}