{"id":2921,"date":"2018-04-23T19:25:17","date_gmt":"2018-04-23T22:25:17","guid":{"rendered":"https:\/\/arduxop.com.br\/loja\/?post_type=product&#038;p=2921"},"modified":"2024-07-25T07:55:53","modified_gmt":"2024-07-25T11:55:53","slug":"carregador-bateria-litio-lipo-7","status":"publish","type":"product","link":"https:\/\/arduxop.com.br\/loja\/produto\/carregador-bateria-litio-lipo-7\/","title":{"rendered":"Carregador Bateria Lipo 2S"},"content":{"rendered":"<p>Circuito de prote\u00e7\u00e3o (BMS) para 2 c\u00e9lulas de baterias Li-Ion \/ Lipo 8,4V. Monitora a carga e descarga, protegendo a bateria contra sobrecargas.<br \/>\nTamanho reduzido. Facilita a instala\u00e7\u00e3o em packs de baterias 18650.<br \/>\nPossui capacidade de carga de at\u00e9 3A. Sua fonte deve ter capacidade igual ou superior a exigida pelo seu PACK.<\/p>\n<p>Modelo: HX-2S-01<br \/>\nCorrente m\u00e1xima de carga: 3A<br \/>\nTens\u00e3o de carga: 8,4V a 9V<br \/>\nFaixa de identifica\u00e7\u00e3o de sobretens\u00e3o: 4,25V a 4,35V \u00b1 0,05V<br \/>\nCorrente m\u00e1xima de descarga continua: 5A<br \/>\nCorrente m\u00e1xima de pico de descarga: 7A<br \/>\nCorrente de repouso: 10uA<br \/>\nResist\u00eancia interna: 0,1 OHM<br \/>\nDimens\u00f5es: 38x8x2,5mm<\/p>\n","protected":false},"excerpt":{"rendered":"<p class=\"item-title__primary \">Bms 2s Carregador Bateria Litio Lipo 7a Prote\u00e7\u00e3o Carga Desc<\/p>\n","protected":false},"featured_media":2926,"template":"","meta":[],"product_brand":[],"product_cat":[187],"product_tag":[],"class_list":{"0":"post-2921","1":"product","2":"type-product","3":"status-publish","4":"has-post-thumbnail","6":"product_cat-pilhas-e-baterias","8":"entry","9":"has-media","11":"first","12":"instock","13":"shipping-taxable","14":"purchasable","15":"product-type-simple","16":"has-product-nav","17":"col","18":"span_1_of_3","19":"owp-content-center","20":"owp-thumbs-layout-horizontal","21":"owp-btn-normal","22":"owp-tabs-layout-horizontal"},"_links":{"self":[{"href":"https:\/\/arduxop.com.br\/loja\/wp-json\/wp\/v2\/product\/2921","targetHints":{"allow":["GET"]}}],"collection":[{"href":"https:\/\/arduxop.com.br\/loja\/wp-json\/wp\/v2\/product"}],"about":[{"href":"https:\/\/arduxop.com.br\/loja\/wp-json\/wp\/v2\/types\/product"}],"wp:featuredmedia":[{"embeddable":true,"href":"https:\/\/arduxop.com.br\/loja\/wp-json\/wp\/v2\/media\/2926"}],"wp:attachment":[{"href":"https:\/\/arduxop.com.br\/loja\/wp-json\/wp\/v2\/media?parent=2921"}],"wp:term":[{"taxonomy":"product_brand","embeddable":true,"href":"https:\/\/arduxop.com.br\/loja\/wp-json\/wp\/v2\/product_brand?post=2921"},{"taxonomy":"product_cat","embeddable":true,"href":"https:\/\/arduxop.com.br\/loja\/wp-json\/wp\/v2\/product_cat?post=2921"},{"taxonomy":"product_tag","embeddable":true,"href":"https:\/\/arduxop.com.br\/loja\/wp-json\/wp\/v2\/product_tag?post=2921"}],"curies":[{"name":"wp","href":"https:\/\/api.w.org\/{rel}","templated":true}]}}