{"id":2909,"date":"2018-04-20T09:40:51","date_gmt":"2018-04-20T13:40:51","guid":{"rendered":"https:\/\/arduxop.com.br\/loja\/?post_type=product&#038;p=2909"},"modified":"2024-07-25T07:55:54","modified_gmt":"2024-07-25T11:55:54","slug":"chassi-duplo-4-rodas","status":"publish","type":"product","link":"https:\/\/arduxop.com.br\/loja\/produto\/chassi-duplo-4-rodas\/","title":{"rendered":"Carrinho Duplo 4 Rodas"},"content":{"rendered":"<p>Kit para aplica\u00e7\u00f5es em rob\u00f3tica e projetos educacionais.<\/p>\n<p>Voc\u00ea pode montar um rob\u00f4 segue-faixa, com sensor ultrass\u00f4nico ou medidor de dist\u00e2ncia, para evitar obst\u00e1culos e para realizar testes de velocidade.<\/p>\n<p>\u00c9 poss\u00edvel adicionar v\u00e1rios itens neste chassi, como placas controladoras, sensores de presen\u00e7a ou ultrass\u00f4nicos, c\u00e2meras, entre outros, para personalizar o seu projeto.<\/p>\n<p>Itens inclusos:<\/p>\n<p>04 Rodas com pneus<br \/>\n02 Chassis em acr\u00edlico tipo 3D (dimens\u00f5es 25,6 x 14,9 cm)<br \/>\n04 Motores DC com redu\u00e7\u00e3o<br \/>\n06 Espa\u00e7adores<br \/>\n08 Parafusos 30mm<br \/>\n16 Parafusos 8mm<br \/>\n16 Porcas<br \/>\n04 Discos de c\u00f3digo de precis\u00e3o de velocidade de 20 linhas<br \/>\n08 Suportes em acr\u00edlico para fixar o motor da roda<br \/>\n01 Manual b\u00e1sico de montagem<\/p>\n","protected":false},"excerpt":{"rendered":"<p class=\"item-title__primary \">Kit Chassi Duplo 4wd Rodas Rob\u00f3tica Carro Rob\u00f4 Arduino<\/p>\n","protected":false},"featured_media":2911,"template":"","meta":[],"product_brand":[],"product_cat":[411,48,51,409],"product_tag":[],"class_list":{"0":"post-2909","1":"product","2":"type-product","3":"status-publish","4":"has-post-thumbnail","6":"product_cat-sem-categoria","7":"product_cat-kits","8":"product_cat-motores","9":"product_cat-robotica","11":"entry","12":"has-media","14":"first","15":"instock","16":"shipping-taxable","17":"purchasable","18":"product-type-simple","19":"has-product-nav","20":"col","21":"span_1_of_3","22":"owp-content-center","23":"owp-thumbs-layout-horizontal","24":"owp-btn-normal","25":"owp-tabs-layout-horizontal"},"_links":{"self":[{"href":"https:\/\/arduxop.com.br\/loja\/wp-json\/wp\/v2\/product\/2909","targetHints":{"allow":["GET"]}}],"collection":[{"href":"https:\/\/arduxop.com.br\/loja\/wp-json\/wp\/v2\/product"}],"about":[{"href":"https:\/\/arduxop.com.br\/loja\/wp-json\/wp\/v2\/types\/product"}],"wp:featuredmedia":[{"embeddable":true,"href":"https:\/\/arduxop.com.br\/loja\/wp-json\/wp\/v2\/media\/2911"}],"wp:attachment":[{"href":"https:\/\/arduxop.com.br\/loja\/wp-json\/wp\/v2\/media?parent=2909"}],"wp:term":[{"taxonomy":"product_brand","embeddable":true,"href":"https:\/\/arduxop.com.br\/loja\/wp-json\/wp\/v2\/product_brand?post=2909"},{"taxonomy":"product_cat","embeddable":true,"href":"https:\/\/arduxop.com.br\/loja\/wp-json\/wp\/v2\/product_cat?post=2909"},{"taxonomy":"product_tag","embeddable":true,"href":"https:\/\/arduxop.com.br\/loja\/wp-json\/wp\/v2\/product_tag?post=2909"}],"curies":[{"name":"wp","href":"https:\/\/api.w.org\/{rel}","templated":true}]}}