{"id":2904,"date":"2018-04-20T08:36:07","date_gmt":"2018-04-20T12:36:07","guid":{"rendered":"https:\/\/arduxop.com.br\/loja\/?post_type=product&#038;p=2904"},"modified":"2024-07-25T07:55:54","modified_gmt":"2024-07-25T11:55:54","slug":"shield-cnc-v4-arduino-nano-4-0","status":"publish","type":"product","link":"https:\/\/arduxop.com.br\/loja\/produto\/shield-cnc-v4-arduino-nano-4-0\/","title":{"rendered":"Shield Cnc V4 Arduino Nano 4.0"},"content":{"rendered":"<p>O CNC Nano Shield \u00e9 uma placa para montagem de um CNC com Arduino. A placa possui tr\u00eas soquetes para utiliza\u00e7\u00e3o dos drivers A4988 (j\u00e1 inclusos), possibilitando o controle de at\u00e9 tr\u00eas eixos (3 motores) atrav\u00e9s da placa Arduino Nano V3.0 (j\u00e1 inclusa). A placa possui configura\u00e7\u00e3o bastante compacta e \u00e9 toda montada com soquetes header e barras de pinos facilitando a prototipagem e substitui\u00e7\u00e3o de componentes quando necess\u00e1rio.<\/p>\n<p>Especifica\u00e7\u00f5es:<\/p>\n<p>&#8211; Shield CNC V4<br \/>&#8211; Suporta motores de at\u00e9 2A<br \/>&#8211; Conector DC P4 para fonte de alimenta\u00e7\u00e3o<\/p>\n<p>ATEN\u00c7\u00c3O! N\u00c3O ACOMPANHA O ARDUINO NANO NEM OS DRIVERS.<\/p>\n","protected":false},"excerpt":{"rendered":"<p class=\"item-title__primary \">ATEN\u00c7\u00c3O! N\u00c3O ACOMPANHA O ARDUINO NANO.<\/p>\n","protected":false},"featured_media":2907,"template":"","meta":[],"product_brand":[],"product_cat":[198],"product_tag":[],"class_list":{"0":"post-2904","1":"product","2":"type-product","3":"status-publish","4":"has-post-thumbnail","6":"product_cat-cnc","8":"entry","9":"has-media","11":"first","12":"instock","13":"shipping-taxable","14":"purchasable","15":"product-type-simple","16":"has-product-nav","17":"col","18":"span_1_of_3","19":"owp-content-center","20":"owp-thumbs-layout-horizontal","21":"owp-btn-normal","22":"owp-tabs-layout-horizontal"},"_links":{"self":[{"href":"https:\/\/arduxop.com.br\/loja\/wp-json\/wp\/v2\/product\/2904","targetHints":{"allow":["GET"]}}],"collection":[{"href":"https:\/\/arduxop.com.br\/loja\/wp-json\/wp\/v2\/product"}],"about":[{"href":"https:\/\/arduxop.com.br\/loja\/wp-json\/wp\/v2\/types\/product"}],"wp:featuredmedia":[{"embeddable":true,"href":"https:\/\/arduxop.com.br\/loja\/wp-json\/wp\/v2\/media\/2907"}],"wp:attachment":[{"href":"https:\/\/arduxop.com.br\/loja\/wp-json\/wp\/v2\/media?parent=2904"}],"wp:term":[{"taxonomy":"product_brand","embeddable":true,"href":"https:\/\/arduxop.com.br\/loja\/wp-json\/wp\/v2\/product_brand?post=2904"},{"taxonomy":"product_cat","embeddable":true,"href":"https:\/\/arduxop.com.br\/loja\/wp-json\/wp\/v2\/product_cat?post=2904"},{"taxonomy":"product_tag","embeddable":true,"href":"https:\/\/arduxop.com.br\/loja\/wp-json\/wp\/v2\/product_tag?post=2904"}],"curies":[{"name":"wp","href":"https:\/\/api.w.org\/{rel}","templated":true}]}}