{"id":2791,"date":"2018-03-28T15:53:39","date_gmt":"2018-03-28T18:53:39","guid":{"rendered":"https:\/\/arduxop.com.br\/loja\/?post_type=product&#038;p=2791"},"modified":"2024-07-25T07:56:04","modified_gmt":"2024-07-25T11:56:04","slug":"cabo-hdmi","status":"publish","type":"product","link":"https:\/\/arduxop.com.br\/loja\/produto\/cabo-hdmi\/","title":{"rendered":"Cabo HDMI"},"content":{"rendered":"<p>Cabo de alta qualidade com 2 metros, Atende todas as defini\u00e7\u00f5es de mercado at\u00e9 4K<\/p>\n<p>Cabo HDMI Premium vers\u00e3o 2.0 com conectores banhados \u00e0 ouro 24k, protegido com blindagem, garantindo maior durabilidade, evitando interfer\u00eancias e perda de qualidade.<\/p>\n<p>Suporta resolu\u00e7\u00e3o 4K 2160p &#8211; Permite resolu\u00e7\u00f5es de v\u00eddeo muito al\u00e9m da resolu\u00e7\u00e3o 1080p, suportando a pr\u00f3xima gera\u00e7\u00e3o de Tv&#8217;s e equipamentos que competir\u00e3o com o cinema digital em uma experi\u00eancia ULTRA HD!<\/p>\n<p>Caracter\u00edsticas:<\/p>\n<p>Tamanho:<br \/>\n2 metros<\/p>\n<p>Conectividade:<br \/>\nTV&#8217;s LED, LCD e Plasma, Monitores Digitais, Projetores, Consoles de V\u00eddeo Game, Bluray e etc.<\/p>\n<p>Compatibilidade:<br \/>\nPCM, DVD-Audio, SUPER Audio CD, Dolby TrueHD, DTS-HD Master Audio.<\/p>\n<p>3D:<br \/>\nCompat\u00edvel com todos os formatos atuais de 3D.<\/p>\n<p>Velocidade:<br \/>\nAlta taxa de transfer\u00eancia: 10.2Gbit \/s a 340Mhz.<\/p>\n<p>Sinal de V\u00eddeo:<br \/>\nSuporta resolu\u00e7\u00f5es de 576i, 576p, 720i, 720p, 1080i, 1080p \u00a02160p e 4K<\/p>\n<p>HDMI:<br \/>\nCompat\u00edvel com vers\u00f5es 1.4, 1.3b, 1.3 e anteriores<\/p>\n<p>Retorno de \u00c1udio 7.1:<br \/>\nPelo pr\u00f3prio cabo j\u00e1 \u00e9 poss\u00edvel transmitir o \u00e1udio sem a necessidade de passar um cabo \u00e0 parte<\/p>\n<p>Canal Ethernet HDMI:<br \/>\nAdiciona alta velocidade em redes a um link HDMI, possibilitando aos usu\u00e1rios usufruir de todo benef\u00edcio dos seus dispositivos IP sem a necessidade de cabos de rede Ethernet.<\/p>\n<p>Conte\u00fado da embalagem:<br \/>\n&#8211; 1 Cabo HDMI 2 Metros<\/p>\n","protected":false},"excerpt":{"rendered":"<p>Cabo Hdmi 10m Metros Alltech 2.0 4k 3d Pino Dourado.<\/p>\n","protected":false},"featured_media":2792,"template":"","meta":[],"product_brand":[],"product_cat":[184],"product_tag":[],"class_list":{"0":"post-2791","1":"product","2":"type-product","3":"status-publish","4":"has-post-thumbnail","6":"product_cat-fios-e-cabos","8":"entry","9":"has-media","11":"first","12":"instock","13":"shipping-taxable","14":"purchasable","15":"product-type-simple","16":"has-product-nav","17":"col","18":"span_1_of_3","19":"owp-content-center","20":"owp-thumbs-layout-horizontal","21":"owp-btn-normal","22":"owp-tabs-layout-horizontal","23":"has-no-thumbnails"},"_links":{"self":[{"href":"https:\/\/arduxop.com.br\/loja\/wp-json\/wp\/v2\/product\/2791","targetHints":{"allow":["GET"]}}],"collection":[{"href":"https:\/\/arduxop.com.br\/loja\/wp-json\/wp\/v2\/product"}],"about":[{"href":"https:\/\/arduxop.com.br\/loja\/wp-json\/wp\/v2\/types\/product"}],"wp:featuredmedia":[{"embeddable":true,"href":"https:\/\/arduxop.com.br\/loja\/wp-json\/wp\/v2\/media\/2792"}],"wp:attachment":[{"href":"https:\/\/arduxop.com.br\/loja\/wp-json\/wp\/v2\/media?parent=2791"}],"wp:term":[{"taxonomy":"product_brand","embeddable":true,"href":"https:\/\/arduxop.com.br\/loja\/wp-json\/wp\/v2\/product_brand?post=2791"},{"taxonomy":"product_cat","embeddable":true,"href":"https:\/\/arduxop.com.br\/loja\/wp-json\/wp\/v2\/product_cat?post=2791"},{"taxonomy":"product_tag","embeddable":true,"href":"https:\/\/arduxop.com.br\/loja\/wp-json\/wp\/v2\/product_tag?post=2791"}],"curies":[{"name":"wp","href":"https:\/\/api.w.org\/{rel}","templated":true}]}}