{"id":2743,"date":"2018-03-13T15:37:55","date_gmt":"2018-03-13T18:37:55","guid":{"rendered":"https:\/\/arduxop.com.br\/loja\/?post_type=product&#038;p=2743"},"modified":"2024-07-25T07:56:06","modified_gmt":"2024-07-25T11:56:06","slug":"sensor-de-temperatura-ds18b20","status":"publish","type":"product","link":"https:\/\/arduxop.com.br\/loja\/produto\/sensor-de-temperatura-ds18b20\/","title":{"rendered":"Sensor De Temperatura Ds18b20"},"content":{"rendered":"<p>O <strong>Sensor de Temperatura DS18B20<\/strong> \u00e9 um componente eletr\u00f4nico digital desenvolvido para ser aplicado nos mais diversos ambientes, medindo temparaturas entre -55\u00b0C a +125\u00b0C. Para que o sensor de temperatura entre em funcionamento \u00e9 necess\u00e1rio estar conectado junto a uma plataforma de prototipagem, por exemplo, o Arduino.<br \/>\n&#8211; Um diferencial do <strong>Sensor de Temperatura DS18B20<\/strong> \u00e9 a sua capacidade de possibilitar leituras com resolu\u00e7\u00e3o entre 9 a 12-bit, a qual \u00e9 configur\u00e1vel. Al\u00e9m de possuir uma inteface de comunica\u00e7\u00e3o simples por meio de um fio \u00fanico, fun\u00e7\u00e3o conhecida como 1-Wire, que permite ligar v\u00e1rios sensores de temperatura em uma \u00fanica sa\u00edda digital do Arduino.<br \/>\n&#8211; S\u00f3 \u00e9 poss\u00edvel o <strong>Sensor de Temperatura DS18B20<\/strong> executar a fun\u00e7\u00e3o 1-Wire em raz\u00e3o de que cada sensor possui um n\u00famero serial \u00fanico de 64-bit, e isso permite controlar um grande ambiente, como, por exemplo, o interior de um pr\u00e9dio, uma sala de m\u00e1quinas, entre outros.<br \/>\n&#8211; Outra caracter\u00edstica diferencial do <strong>Sensor de Temperatura DS18B20<\/strong> \u00e9 que o mesmo pode derivar a alimenta\u00e7\u00e3o do barramento de dados, sem precisar de uma fonte externa de energia, essa caracter\u00edstica \u00e9 conhecida como \u201cparasite power\u201d.<br \/>\n&#8211; Se voc\u00ea precisa de um sensor de grande confiabilidade e precis\u00e3o, o <strong>Sensor de Temperatura<\/strong> digital \u00e9 o produto que vai satisfazer a sua necessidade, apresentando bom resultados.<\/p>\n<p><a name=\"caract\"><\/a><\/p>\n<p><span id=\"product_carac\"><b class=\"product_title_interno\">CARACTER\u00cdSTICAS:<\/b><br \/>\n&#8211; Sensor de temperatura para Arduino;<br \/>\n&#8211; Possibilita a utiliza\u00e7\u00e3o de diversos sensores no mesmo pino digital (1-Wire);<br \/>\n&#8211; Ideal para medir temperaturas em grandes ambientes;<br \/>\n&#8211; Caracter\u00edstica \u201cparasite power\u201d;<br \/>\n&#8211; Grande precis\u00e3o;<br \/>\n&#8211; Excelente rela\u00e7\u00e3o custo x benef\u00edcio;<br \/>\n&#8211; Compat\u00edvel com Arduino, Raspberry Pi, ARM, PIC, etc.;<br \/>\n&#8211; Datasheet DS18B20:\u00a0<em><a href=\"http:\/\/www.usinainfo.com.br\/index.php?controller=attachment&amp;id_attachment=101\" target=\"_blank\" rel=\"noopener noreferrer\">Download AQUI<\/a><\/em>.<\/span><\/p>\n<p><span id=\"product_specification\"><b class=\"product_title_interno\">ESPECIFICA\u00c7\u00d5ES:<\/b><br \/>\n&#8211; Tens\u00e3o de alimenta\u00e7\u00e3o: 3.0 &#8211; 5.5VDC;<br \/>\n&#8211; Leitura de temperatura entre: -55\u00b0C a +125\u00b0C;<br \/>\n&#8211; Pinagem: Ilustrado na imagem a cima;<br \/>\n&#8211; Tempo de atualiza\u00e7\u00e3o: &lt;750ms;<br \/>\n&#8211; Precis\u00e3o: \u00b10.5\u00b0C;<br \/>\n&#8211; Resolu\u00e7\u00e3o: 9 ou 12 bits;<br \/>\n&#8211; Interface 1 fio (1 Wire);<br \/>\n&#8211; ID \u00fanico de 64 bits;<br \/>\n&#8211; Di\u00e2metro: 6mm;<br \/>\n&#8211; Peso: &lt;1g.<\/span><\/p>\n","protected":false},"excerpt":{"rendered":"<p class=\"item-title__primary \">Sensor De Temperatura\u00a0 Ds18b20<\/p>\n","protected":false},"featured_media":2744,"template":"","meta":[],"product_brand":[],"product_cat":[178],"product_tag":[436,269],"class_list":{"0":"post-2743","1":"product","2":"type-product","3":"status-publish","4":"has-post-thumbnail","6":"product_cat-sensores","7":"product_tag-18b20","8":"product_tag-temperatura","10":"entry","11":"has-media","13":"first","14":"instock","15":"shipping-taxable","16":"purchasable","17":"product-type-simple","18":"has-product-nav","19":"col","20":"span_1_of_3","21":"owp-content-center","22":"owp-thumbs-layout-horizontal","23":"owp-btn-normal","24":"owp-tabs-layout-horizontal"},"_links":{"self":[{"href":"https:\/\/arduxop.com.br\/loja\/wp-json\/wp\/v2\/product\/2743","targetHints":{"allow":["GET"]}}],"collection":[{"href":"https:\/\/arduxop.com.br\/loja\/wp-json\/wp\/v2\/product"}],"about":[{"href":"https:\/\/arduxop.com.br\/loja\/wp-json\/wp\/v2\/types\/product"}],"wp:featuredmedia":[{"embeddable":true,"href":"https:\/\/arduxop.com.br\/loja\/wp-json\/wp\/v2\/media\/2744"}],"wp:attachment":[{"href":"https:\/\/arduxop.com.br\/loja\/wp-json\/wp\/v2\/media?parent=2743"}],"wp:term":[{"taxonomy":"product_brand","embeddable":true,"href":"https:\/\/arduxop.com.br\/loja\/wp-json\/wp\/v2\/product_brand?post=2743"},{"taxonomy":"product_cat","embeddable":true,"href":"https:\/\/arduxop.com.br\/loja\/wp-json\/wp\/v2\/product_cat?post=2743"},{"taxonomy":"product_tag","embeddable":true,"href":"https:\/\/arduxop.com.br\/loja\/wp-json\/wp\/v2\/product_tag?post=2743"}],"curies":[{"name":"wp","href":"https:\/\/api.w.org\/{rel}","templated":true}]}}