{"id":2705,"date":"2018-03-09T10:19:01","date_gmt":"2018-03-09T13:19:01","guid":{"rendered":"https:\/\/arduxop.com.br\/loja\/?post_type=product&#038;p=2705"},"modified":"2024-07-25T07:56:08","modified_gmt":"2024-07-25T11:56:08","slug":"fonte-ac-dc-5v-700ma","status":"publish","type":"product","link":"https:\/\/arduxop.com.br\/loja\/produto\/fonte-ac-dc-5v-700ma\/","title":{"rendered":"Fonte Ac-dc  5v 700ma"},"content":{"rendered":"<p>Com prote\u00e7\u00e3o a temperatura, prote\u00e7\u00e3o contra sobrecarga de corrente e prote\u00e7\u00e3o contra curto circuito, alta e baixa tens\u00e3o de isolamento, AC85 ~ 265 v de entrada larga de tens\u00e3o, corrente ac\/dc, 431 de precis\u00e3o a estabilidade da tens\u00e3o de sa\u00edda DC5V<br \/>\ntens\u00e3o de entrada: AC 85 ~ 265 v 50\/60 hz ou DC 100 ~ 370 v<br \/>\nImput atual: 0.0273A (AC110V) 0.014A (AC220V)<br \/>\nentrada de Corrente: 20A<br \/>\ntens\u00e3o de sa\u00edda: DC 5 V (+\/-0.2 V)<br \/>\ncorrente de sa\u00edda 700 mA<br \/>\npot\u00eancia 3.5 W<br \/>\ntemperatura de opera\u00e7\u00e3o-20 ~ 60 \u00b0<br \/>\numidade relativa 40-90% RH<br \/>\nsa\u00edda de 5 V, min atual 0a, max 700mA atual, pico de corrente: 800mA, faixa de sa\u00edda: 4.8 ~ 5.2 v, onda ondula\u00e7\u00e3o: 60mV<br \/>\npot\u00eancia de sa\u00edda: 0-4 W (corrente CONT\u00cdNUA)<br \/>\nefici\u00eancia de sa\u00edda: 80%<br \/>\nmudar m\u00e1quina supera\u00e7\u00e3o: MAX 10%<br \/>\ntempo de subida de tens\u00e3o de sa\u00edda: MAX 100 MS<br \/>\nsa\u00edda sobre a prote\u00e7\u00e3o da tens\u00e3o: 4.8-5.2 V, recupera\u00e7\u00e3o: Bloqueio, reiniciar ap\u00f3s a recupera\u00e7\u00e3o<br \/>\nsa\u00edda sobre a prote\u00e7\u00e3o de energia: SIM, recupera\u00e7\u00e3o: Bloqueio, reiniciar ap\u00f3s a recupera\u00e7\u00e3o<br \/>\nprote\u00e7\u00e3o contra curto-circuito: SIM, recupera\u00e7\u00e3o autom\u00e1tica ap\u00f3s o problema resolvido<br \/>\na prote\u00e7\u00e3o da temperatura: SIM, a recupera\u00e7\u00e3o: Bloqueio, reiniciar ap\u00f3s a recupera\u00e7\u00e3o<br \/>\nprote\u00e7\u00e3o de sobrecorrente: SIM, a recupera\u00e7\u00e3o: Bloqueio, reiniciar ap\u00f3s a recupera\u00e7\u00e3o<br \/>\ntamanho: 3x2x1.8 cm<\/p>\n","protected":false},"excerpt":{"rendered":"<p>Fonte Conversor Ac-dc Buck Step Down 5v 700ma Arduino<\/p>\n","protected":false},"featured_media":2708,"template":"","meta":[],"product_brand":[],"product_cat":[185],"product_tag":[],"class_list":{"0":"post-2705","1":"product","2":"type-product","3":"status-publish","4":"has-post-thumbnail","6":"product_cat-fontes","8":"entry","9":"has-media","11":"first","12":"outofstock","13":"shipping-taxable","14":"purchasable","15":"product-type-simple","16":"has-product-nav","17":"col","18":"span_1_of_3","19":"owp-content-center","20":"owp-thumbs-layout-horizontal","21":"owp-btn-normal","22":"owp-tabs-layout-horizontal"},"_links":{"self":[{"href":"https:\/\/arduxop.com.br\/loja\/wp-json\/wp\/v2\/product\/2705","targetHints":{"allow":["GET"]}}],"collection":[{"href":"https:\/\/arduxop.com.br\/loja\/wp-json\/wp\/v2\/product"}],"about":[{"href":"https:\/\/arduxop.com.br\/loja\/wp-json\/wp\/v2\/types\/product"}],"wp:featuredmedia":[{"embeddable":true,"href":"https:\/\/arduxop.com.br\/loja\/wp-json\/wp\/v2\/media\/2708"}],"wp:attachment":[{"href":"https:\/\/arduxop.com.br\/loja\/wp-json\/wp\/v2\/media?parent=2705"}],"wp:term":[{"taxonomy":"product_brand","embeddable":true,"href":"https:\/\/arduxop.com.br\/loja\/wp-json\/wp\/v2\/product_brand?post=2705"},{"taxonomy":"product_cat","embeddable":true,"href":"https:\/\/arduxop.com.br\/loja\/wp-json\/wp\/v2\/product_cat?post=2705"},{"taxonomy":"product_tag","embeddable":true,"href":"https:\/\/arduxop.com.br\/loja\/wp-json\/wp\/v2\/product_tag?post=2705"}],"curies":[{"name":"wp","href":"https:\/\/api.w.org\/{rel}","templated":true}]}}