{"id":2525,"date":"2018-02-07T19:36:55","date_gmt":"2018-02-07T21:36:55","guid":{"rendered":"https:\/\/arduxop.com.br\/loja\/?post_type=product&#038;p=2525"},"modified":"2024-07-25T07:56:21","modified_gmt":"2024-07-25T11:56:21","slug":"matriz-de-led-8x32","status":"publish","type":"product","link":"https:\/\/arduxop.com.br\/loja\/produto\/matriz-de-led-8x32\/","title":{"rendered":"Matriz De Led 8&#215;32"},"content":{"rendered":"<p>Desenvolvido para facilitar seus projetos. O m\u00f3dulo de matriz de LED \u00e9 capaz de controlar 256 (8&#215;32) leds simultaneamente. \u00c9 ideal para a montagem de pain\u00e9is de LEDs, uma vez que suporta liga\u00e7\u00e3o cascata, proporcionando maior visibilidade, intera\u00e7\u00e3o e beleza ao seu projeto eletr\u00f4nico ou rob\u00f3tico. Compat\u00edvel com a maioria dos sistemas microcontroladores, entre eles: Arduino, Raspberry Pi, PIC, ARM, AVR, entre outros.<\/p>\n<p>O m\u00f3dulo j\u00e1 vai montado, pronto para uso, acompanha o m\u00f3dulo um cabo f\u00eamea\/f\u00eamea de 5 vias para facilitar as conex\u00f5es. H\u00e1 v\u00e1rios v\u00eddeos no YouTube com tutoriais sobre como desenvolver, trabalhar com a biblioteca de caracteres e criar os mais variados efeitos, deixando seu projeto DIY muito mais interativo.<\/p>\n<p>Especifica\u00e7\u00f5es do produto:<\/p>\n<p>Tens\u00e3o de opera\u00e7\u00e3o: 5V;<br \/>\nCor LED: Vermelha;<br \/>\n4 furos para fixa\u00e7\u00e3o;<br \/>\nDimens\u00f5es: 12,8 x 3,2 x 1,3 cm.<br \/>\nPinagem:<\/p>\n<p>VCC: VCC;<br \/>\nGND: GND;<br \/>\nDIN: Dados;<br \/>\nCS: Load;<br \/>\nCLK: Clock.<\/p>\n<div class=\"oceanwp-oembed-wrap clr\">\n<blockquote class=\"wp-embedded-content\" data-secret=\"TvaJVR0ciU\"><p><a href=\"https:\/\/www.makerguides.com\/max7219-led-dot-matrix-display-arduino-tutorial\/\">MAX7219 LED dot matrix display Arduino tutorial<\/a><\/p><\/blockquote>\n<p><iframe class=\"wp-embedded-content\" sandbox=\"allow-scripts\" security=\"restricted\" style=\"position: absolute; clip: rect(1px, 1px, 1px, 1px);\" title=\"&#8220;MAX7219 LED dot matrix display Arduino tutorial&#8221; &#8212; Makerguides.com\" src=\"https:\/\/www.makerguides.com\/max7219-led-dot-matrix-display-arduino-tutorial\/embed\/#?secret=TvaJVR0ciU\" data-secret=\"TvaJVR0ciU\" width=\"600\" height=\"338\" frameborder=\"0\" marginwidth=\"0\" marginheight=\"0\" scrolling=\"no\"><\/iframe><\/div>\n","protected":false},"excerpt":{"rendered":"<p class=\"item-title__primary \">Display Modulo Matriz De Led 8&#215;32 Com Chip Max7219 Arduino<\/p>\n","protected":false},"featured_media":2527,"template":"","meta":[],"product_brand":[],"product_cat":[183,234,186,50],"product_tag":[],"class_list":{"0":"post-2525","1":"product","2":"type-product","3":"status-publish","4":"has-post-thumbnail","6":"product_cat-displays","7":"product_cat-led","8":"product_cat-leds","9":"product_cat-modulos","11":"entry","12":"has-media","14":"first","15":"instock","16":"shipping-taxable","17":"purchasable","18":"product-type-simple","19":"has-product-nav","20":"col","21":"span_1_of_3","22":"owp-content-center","23":"owp-thumbs-layout-horizontal","24":"owp-btn-normal","25":"owp-tabs-layout-horizontal"},"_links":{"self":[{"href":"https:\/\/arduxop.com.br\/loja\/wp-json\/wp\/v2\/product\/2525","targetHints":{"allow":["GET"]}}],"collection":[{"href":"https:\/\/arduxop.com.br\/loja\/wp-json\/wp\/v2\/product"}],"about":[{"href":"https:\/\/arduxop.com.br\/loja\/wp-json\/wp\/v2\/types\/product"}],"wp:featuredmedia":[{"embeddable":true,"href":"https:\/\/arduxop.com.br\/loja\/wp-json\/wp\/v2\/media\/2527"}],"wp:attachment":[{"href":"https:\/\/arduxop.com.br\/loja\/wp-json\/wp\/v2\/media?parent=2525"}],"wp:term":[{"taxonomy":"product_brand","embeddable":true,"href":"https:\/\/arduxop.com.br\/loja\/wp-json\/wp\/v2\/product_brand?post=2525"},{"taxonomy":"product_cat","embeddable":true,"href":"https:\/\/arduxop.com.br\/loja\/wp-json\/wp\/v2\/product_cat?post=2525"},{"taxonomy":"product_tag","embeddable":true,"href":"https:\/\/arduxop.com.br\/loja\/wp-json\/wp\/v2\/product_tag?post=2525"}],"curies":[{"name":"wp","href":"https:\/\/api.w.org\/{rel}","templated":true}]}}