{"id":1960,"date":"2018-01-16T11:29:04","date_gmt":"2018-01-16T13:29:04","guid":{"rendered":"https:\/\/arduxop.com.br\/loja\/produto\/conversor-de-tensao-dc-dc-mp1584en-step-down\/"},"modified":"2024-07-25T07:56:36","modified_gmt":"2024-07-25T11:56:36","slug":"conversor-de-tensao-dc-dc-mp1584en-step-down","status":"publish","type":"product","link":"https:\/\/arduxop.com.br\/loja\/produto\/conversor-de-tensao-dc-dc-mp1584en-step-down\/","title":{"rendered":"Conversor De Tens\u00e3o Dc\/dc &#8211; Mp1584en &#8211; Step Down"},"content":{"rendered":"<p>Especifica\u00e7\u00f5es:<\/p>\n<ul>\n<li>Tens\u00e3o de entrada: 4,5V \u00e0 28V;<\/li>\n<li>Tens\u00e3o de sa\u00edda: Ajust\u00e1vel de 0,8V \u00e0 20V (sempre menor que a tens\u00e3o de entrada);<\/li>\n<li>Corrente de sa\u00edda: Nominal 2A, M\u00e1ximo 3A (para consumo acima de 15W utilizar dissipador no m\u00f3dulo);<\/li>\n<li>Efici\u00eancia de convers\u00e3o: 86% (minima), 90% (tipica), 96% (m\u00e1xima);<\/li>\n<li>Temperatura de trabalho: -40 \u00b0C a +85 \u00b0C;<\/li>\n<li>Acr\u00e9cimo de Temperatura em plena carga: 40\u00baC;<\/li>\n<li>Dimens\u00f5es: 22mm x 17mm x 4mm;<\/li>\n<li>Peso: 30 g.<\/li>\n<\/ul>\n","protected":false},"excerpt":{"rendered":"<p>Conversor De Tens\u00e3o Dc\/dc &#8211; Mp1584en &#8211; Step Down<\/p>\n","protected":false},"featured_media":1962,"template":"","meta":[],"product_brand":[],"product_cat":[627,185,194],"product_tag":[],"class_list":{"0":"post-1960","1":"product","2":"type-product","3":"status-publish","4":"has-post-thumbnail","6":"product_cat-conversores-de-tensao","7":"product_cat-fontes","8":"product_cat-reguladores-de-tensao","9":"product_shipping_class-loja","11":"entry","12":"has-media","14":"first","15":"outofstock","16":"purchasable","17":"product-type-simple","18":"has-product-nav","19":"col","20":"span_1_of_3","21":"owp-content-center","22":"owp-thumbs-layout-horizontal","23":"owp-btn-normal","24":"owp-tabs-layout-horizontal"},"_links":{"self":[{"href":"https:\/\/arduxop.com.br\/loja\/wp-json\/wp\/v2\/product\/1960","targetHints":{"allow":["GET"]}}],"collection":[{"href":"https:\/\/arduxop.com.br\/loja\/wp-json\/wp\/v2\/product"}],"about":[{"href":"https:\/\/arduxop.com.br\/loja\/wp-json\/wp\/v2\/types\/product"}],"wp:featuredmedia":[{"embeddable":true,"href":"https:\/\/arduxop.com.br\/loja\/wp-json\/wp\/v2\/media\/1962"}],"wp:attachment":[{"href":"https:\/\/arduxop.com.br\/loja\/wp-json\/wp\/v2\/media?parent=1960"}],"wp:term":[{"taxonomy":"product_brand","embeddable":true,"href":"https:\/\/arduxop.com.br\/loja\/wp-json\/wp\/v2\/product_brand?post=1960"},{"taxonomy":"product_cat","embeddable":true,"href":"https:\/\/arduxop.com.br\/loja\/wp-json\/wp\/v2\/product_cat?post=1960"},{"taxonomy":"product_tag","embeddable":true,"href":"https:\/\/arduxop.com.br\/loja\/wp-json\/wp\/v2\/product_tag?post=1960"}],"curies":[{"name":"wp","href":"https:\/\/api.w.org\/{rel}","templated":true}]}}