{"id":1907,"date":"2018-01-16T11:28:34","date_gmt":"2018-01-16T13:28:34","guid":{"rendered":"https:\/\/arduxop.com.br\/loja\/produto\/conversor-dc-dc-dc-dc-step-down-lm2596\/"},"modified":"2025-07-03T14:54:32","modified_gmt":"2025-07-03T18:54:32","slug":"conversor-dc-dc-dc-dc-step-down-lm2596","status":"publish","type":"product","link":"https:\/\/arduxop.com.br\/loja\/produto\/conversor-dc-dc-dc-dc-step-down-lm2596\/","title":{"rendered":"Conversor Dc-dc Dc\/dc Step Down Lm2596"},"content":{"rendered":"<p>O m\u00f3dulo regular de tens\u00e3o LM2596 trabalha como um conversor DC DC no modo\u00a0Step Down, sendo capaz de reduzir uma carga de at\u00e9 3A com \u00f3tima efici\u00eancia. A tens\u00e3o de sa\u00edda pode ser ajustada entre 1,5 a\u00a035v, tendo como entrada 3,2 a\u00a040v.<\/p>\n<p>Possui uma velocidade de comuta\u00e7\u00e3o de 150KHz e pode ser aplicado em circuitos onde a sa\u00edda de um sensor \u00e9 superior a 5v, tens\u00e3o de entrada m\u00e1xima em um Arduino ou PIC.<\/p>\n<p><strong>Especifica\u00e7\u00f5es:<\/strong><br \/>\n&#8211; Tens\u00e3o de entrada: 3,2-40v<br \/>\n&#8211; Tens\u00e3o de sa\u00edda: 1,5-35v (ajust\u00e1vel, entrada deve ser 1,5v maior que a sa\u00edda)<br \/>\n&#8211; Corrente de sa\u00edda: 2A corrente nominal, 3A m\u00e1xima (\u00e9 recomendado adicionar dissipador de calor se pot\u00eancia maior que 15W)<br \/>\n&#8211; Efici\u00eancia de convers\u00e3o: at\u00e9 92% (quanto maiot a tens\u00e3o de sa\u00edda, maior a efici\u00eancia)<br \/>\n&#8211; Tens\u00e3o suspensa m\u00ednima: 1,5v<br \/>\n&#8211; Velocidade de comuta\u00e7\u00e3o: at\u00e9 150KHz<br \/>\n&#8211; Velocidade de resposta din\u00e2mica: 5% 200US.<br \/>\n&#8211; Circuito de prote\u00e7\u00e3o: SS36<br \/>\n&#8211; Temperatura de opera\u00e7\u00e3o: classe industrial (-40 \u00bf a 85 \u00bf) (pot\u00eancia de sa\u00edda de 10W ou menos)<br \/>\n&#8211; Regula\u00e7\u00e3o de carga: \u00b1 0,5%<br \/>\n&#8211; Dimens\u00f5es: 50x23mm<\/p>\n","protected":false},"excerpt":{"rendered":"<p>O m\u00f3dulo regular de tens\u00e3o LM2596 trabalha como um conversor DC DC no modo\u00a0Step Down, sendo capaz de reduzir uma carga de at\u00e9 3A com \u00f3tima efici\u00eancia. A tens\u00e3o de sa\u00edda pode ser ajustada entre 1,5 a\u00a035v, tendo como entrada 3,2 a\u00a040v. Possui uma velocidade de comuta\u00e7\u00e3o de 150KHz e pode ser aplicado em circuitos [&hellip;]<\/p>\n","protected":false},"featured_media":1908,"template":"","meta":[],"product_brand":[],"product_cat":[627,185,50,194],"product_tag":[],"class_list":{"0":"post-1907","1":"product","2":"type-product","3":"status-publish","4":"has-post-thumbnail","6":"product_cat-conversores-de-tensao","7":"product_cat-fontes","8":"product_cat-modulos","9":"product_cat-reguladores-de-tensao","11":"entry","12":"has-media","14":"first","15":"instock","16":"purchasable","17":"product-type-simple","18":"has-product-nav","19":"col","20":"span_1_of_3","21":"owp-content-center","22":"owp-thumbs-layout-horizontal","23":"owp-btn-normal","24":"owp-tabs-layout-horizontal"},"_links":{"self":[{"href":"https:\/\/arduxop.com.br\/loja\/wp-json\/wp\/v2\/product\/1907","targetHints":{"allow":["GET"]}}],"collection":[{"href":"https:\/\/arduxop.com.br\/loja\/wp-json\/wp\/v2\/product"}],"about":[{"href":"https:\/\/arduxop.com.br\/loja\/wp-json\/wp\/v2\/types\/product"}],"wp:featuredmedia":[{"embeddable":true,"href":"https:\/\/arduxop.com.br\/loja\/wp-json\/wp\/v2\/media\/1908"}],"wp:attachment":[{"href":"https:\/\/arduxop.com.br\/loja\/wp-json\/wp\/v2\/media?parent=1907"}],"wp:term":[{"taxonomy":"product_brand","embeddable":true,"href":"https:\/\/arduxop.com.br\/loja\/wp-json\/wp\/v2\/product_brand?post=1907"},{"taxonomy":"product_cat","embeddable":true,"href":"https:\/\/arduxop.com.br\/loja\/wp-json\/wp\/v2\/product_cat?post=1907"},{"taxonomy":"product_tag","embeddable":true,"href":"https:\/\/arduxop.com.br\/loja\/wp-json\/wp\/v2\/product_tag?post=1907"}],"curies":[{"name":"wp","href":"https:\/\/api.w.org\/{rel}","templated":true}]}}