{"id":19030,"date":"2026-04-08T11:59:01","date_gmt":"2026-04-08T15:59:01","guid":{"rendered":"https:\/\/arduxop.com.br\/loja\/?post_type=product&#038;p=19030"},"modified":"2026-04-08T11:59:38","modified_gmt":"2026-04-08T15:59:38","slug":"modulo-pwm-dc-regulador-de-corrente-20a-controlador-de-velocidade","status":"publish","type":"product","link":"https:\/\/arduxop.com.br\/loja\/produto\/modulo-pwm-dc-regulador-de-corrente-20a-controlador-de-velocidade\/","title":{"rendered":"M\u00f3dulo PWM DC Regulador De Corrente 20A Controlador De Velocidade"},"content":{"rendered":"<p>Interruptor controlador de velocidade do motor PWM Electronic Governor High Power Drive Module DC10-60V 20A.<\/p>\n<p><span id=\"tl_2\"><strong>Tens\u00e3o de entrada:<\/strong> DC10-60V<\/span><\/p>\n<p><span id=\"tl_3\"><strong>Tens\u00e3o de sa\u00edda:<\/strong> Linear sob carga<\/span><\/p>\n<p><span id=\"tl_4\"><strong>Corrente de Sa\u00edda:<\/strong> 0-20A<\/span><\/p>\n<p><span id=\"tl_5\"><strong>Frequ\u00eancia:<\/strong> 25KHz<\/span><\/p>\n<p><span id=\"tl_6\"><strong>Pot\u00eancia cont\u00ednua:<\/strong> M\u00e1x. 1200W<\/span><\/p>\n<p><span id=\"tl_7\"><strong>Faixa de velocidade:<\/strong> velocidade zero do motor at\u00e9 velocidade m\u00e1xima do motor<\/span><\/p>\n<p><span id=\"tl_8\">Corrente m\u00e1xima de at\u00e9 20A. Radiador ou dissipador de calor necess\u00e1rio para aumentar a ventila\u00e7\u00e3o.<\/span><\/p>\n<p><span id=\"tl_9\"><strong>Material:<\/strong> Pl\u00e1stico, metal<\/span><\/p>\n<p><span id=\"tl_10\"><strong>Tamanho:<\/strong> Conforme a imagem<\/span><\/p>\n<p><span id=\"tl_11\"><strong>Furo de instala\u00e7\u00e3o do potenci\u00f4metro:<\/strong> 7MM<\/span><\/p>\n<p><span id=\"tl_12\"><strong>Tipo de fia\u00e7\u00e3o:<\/strong> Bloco de terminais tipo cerca;<\/span><\/p>\n<p><strong>Caracter\u00edstica<\/strong>: Ampla faixa de tens\u00e3o: A tens\u00e3o de entrada do controlador de velocidade do motor \u00e9 DC10-60V, adequada para 12V 24V 36V 48V e outras tens\u00f5es comuns. M\u00e9todo de controle PWM: O m\u00f3dulo de acionamento de alta pot\u00eancia de 1200W usa o m\u00e9todo PWM para controlar a velocidade do motor DC. Para motor escovado DC: A corrente limite de sa\u00edda de o controlador de velocidade do motor \u00e9 20A, adequado para motores escovados DC. Com potenci\u00f4metro: equipado com um potenci\u00f4metro, e o m\u00f3dulo tem abertura de montagem padr\u00e3o , que \u00e9 seguro e conveniente de operar. Fia\u00e7\u00e3o conveniente: \u00e9 adotado o tipo de terminal de barreira, que \u00e9 conveniente e r\u00e1pido para a fia\u00e7\u00e3o e n\u00e3o ocupa espa\u00e7o.<\/p>\n","protected":false},"excerpt":{"rendered":"<p>Interruptor controlador de velocidade do motor PWM Electronic Governor High Power Drive Module DC10-60V 20A. Tens\u00e3o de entrada: DC10-60V Tens\u00e3o de sa\u00edda: Linear sob carga Corrente de Sa\u00edda: 0-20A Frequ\u00eancia: 25KHz Pot\u00eancia cont\u00ednua: M\u00e1x. 1200W Faixa de velocidade: velocidade zero do motor at\u00e9 velocidade m\u00e1xima do motor Corrente m\u00e1xima de at\u00e9 20A. Radiador ou dissipador [&hellip;]<\/p>\n","protected":false},"featured_media":19033,"template":"","meta":[],"product_brand":[],"product_cat":[878,411,50,887,409],"product_tag":[],"class_list":{"0":"post-19030","1":"product","2":"type-product","3":"status-publish","4":"has-post-thumbnail","6":"product_cat-controlador","7":"product_cat-sem-categoria","8":"product_cat-modulos","9":"product_cat-pwm","10":"product_cat-robotica","12":"entry","13":"has-media","15":"first","16":"instock","17":"shipping-taxable","18":"purchasable","19":"product-type-simple","20":"has-product-nav","21":"col","22":"span_1_of_3","23":"owp-content-center","24":"owp-thumbs-layout-horizontal","25":"owp-btn-normal","26":"owp-tabs-layout-horizontal"},"_links":{"self":[{"href":"https:\/\/arduxop.com.br\/loja\/wp-json\/wp\/v2\/product\/19030","targetHints":{"allow":["GET"]}}],"collection":[{"href":"https:\/\/arduxop.com.br\/loja\/wp-json\/wp\/v2\/product"}],"about":[{"href":"https:\/\/arduxop.com.br\/loja\/wp-json\/wp\/v2\/types\/product"}],"wp:featuredmedia":[{"embeddable":true,"href":"https:\/\/arduxop.com.br\/loja\/wp-json\/wp\/v2\/media\/19033"}],"wp:attachment":[{"href":"https:\/\/arduxop.com.br\/loja\/wp-json\/wp\/v2\/media?parent=19030"}],"wp:term":[{"taxonomy":"product_brand","embeddable":true,"href":"https:\/\/arduxop.com.br\/loja\/wp-json\/wp\/v2\/product_brand?post=19030"},{"taxonomy":"product_cat","embeddable":true,"href":"https:\/\/arduxop.com.br\/loja\/wp-json\/wp\/v2\/product_cat?post=19030"},{"taxonomy":"product_tag","embeddable":true,"href":"https:\/\/arduxop.com.br\/loja\/wp-json\/wp\/v2\/product_tag?post=19030"}],"curies":[{"name":"wp","href":"https:\/\/api.w.org\/{rel}","templated":true}]}}