{"id":19011,"date":"2026-02-25T16:31:54","date_gmt":"2026-02-25T20:31:54","guid":{"rendered":"https:\/\/arduxop.com.br\/loja\/?post_type=product&#038;p=19011"},"modified":"2026-02-25T16:31:54","modified_gmt":"2026-02-25T20:31:54","slug":"kit-modulo-leitor-rfid-rc522-para-arduino","status":"publish","type":"product","link":"https:\/\/arduxop.com.br\/loja\/produto\/kit-modulo-leitor-rfid-rc522-para-arduino\/","title":{"rendered":"Kit M\u00f3dulo Leitor RFID-RC522 Para Arduino"},"content":{"rendered":"<p>Este m\u00f3dulo leitor RFID baseado no chip MFRC522 da empresa NXP \u00e9 altamente utilizado em comunica\u00e7\u00e3o sem contato a uma frequ\u00eancia de 13,56MHz. Este chip, de baixo consumo e pequeno tamanho, permite sem contato ler e escrever em cart\u00f5es que seguem o padr\u00e3o Mifare. Este leitor RFID possui as ferramentas que voc\u00ea precisa para um projeto de controle de acesso, sistemas de seguran\u00e7a e dentre outras aplica\u00e7\u00f5es. As tags (ou etiquetas) RFID, podem conter v\u00e1rios dados sobre o propriet\u00e1rio do cart\u00e3o, como nome e endere\u00e7o e, no caso de produtos, informa\u00e7\u00f5es sobre proced\u00eancia e data de validade, apenas para citar alguns exemplos.<\/p>\n<p>Especifica\u00e7\u00f5es:<\/p>\n<p>&#8211; Corrente de trabalho: 13-26mA \/ DC 3.3V<\/p>\n<p>&#8211; Corrente ociosa: 10-13mA \/ 3.3V<\/p>\n<p>&#8211; Corrente Slep: &lt;80ua -=&#8221;&#8221; pico=&#8221;&#8221; de=&#8221;&#8221; corrente:=&#8221;&#8221; 30ma=&#8221;&#8221; br=&#8221;&#8221;&gt;- Freq\u00fc\u00eancia de opera\u00e7\u00e3o: 13,56MHz<\/p>\n<p>&#8211; Tipos de cart\u00f5es suportados: Mifare1 S50, S70 Mifare1, Mifare UltraLight, Mifare Pro, Mifare Desfire<\/p>\n<p>&#8211; Temperatura de opera\u00e7\u00e3o: -20 a 80 graus Celsius<\/p>\n<p>&#8211; Temperatura ambiente:<\/p>\n<p>-40 a 85 graus Celsius<\/p>\n<p>&#8211; Umidade relativa: 5% &#8211; 95%<\/p>\n<p>&#8211; Par\u00e2metro de Interface SPI<\/p>\n<p>&#8211; Taxa de transfer\u00eancia: 10 Mbit\/s<\/p>\n<p>&#8211; Dimens\u00f5es: 8,5 x 5,5 x 1,0cm<\/p>\n<p>&#8211; Peso: 21g<\/p>\n","protected":false},"excerpt":{"rendered":"<p>Este m\u00f3dulo leitor RFID baseado no chip MFRC522 da empresa NXP \u00e9 altamente utilizado em comunica\u00e7\u00e3o sem contato a uma frequ\u00eancia de 13,56MHz. Este chip, de baixo consumo e pequeno tamanho, permite sem contato ler e escrever em cart\u00f5es que seguem o padr\u00e3o Mifare. Este leitor RFID possui as ferramentas que voc\u00ea precisa para um [&hellip;]<\/p>\n","protected":false},"featured_media":19012,"template":"","meta":[],"product_brand":[],"product_cat":[411,50],"product_tag":[],"class_list":{"0":"post-19011","1":"product","2":"type-product","3":"status-publish","4":"has-post-thumbnail","6":"product_cat-sem-categoria","7":"product_cat-modulos","9":"entry","10":"has-media","12":"first","13":"instock","14":"shipping-taxable","15":"purchasable","16":"product-type-simple","17":"has-product-nav","18":"col","19":"span_1_of_3","20":"owp-content-center","21":"owp-thumbs-layout-horizontal","22":"owp-btn-normal","23":"owp-tabs-layout-horizontal"},"_links":{"self":[{"href":"https:\/\/arduxop.com.br\/loja\/wp-json\/wp\/v2\/product\/19011","targetHints":{"allow":["GET"]}}],"collection":[{"href":"https:\/\/arduxop.com.br\/loja\/wp-json\/wp\/v2\/product"}],"about":[{"href":"https:\/\/arduxop.com.br\/loja\/wp-json\/wp\/v2\/types\/product"}],"wp:featuredmedia":[{"embeddable":true,"href":"https:\/\/arduxop.com.br\/loja\/wp-json\/wp\/v2\/media\/19012"}],"wp:attachment":[{"href":"https:\/\/arduxop.com.br\/loja\/wp-json\/wp\/v2\/media?parent=19011"}],"wp:term":[{"taxonomy":"product_brand","embeddable":true,"href":"https:\/\/arduxop.com.br\/loja\/wp-json\/wp\/v2\/product_brand?post=19011"},{"taxonomy":"product_cat","embeddable":true,"href":"https:\/\/arduxop.com.br\/loja\/wp-json\/wp\/v2\/product_cat?post=19011"},{"taxonomy":"product_tag","embeddable":true,"href":"https:\/\/arduxop.com.br\/loja\/wp-json\/wp\/v2\/product_tag?post=19011"}],"curies":[{"name":"wp","href":"https:\/\/api.w.org\/{rel}","templated":true}]}}