{"id":18973,"date":"2026-01-21T11:05:16","date_gmt":"2026-01-21T15:05:16","guid":{"rendered":"https:\/\/arduxop.com.br\/loja\/?post_type=product&#038;p=18973"},"modified":"2026-01-21T11:05:16","modified_gmt":"2026-01-21T15:05:16","slug":"modulo-mosfet-opto-acoplador-d4184-40v-50a-pwm","status":"publish","type":"product","link":"https:\/\/arduxop.com.br\/loja\/produto\/modulo-mosfet-opto-acoplador-d4184-40v-50a-pwm\/","title":{"rendered":"M\u00f3dulo Mosfet Opto acoplador D4184 40V 50A PWM"},"content":{"rendered":"<p>O M\u00f3dulo Mosfet Opto acoplador D4184 40V 50A \u00e9 um componente essencial para projetos que exigem controle preciso e eficiente de alta corrente e tens\u00e3o. Este m\u00f3dulo \u00e9 especialmente projetado para aplica\u00e7\u00f5es em que a isola\u00e7\u00e3o entre o controle e a carga \u00e9 cr\u00edtica, garantindo seguran\u00e7a e integridade do sistema.<\/p>\n<p>Equipado com o Mosfet D4184, o m\u00f3dulo pode lidar com correntes de at\u00e9 50A e tens\u00f5es de at\u00e9 40V, tornando-o ideal para uma ampla variedade de aplica\u00e7\u00f5es em automa\u00e7\u00e3o, controle de motores, ilumina\u00e7\u00e3o e sistemas de energia renov\u00e1vel.<\/p>\n<p>Uma das caracter\u00edsticas distintivas deste m\u00f3dulo \u00e9 o opto acoplador integrado, que proporciona isolamento galv\u00e2nico entre o circuito de controle e a carga. Isso evita interfer\u00eancias el\u00e9tricas e protege os componentes sens\u00edveis do sistema de controle contra surtos de corrente e picos de tens\u00e3o. O uso do opto acoplador tamb\u00e9m facilita a interface com micro controladores e outros dispositivos de baixa tens\u00e3o, garantindo uma opera\u00e7\u00e3o segura e eficiente.<\/p>\n<p>O M\u00f3dulo Mosfet Opto acoplador D4184 \u00e9 f\u00e1cil de integrar em projetos existentes, gra\u00e7as ao seu design compacto e a simplicidade de conex\u00e3o. Os terminais de entrada e sa\u00edda s\u00e3o claramente marcados, facilitando a instala\u00e7\u00e3o e minimizando erros de conex\u00e3o. A placa do m\u00f3dulo \u00e9 fabricada com materiais de alta qualidade, garantindo durabilidade e desempenho confi\u00e1vel mesmo em condi\u00e7\u00f5es adversas.<\/p>\n<p><strong>M\u00f3dulo Mosfet Opto acoplador D4184 40V 50A \u2013 Especifica\u00e7\u00f5es:\u00a0<\/strong><br \/>\n&#8211; Tipo de Mosfet: Canal N<br \/>\n&#8211; Modelo: D4184<br \/>\n&#8211; Dimens\u00e3o: 23 x 16mm;<br \/>\n&#8211; Tens\u00e3o necess\u00e1ria no PWM: 5v<br \/>\n&#8211; Tens\u00e3o Dreno-Source do Mosfet: 40V<br \/>\n&#8211; Tens\u00e3o Gate-Source do Mosfet: \u00b120V<br \/>\n&#8211; Corrente do Dreno \u00e0 25 \u00baC constante no case: 50\u00aa<br \/>\n&#8211; Corrente do Dreno \u00e0 100 \u00baC constante no case: 40\u00aa<br \/>\n&#8211; Controle: Entrada de controle compat\u00edvel com sinais de baixa tens\u00e3o;<br \/>\n&#8211; Temperatura de opera\u00e7\u00e3o: -55 a 175\u00b0C<br \/>\n&#8211; Isolamento: Opto acoplador integrado para isolamento el\u00e9trico.<\/p>\n","protected":false},"excerpt":{"rendered":"<p>O M\u00f3dulo Mosfet Opto acoplador D4184 40V 50A \u00e9 um componente essencial para projetos que exigem controle preciso e eficiente de alta corrente e tens\u00e3o. Este m\u00f3dulo \u00e9 especialmente projetado para aplica\u00e7\u00f5es em que a isola\u00e7\u00e3o entre o controle e a carga \u00e9 cr\u00edtica, garantindo seguran\u00e7a e integridade do sistema. Equipado com o Mosfet D4184, [&hellip;]<\/p>\n","protected":false},"featured_media":18974,"template":"","meta":[],"product_brand":[],"product_cat":[411,50,887,409],"product_tag":[],"class_list":{"0":"post-18973","1":"product","2":"type-product","3":"status-publish","4":"has-post-thumbnail","6":"product_cat-sem-categoria","7":"product_cat-modulos","8":"product_cat-pwm","9":"product_cat-robotica","11":"entry","12":"has-media","14":"first","15":"instock","16":"shipping-taxable","17":"purchasable","18":"product-type-simple","19":"has-product-nav","20":"col","21":"span_1_of_3","22":"owp-content-center","23":"owp-thumbs-layout-horizontal","24":"owp-btn-normal","25":"owp-tabs-layout-horizontal"},"_links":{"self":[{"href":"https:\/\/arduxop.com.br\/loja\/wp-json\/wp\/v2\/product\/18973","targetHints":{"allow":["GET"]}}],"collection":[{"href":"https:\/\/arduxop.com.br\/loja\/wp-json\/wp\/v2\/product"}],"about":[{"href":"https:\/\/arduxop.com.br\/loja\/wp-json\/wp\/v2\/types\/product"}],"wp:featuredmedia":[{"embeddable":true,"href":"https:\/\/arduxop.com.br\/loja\/wp-json\/wp\/v2\/media\/18974"}],"wp:attachment":[{"href":"https:\/\/arduxop.com.br\/loja\/wp-json\/wp\/v2\/media?parent=18973"}],"wp:term":[{"taxonomy":"product_brand","embeddable":true,"href":"https:\/\/arduxop.com.br\/loja\/wp-json\/wp\/v2\/product_brand?post=18973"},{"taxonomy":"product_cat","embeddable":true,"href":"https:\/\/arduxop.com.br\/loja\/wp-json\/wp\/v2\/product_cat?post=18973"},{"taxonomy":"product_tag","embeddable":true,"href":"https:\/\/arduxop.com.br\/loja\/wp-json\/wp\/v2\/product_tag?post=18973"}],"curies":[{"name":"wp","href":"https:\/\/api.w.org\/{rel}","templated":true}]}}