{"id":1897,"date":"2018-01-16T11:28:34","date_gmt":"2018-01-16T13:28:34","guid":{"rendered":"https:\/\/arduxop.com.br\/loja\/produto\/modulo-real-time-clock-rtc-realtime-ds3231-bateria\/"},"modified":"2024-07-25T07:56:41","modified_gmt":"2024-07-25T11:56:41","slug":"modulo-real-time-clock-rtc-realtime-ds3231-bateria","status":"publish","type":"product","link":"https:\/\/arduxop.com.br\/loja\/produto\/modulo-real-time-clock-rtc-realtime-ds3231-bateria\/","title":{"rendered":"Real Time Clock Ds3231"},"content":{"rendered":"<p>Este m\u00f3dulo \u00e9 desenvolvido com base no CI DS3231, que trabalha como um rel\u00f3gio em tempo real de alta precis\u00e3o, sendo capaz de fornecer informa\u00e7\u00f5es de tempo\/data para um controlador secund\u00e1rio, atrav\u00e9s de comunica\u00e7\u00e3o I2C.<\/p>\n<p>Especifica\u00e7\u00f5es:<\/p>\n<p>Tens\u00e3o de opera\u00e7\u00e3o: 3,3V &#8211; 5V<\/p>\n<p>Corrente de consumo: &lt; 500uA Comunica\u00e7\u00e3o: I2C &#8211; 5V &#8211; 400KHz<\/p>\n<p>Mem\u00f3ria EEPROM: AT24C32 &#8211; 32K<\/p>\n<p>Precis\u00e3o: 2ppm, menos de 2 minutos ao ano<\/p>\n<p>Formato: 12 AM\/PM ou 24H<\/p>\n<p>Dimens\u00f5es: 38 x 22 x 14mm Peso: 9 g<\/p>\n","protected":false},"excerpt":{"rendered":"<p>M\u00f3dulo Real Time Clock Rtc Realtime Ds3231 + Bateria<\/p>\n","protected":false},"featured_media":1903,"template":"","meta":[],"product_brand":[],"product_cat":[50],"product_tag":[400],"class_list":{"0":"post-1897","1":"product","2":"type-product","3":"status-publish","4":"has-post-thumbnail","6":"product_cat-modulos","7":"product_tag-rtc","9":"entry","10":"has-media","12":"first","13":"outofstock","14":"purchasable","15":"product-type-simple","16":"has-product-nav","17":"col","18":"span_1_of_3","19":"owp-content-center","20":"owp-thumbs-layout-horizontal","21":"owp-btn-normal","22":"owp-tabs-layout-horizontal"},"_links":{"self":[{"href":"https:\/\/arduxop.com.br\/loja\/wp-json\/wp\/v2\/product\/1897","targetHints":{"allow":["GET"]}}],"collection":[{"href":"https:\/\/arduxop.com.br\/loja\/wp-json\/wp\/v2\/product"}],"about":[{"href":"https:\/\/arduxop.com.br\/loja\/wp-json\/wp\/v2\/types\/product"}],"wp:featuredmedia":[{"embeddable":true,"href":"https:\/\/arduxop.com.br\/loja\/wp-json\/wp\/v2\/media\/1903"}],"wp:attachment":[{"href":"https:\/\/arduxop.com.br\/loja\/wp-json\/wp\/v2\/media?parent=1897"}],"wp:term":[{"taxonomy":"product_brand","embeddable":true,"href":"https:\/\/arduxop.com.br\/loja\/wp-json\/wp\/v2\/product_brand?post=1897"},{"taxonomy":"product_cat","embeddable":true,"href":"https:\/\/arduxop.com.br\/loja\/wp-json\/wp\/v2\/product_cat?post=1897"},{"taxonomy":"product_tag","embeddable":true,"href":"https:\/\/arduxop.com.br\/loja\/wp-json\/wp\/v2\/product_tag?post=1897"}],"curies":[{"name":"wp","href":"https:\/\/api.w.org\/{rel}","templated":true}]}}