{"id":18934,"date":"2025-11-19T13:27:53","date_gmt":"2025-11-19T17:27:53","guid":{"rendered":"https:\/\/arduxop.com.br\/loja\/?post_type=product&#038;p=18934"},"modified":"2025-11-19T13:27:53","modified_gmt":"2025-11-19T17:27:53","slug":"regulador-tensao-ajustavel-mt3608-step-up","status":"publish","type":"product","link":"https:\/\/arduxop.com.br\/loja\/produto\/regulador-tensao-ajustavel-mt3608-step-up\/","title":{"rendered":"Regulador Tens\u00e3o Ajust\u00e1vel MT3608 Step Up"},"content":{"rendered":"<p><strong><span id=\"tl_2\">Caracter\u00edsticas:<\/span><\/strong><\/p>\n<p><span id=\"tl_3\">\u2022 A corrente m\u00e1xima de sa\u00edda: 2A; A tens\u00e3o de entrada: 2V ~ 24V<\/span><\/p>\n<p><span id=\"tl_4\">\u2022 A tens\u00e3o m\u00e1xima de sa\u00edda: 28V; Efici\u00eancia: &gt;93%.<\/span><\/p>\n<p><span id=\"tl_5\">\u2022 M\u00e9todo de uso: O m\u00f3dulo IN+ e &#8211; ap\u00f3s 2~24V, IN ajustando o potenci\u00f4metro pode ajustar a tens\u00e3o de sa\u00edda, a tens\u00e3o de sa\u00edda \u00e9 maior que a tens\u00e3o de entrada.<\/span><\/p>\n<p><span id=\"tl_6\">\u2022 Nota:1) A tens\u00e3o de entrada n\u00e3o deve exceder a tens\u00e3o m\u00e1xima de entrada; 2) A corrente de sa\u00edda de corrente de pico n\u00e3o excede 2A.<\/span><\/p>\n<p><strong><span id=\"tl_7\">Especifica\u00e7\u00f5es<\/span><\/strong><\/p>\n<p><span id=\"tl_8\">Corrente m\u00e1xima de sa\u00edda: 2A<\/span><\/p>\n<p><span id=\"tl_9\">Tens\u00e3o de entrada: 2V-24V<\/span><\/p>\n<p><span id=\"tl_10\">Tens\u00e3o m\u00e1xima de sa\u00edda: 28V<\/span><\/p>\n<p><span id=\"tl_11\">Efici\u00eancia: &gt;93%<\/span><\/p>\n<p><strong><span id=\"tl_12\">M\u00e9todo de uso:<\/span><\/strong><\/p>\n<p><span id=\"tl_13\">O m\u00f3dulo IN+ e &#8211; ap\u00f3s 2 ~ 24v, IN ajustando o potenci\u00f4metro pode ajustar a tens\u00e3o de sa\u00edda, a tens\u00e3o de sa\u00edda \u00e9 maior que a tens\u00e3o de entrada.<\/span><\/p>\n<p><strong><span id=\"tl_14\">Nota:<\/span><\/strong><\/p>\n<p><span id=\"tl_15\">1).A tens\u00e3o de entrada n\u00e3o deve exceder a tens\u00e3o m\u00e1xima de entrada.<\/span><\/p>\n<p><span id=\"tl_16\">2).A corrente de sa\u00edda de corrente de pico n\u00e3o excede 2A.<\/span><\/p>\n<p><span id=\"tl_17\">3).Quando o m\u00f3dulo para ajustar a tens\u00e3o de sa\u00edda nem sempre corresponder \u00e0 tens\u00e3o de entrada, coloque o potenci\u00f4metro no sentido anti-hor\u00e1rio por mais de 20 voltas e, em seguida, use o m\u00f3dulo pode ser normal para ajustar a tens\u00e3o. M\u00e9todo de regula\u00e7\u00e3o: potenci\u00f4metro na parte frontal do peito, amplificador de rel\u00f3gio reverso!<\/span><\/p>\n","protected":false},"excerpt":{"rendered":"<p>Caracter\u00edsticas: \u2022 A corrente m\u00e1xima de sa\u00edda: 2A; A tens\u00e3o de entrada: 2V ~ 24V \u2022 A tens\u00e3o m\u00e1xima de sa\u00edda: 28V; Efici\u00eancia: &gt;93%. \u2022 M\u00e9todo de uso: O m\u00f3dulo IN+ e &#8211; ap\u00f3s 2~24V, IN ajustando o potenci\u00f4metro pode ajustar a tens\u00e3o de sa\u00edda, a tens\u00e3o de sa\u00edda \u00e9 maior que a tens\u00e3o de [&hellip;]<\/p>\n","protected":false},"featured_media":18935,"template":"","meta":[],"product_brand":[],"product_cat":[411,50,194,882],"product_tag":[],"class_list":{"0":"post-18934","1":"product","2":"type-product","3":"status-publish","4":"has-post-thumbnail","6":"product_cat-sem-categoria","7":"product_cat-modulos","8":"product_cat-reguladores-de-tensao","9":"product_cat-step-up","11":"entry","12":"has-media","14":"first","15":"instock","16":"shipping-taxable","17":"purchasable","18":"product-type-simple","19":"has-product-nav","20":"col","21":"span_1_of_3","22":"owp-content-center","23":"owp-thumbs-layout-horizontal","24":"owp-btn-normal","25":"owp-tabs-layout-horizontal"},"_links":{"self":[{"href":"https:\/\/arduxop.com.br\/loja\/wp-json\/wp\/v2\/product\/18934","targetHints":{"allow":["GET"]}}],"collection":[{"href":"https:\/\/arduxop.com.br\/loja\/wp-json\/wp\/v2\/product"}],"about":[{"href":"https:\/\/arduxop.com.br\/loja\/wp-json\/wp\/v2\/types\/product"}],"wp:featuredmedia":[{"embeddable":true,"href":"https:\/\/arduxop.com.br\/loja\/wp-json\/wp\/v2\/media\/18935"}],"wp:attachment":[{"href":"https:\/\/arduxop.com.br\/loja\/wp-json\/wp\/v2\/media?parent=18934"}],"wp:term":[{"taxonomy":"product_brand","embeddable":true,"href":"https:\/\/arduxop.com.br\/loja\/wp-json\/wp\/v2\/product_brand?post=18934"},{"taxonomy":"product_cat","embeddable":true,"href":"https:\/\/arduxop.com.br\/loja\/wp-json\/wp\/v2\/product_cat?post=18934"},{"taxonomy":"product_tag","embeddable":true,"href":"https:\/\/arduxop.com.br\/loja\/wp-json\/wp\/v2\/product_tag?post=18934"}],"curies":[{"name":"wp","href":"https:\/\/api.w.org\/{rel}","templated":true}]}}