{"id":1893,"date":"2018-01-16T10:28:34","date_gmt":"2018-01-16T13:28:34","guid":{"rendered":"https:\/\/arduxop.com.br\/loja\/produto\/mini-bomba-agua-submersa\/"},"modified":"2024-07-25T07:58:54","modified_gmt":"2024-07-25T11:58:54","slug":"mini-bomba-agua-submersa","status":"publish","type":"product","link":"https:\/\/arduxop.com.br\/loja\/produto\/mini-bomba-agua-submersa\/","title":{"rendered":"Mini Bomba \u00c1gua Submersa"},"content":{"rendered":"<ul>\n<li>Mini Bomba de \u00c1gua Ardu\u00edno RS385\u00a0foi criada especialmente para o desenvolvimento de projetos de prototipagem, inclu\u00eddo automa\u00e7\u00e3o residencial (dom\u00e9stica) e prot\u00f3tipos rob\u00f3ticos baseados em plataformas microcontroladoras, entre elas, Arduino e raspberry pi.<\/li>\n<\/ul>\n<h2>Bomba de \u00c1gua Arduino:<\/h2>\n<ul>\n<li>Por ter um tamanho reduzido e baixo peso a\u00a0Mini Bomba \u00a0pode ser aplicada na grande maioria dos projetos, operando com tens\u00e3o recomendada entre 9V a 15V, permitindo eleva\u00e7\u00e3o m\u00e1xima de at\u00e9 3 metros e altura de aspira\u00e7\u00e3o de at\u00e9 2 metros.<\/li>\n<li>Se voc\u00ea precisa complementar seu projeto com um produto inovador e eficiente pode ter certeza que a\u00a0\u00a0RS385\u00a0vai satisfazer a sua necessidade. \u00c9 importante destacar que a Mini Bomba n\u00e3o pode\u00a0ser submersa na \u00e1gua, n\u00e3o deve absorver impurezas sob o risco de danificar os componentes, al\u00e9m do que n\u00e3o deve ser acionada sem a utiliza\u00e7\u00e3o de \u00e1gua no sistema.<\/li>\n<\/ul>\n<h3>Caracter\u00edsticas:<\/h3>\n<ul>\n<li>Bomba Tamanho: 90 mm * 40 mm * 35 mm<\/li>\n<li>Peso: 106 g<\/li>\n<li>Tens\u00e3o de funcionamento: DC12V<\/li>\n<li>Corrente de trabalho: 0,5-0.7A<\/li>\n<li>Corrente de carga vazio: 0.18A<\/li>\n<li>Max suc\u00e7\u00e3o: 2 m<\/li>\n<li>Di\u00e2metro de sa\u00edda: di\u00e2metro 6 mm, um di\u00e2metro exterior de 9 mm<\/li>\n<li>Vaz\u00e3o: 1,5-2L\/min (aprox), a suc\u00e7\u00e3o m\u00e1xima: 2metros<\/li>\n<li>Press\u00e3o em Kgf\/cm\u00b2: 3,05916 Kgf\/cm\u00b2<\/li>\n<li>Press\u00e3o em PSi: 43,51 PSi<\/li>\n<li>Lift: vertical at\u00e9 3metros<\/li>\n<li>A vida: at\u00e9 2500 H, temperatura da \u00e1gua: at\u00e9 80graus<\/li>\n<li>Quando a tens\u00e3o 6 V: poder \u00e9 6 W\/h, 6-12v .. 5 W-10 W<\/li>\n<\/ul>\n<h3>Acompanha:<\/h3>\n<p>1 x\u00a0Mini Bomba de \u00c1gua 12V &#8211; RS-385<\/p>\n","protected":false},"excerpt":{"rendered":"<p><br data-mce-bogus=\"1\"><\/p>\n","protected":false},"featured_media":1894,"template":"","meta":[],"product_brand":[],"product_cat":[45,51],"product_tag":[],"class_list":{"0":"post-1893","1":"product","2":"type-product","3":"status-publish","4":"has-post-thumbnail","6":"product_cat-componentes","7":"product_cat-motores","9":"entry","10":"has-media","12":"first","13":"outofstock","14":"purchasable","15":"product-type-simple","16":"has-product-nav","17":"col","18":"span_1_of_3","19":"owp-content-center","20":"owp-thumbs-layout-horizontal","21":"owp-btn-normal","22":"owp-tabs-layout-horizontal"},"_links":{"self":[{"href":"https:\/\/arduxop.com.br\/loja\/wp-json\/wp\/v2\/product\/1893","targetHints":{"allow":["GET"]}}],"collection":[{"href":"https:\/\/arduxop.com.br\/loja\/wp-json\/wp\/v2\/product"}],"about":[{"href":"https:\/\/arduxop.com.br\/loja\/wp-json\/wp\/v2\/types\/product"}],"wp:featuredmedia":[{"embeddable":true,"href":"https:\/\/arduxop.com.br\/loja\/wp-json\/wp\/v2\/media\/1894"}],"wp:attachment":[{"href":"https:\/\/arduxop.com.br\/loja\/wp-json\/wp\/v2\/media?parent=1893"}],"wp:term":[{"taxonomy":"product_brand","embeddable":true,"href":"https:\/\/arduxop.com.br\/loja\/wp-json\/wp\/v2\/product_brand?post=1893"},{"taxonomy":"product_cat","embeddable":true,"href":"https:\/\/arduxop.com.br\/loja\/wp-json\/wp\/v2\/product_cat?post=1893"},{"taxonomy":"product_tag","embeddable":true,"href":"https:\/\/arduxop.com.br\/loja\/wp-json\/wp\/v2\/product_tag?post=1893"}],"curies":[{"name":"wp","href":"https:\/\/api.w.org\/{rel}","templated":true}]}}