{"id":18913,"date":"2025-11-10T11:19:56","date_gmt":"2025-11-10T15:19:56","guid":{"rendered":"https:\/\/arduxop.com.br\/loja\/?post_type=product&#038;p=18913"},"modified":"2025-11-10T11:19:57","modified_gmt":"2025-11-10T15:19:57","slug":"diodo-led-f5-chapeu-super-brilhante-5mm","status":"publish","type":"product","link":"https:\/\/arduxop.com.br\/loja\/produto\/diodo-led-f5-chapeu-super-brilhante-5mm\/","title":{"rendered":"Diodo LED F5 chap\u00e9u super brilhante 5mm"},"content":{"rendered":"<p><strong>TAMANHO:<\/strong>5MM<\/p>\n<p><strong>Cor: <\/strong>azul\/verde\/vermelho\/branco\/amarelo<\/p>\n<p><strong>NOME: <\/strong>Diodo LED para chap\u00e9u de palha<\/p>\n<p>Amplamente utilizado em todos os tipos de eletrodom\u00e9sticos, todos os tipos de produtos eletr\u00f4nicos, todos os tipos de ilumina\u00e7\u00e3o, produtos digitais, comunica\u00e7\u00f5es eletr\u00f4nicas, projetos de ilumina\u00e7\u00e3o urbana de indica\u00e7\u00e3o de tr\u00e1fego e outros campos relacionados.<\/p>\n","protected":false},"excerpt":{"rendered":"<p>TAMANHO:5MM Cor: azul\/verde\/vermelho\/branco\/amarelo NOME: Diodo LED para chap\u00e9u de palha Amplamente utilizado em todos os tipos de eletrodom\u00e9sticos, todos os tipos de produtos eletr\u00f4nicos, todos os tipos de ilumina\u00e7\u00e3o, produtos digitais, comunica\u00e7\u00f5es eletr\u00f4nicas, projetos de ilumina\u00e7\u00e3o urbana de indica\u00e7\u00e3o de tr\u00e1fego e outros campos relacionados.<\/p>\n","protected":false},"featured_media":18914,"template":"","meta":[],"product_brand":[],"product_cat":[411,234,186],"product_tag":[],"class_list":{"0":"post-18913","1":"product","2":"type-product","3":"status-publish","4":"has-post-thumbnail","6":"product_cat-sem-categoria","7":"product_cat-led","8":"product_cat-leds","10":"entry","11":"has-media","13":"first","14":"instock","15":"shipping-taxable","16":"purchasable","17":"product-type-simple","18":"has-product-nav","19":"col","20":"span_1_of_3","21":"owp-content-center","22":"owp-thumbs-layout-horizontal","23":"owp-btn-normal","24":"owp-tabs-layout-horizontal"},"_links":{"self":[{"href":"https:\/\/arduxop.com.br\/loja\/wp-json\/wp\/v2\/product\/18913","targetHints":{"allow":["GET"]}}],"collection":[{"href":"https:\/\/arduxop.com.br\/loja\/wp-json\/wp\/v2\/product"}],"about":[{"href":"https:\/\/arduxop.com.br\/loja\/wp-json\/wp\/v2\/types\/product"}],"wp:featuredmedia":[{"embeddable":true,"href":"https:\/\/arduxop.com.br\/loja\/wp-json\/wp\/v2\/media\/18914"}],"wp:attachment":[{"href":"https:\/\/arduxop.com.br\/loja\/wp-json\/wp\/v2\/media?parent=18913"}],"wp:term":[{"taxonomy":"product_brand","embeddable":true,"href":"https:\/\/arduxop.com.br\/loja\/wp-json\/wp\/v2\/product_brand?post=18913"},{"taxonomy":"product_cat","embeddable":true,"href":"https:\/\/arduxop.com.br\/loja\/wp-json\/wp\/v2\/product_cat?post=18913"},{"taxonomy":"product_tag","embeddable":true,"href":"https:\/\/arduxop.com.br\/loja\/wp-json\/wp\/v2\/product_tag?post=18913"}],"curies":[{"name":"wp","href":"https:\/\/api.w.org\/{rel}","templated":true}]}}