{"id":18899,"date":"2025-10-16T16:24:43","date_gmt":"2025-10-16T20:24:43","guid":{"rendered":"https:\/\/arduxop.com.br\/loja\/?post_type=product&#038;p=18899"},"modified":"2025-10-16T16:24:43","modified_gmt":"2025-10-16T20:24:43","slug":"modulo-display-tm1638-7-segmentos-8-digitos-com-botoes","status":"publish","type":"product","link":"https:\/\/arduxop.com.br\/loja\/produto\/modulo-display-tm1638-7-segmentos-8-digitos-com-botoes\/","title":{"rendered":"M\u00f3dulo Display TM1638 7 Segmentos 8 D\u00edgitos Com Bot\u00f5es"},"content":{"rendered":"<p>O TM1638 \u00e9 um m\u00f3dulo de display de 7 segmentos com 8 d\u00edgitos que integra bot\u00f5es e LEDs, permitindo controle interativo e pr\u00e1tico para seus projetos. Ideal para rel\u00f3gios, contadores, pain\u00e9is informativos e aplica\u00e7\u00f5es que necessitam de entrada do usu\u00e1rio junto com exibi\u00e7\u00e3o visual.<\/p>\n<p>CARACTER\u00cdSTICAS PRINCIPAIS:<br \/>\n&#8211; Tens\u00e3o de funcionamento: 5V.<br \/>\n&#8211; Chip: TM1638<br \/>\n&#8211; Quantidade de d\u00edgitos: 8<br \/>\n&#8211; Quantidade de linhas: 1<br \/>\n&#8211; Comunica\u00e7\u00e3o: Interface serial<\/p>\n","protected":false},"excerpt":{"rendered":"<p>O TM1638 \u00e9 um m\u00f3dulo de display de 7 segmentos com 8 d\u00edgitos que integra bot\u00f5es e LEDs, permitindo controle interativo e pr\u00e1tico para seus projetos. Ideal para rel\u00f3gios, contadores, pain\u00e9is informativos e aplica\u00e7\u00f5es que necessitam de entrada do usu\u00e1rio junto com exibi\u00e7\u00e3o visual. CARACTER\u00cdSTICAS PRINCIPAIS: &#8211; Tens\u00e3o de funcionamento: 5V. &#8211; Chip: TM1638 &#8211; [&hellip;]<\/p>\n","protected":false},"featured_media":18900,"template":"","meta":[],"product_brand":[],"product_cat":[183,411,234,50],"product_tag":[],"class_list":{"0":"post-18899","1":"product","2":"type-product","3":"status-publish","4":"has-post-thumbnail","6":"product_cat-displays","7":"product_cat-sem-categoria","8":"product_cat-led","9":"product_cat-modulos","11":"entry","12":"has-media","14":"first","15":"instock","16":"shipping-taxable","17":"purchasable","18":"product-type-simple","19":"has-product-nav","20":"col","21":"span_1_of_3","22":"owp-content-center","23":"owp-thumbs-layout-horizontal","24":"owp-btn-normal","25":"owp-tabs-layout-horizontal"},"_links":{"self":[{"href":"https:\/\/arduxop.com.br\/loja\/wp-json\/wp\/v2\/product\/18899","targetHints":{"allow":["GET"]}}],"collection":[{"href":"https:\/\/arduxop.com.br\/loja\/wp-json\/wp\/v2\/product"}],"about":[{"href":"https:\/\/arduxop.com.br\/loja\/wp-json\/wp\/v2\/types\/product"}],"wp:featuredmedia":[{"embeddable":true,"href":"https:\/\/arduxop.com.br\/loja\/wp-json\/wp\/v2\/media\/18900"}],"wp:attachment":[{"href":"https:\/\/arduxop.com.br\/loja\/wp-json\/wp\/v2\/media?parent=18899"}],"wp:term":[{"taxonomy":"product_brand","embeddable":true,"href":"https:\/\/arduxop.com.br\/loja\/wp-json\/wp\/v2\/product_brand?post=18899"},{"taxonomy":"product_cat","embeddable":true,"href":"https:\/\/arduxop.com.br\/loja\/wp-json\/wp\/v2\/product_cat?post=18899"},{"taxonomy":"product_tag","embeddable":true,"href":"https:\/\/arduxop.com.br\/loja\/wp-json\/wp\/v2\/product_tag?post=18899"}],"curies":[{"name":"wp","href":"https:\/\/api.w.org\/{rel}","templated":true}]}}