{"id":18846,"date":"2025-08-27T15:00:04","date_gmt":"2025-08-27T19:00:04","guid":{"rendered":"https:\/\/arduxop.com.br\/loja\/?post_type=product&#038;p=18846"},"modified":"2025-08-27T15:00:04","modified_gmt":"2025-08-27T19:00:04","slug":"controlador-de-velocidade-de-motor-pwm-dc-12v-40v-10a-400w-13khz","status":"publish","type":"product","link":"https:\/\/arduxop.com.br\/loja\/produto\/controlador-de-velocidade-de-motor-pwm-dc-12v-40v-10a-400w-13khz\/","title":{"rendered":"Controlador de velocidade de motor PWM DC 12V &#8211; 40V 10A 400W 13KHz"},"content":{"rendered":"<p>O m\u00f3dulo PWM 10A \u00e9 um dispositivo que permite controlar a varia\u00e7\u00e3o de velocidade de 0 a 100% de motores DC entre outros dispositivos com tens\u00f5es entre 12 e 40v DC (Corrente cont\u00ednua).<\/p>\n<p><strong>Especifica\u00e7\u00f5es t\u00e9cnicas:<\/strong><\/p>\n<p>Tens\u00e3o de alimenta\u00e7\u00e3o: 12~40V DC<br \/>\nPot\u00eancia m\u00e1xima de sa\u00edda: 400 W<br \/>\nCorrente de sa\u00edda m\u00e1xima cont\u00ednua: 10A<br \/>\nCiclo de trabalho ajust\u00e1vel: 0% ~ 100%<br \/>\nFrequ\u00eancia PWM: 13 KHz<br \/>\nFus\u00edvel de prote\u00e7\u00e3o: 10A<br \/>\nKnob Rotativo Pl\u00e1stico<br \/>\nBorne com parafusos<br \/>\nDissipador de calor<br \/>\nMaterial: Termopl\u00e1stico \/ Metal \/ Placa de fenolite<br \/>\nOrigem: China<br \/>\nTamanho: 55mm Largura x 60mm Profundidade x 28mm Altura<br \/>\nPeso: 71,5g<\/p>\n","protected":false},"excerpt":{"rendered":"<p>O m\u00f3dulo PWM 10A \u00e9 um dispositivo que permite controlar a varia\u00e7\u00e3o de velocidade de 0 a 100% de motores DC entre outros dispositivos com tens\u00f5es entre 12 e 40v DC (Corrente cont\u00ednua). Especifica\u00e7\u00f5es t\u00e9cnicas: Tens\u00e3o de alimenta\u00e7\u00e3o: 12~40V DC Pot\u00eancia m\u00e1xima de sa\u00edda: 400 W Corrente de sa\u00edda m\u00e1xima cont\u00ednua: 10A Ciclo de trabalho [&hellip;]<\/p>\n","protected":false},"featured_media":18847,"template":"","meta":[],"product_brand":[],"product_cat":[878,50,879],"product_tag":[],"class_list":{"0":"post-18846","1":"product","2":"type-product","3":"status-publish","4":"has-post-thumbnail","6":"product_cat-controlador","7":"product_cat-modulos","8":"product_cat-velocidade","10":"entry","11":"has-media","13":"first","14":"instock","15":"shipping-taxable","16":"purchasable","17":"product-type-simple","18":"has-product-nav","19":"col","20":"span_1_of_3","21":"owp-content-center","22":"owp-thumbs-layout-horizontal","23":"owp-btn-normal","24":"owp-tabs-layout-horizontal"},"_links":{"self":[{"href":"https:\/\/arduxop.com.br\/loja\/wp-json\/wp\/v2\/product\/18846","targetHints":{"allow":["GET"]}}],"collection":[{"href":"https:\/\/arduxop.com.br\/loja\/wp-json\/wp\/v2\/product"}],"about":[{"href":"https:\/\/arduxop.com.br\/loja\/wp-json\/wp\/v2\/types\/product"}],"wp:featuredmedia":[{"embeddable":true,"href":"https:\/\/arduxop.com.br\/loja\/wp-json\/wp\/v2\/media\/18847"}],"wp:attachment":[{"href":"https:\/\/arduxop.com.br\/loja\/wp-json\/wp\/v2\/media?parent=18846"}],"wp:term":[{"taxonomy":"product_brand","embeddable":true,"href":"https:\/\/arduxop.com.br\/loja\/wp-json\/wp\/v2\/product_brand?post=18846"},{"taxonomy":"product_cat","embeddable":true,"href":"https:\/\/arduxop.com.br\/loja\/wp-json\/wp\/v2\/product_cat?post=18846"},{"taxonomy":"product_tag","embeddable":true,"href":"https:\/\/arduxop.com.br\/loja\/wp-json\/wp\/v2\/product_tag?post=18846"}],"curies":[{"name":"wp","href":"https:\/\/api.w.org\/{rel}","templated":true}]}}