{"id":18826,"date":"2025-08-15T10:00:54","date_gmt":"2025-08-15T14:00:54","guid":{"rendered":"https:\/\/arduxop.com.br\/loja\/?post_type=product&#038;p=18826"},"modified":"2025-08-15T10:00:55","modified_gmt":"2025-08-15T14:00:55","slug":"modulo-sensor-reconhecimento-de-cores-gy-31-tcs230","status":"publish","type":"product","link":"https:\/\/arduxop.com.br\/loja\/produto\/modulo-sensor-reconhecimento-de-cores-gy-31-tcs230\/","title":{"rendered":"M\u00f3dulo Sensor Reconhecimento De Cores Gy-31 Tcs230"},"content":{"rendered":"<p>O m\u00f3dulo sensor de cor TCS230 combina fotodiodos de sil\u00edcio configur\u00e1veis e um conversor de corrente para frequ\u00eancia em um \u00fanico circuito integrado CMOS monol\u00edtico. A sa\u00edda \u00e9 uma onda quadrada (ciclo de trabalho de 50%) com frequ\u00eancia diretamente proporcional \u00e0 intensidade da luz (irradi\u00e2ncia). A frequ\u00eancia de sa\u00edda em escala total pode ser escalonada por um dos tr\u00eas valores predefinidos por meio de dois pinos de entrada de controle. As entradas e sa\u00eddas digitais permitem interface direta com um micro controlador ou outro circuito l\u00f3gico. A habilita\u00e7\u00e3o de sa\u00edda (OE) coloca a sa\u00edda no estado de alta imped\u00e2ncia para compartilhamento de m\u00faltiplas unidades de uma linha de entrada do micro controlador.<br \/>\nO sensor l\u00ea uma matriz 8 x 8 de fotodiodos. Dezesseis fotodiodos possuem filtros azuis, 16 fotodiodos possuem filtros verdes, 16 fotodiodos possuem filtros vermelhos e 16 fotodiodos s\u00e3o transparentes sem filtros. Os quatro tipos (cores) de fotodiodos s\u00e3o Inter digitados para minimizar o efeito da n\u00e3o uniformidade da irradi\u00e2ncia incidente. Todos os 16 fotodiodos da mesma cor s\u00e3o conectados em paralelo e o tipo de fotodiodo que o dispositivo usa durante a opera\u00e7\u00e3o pode ser selecionado por pino. Os fotodiodos t\u00eam tamanho de 120&#215;120 \u00b5m e est\u00e3o posicionados em centros de 144 \u00b5m.<\/p>\n<p>Ele consiste em tr\u00eas princ\u00edpios de indu\u00e7\u00e3o de cores prim\u00e1rias, se voc\u00ea conhece a composi\u00e7\u00e3o de todos os tipos de valores de cores, voc\u00ea pode conhecer a cor do objeto de teste.<br \/>\nO TCS230 tem uma variedade de fotodetectores, cada um com um filtro vermelho, verde ou azul, ou sem filtro (claro). Os filtros de cada cor s\u00e3o distribu\u00eddos uniformemente por toda a matriz de modo a eliminar distor\u00e7\u00e3o. O dispositivo possui um oscilador que produz uma sa\u00edda de onda quadrada, cuja frequ\u00eancia \u00e9 proporcional \u00e0 intensidade da cor lida.<\/p>\n<p>Especifica\u00e7\u00f5es:<br \/>\n\u2022 Convers\u00e3o de alta resolu\u00e7\u00e3o de intensidade de luz em frequ\u00eancia;<br \/>\n\u2022 Cores program\u00e1veis e frequ\u00eancia de sa\u00edda em escala total;<br \/>\n\u2022 Comunica-se diretamente com um micro controlador;<br \/>\n\u2022 Opera\u00e7\u00e3o com alimenta\u00e7\u00e3o \u00fanica (2,7 V a 5,5 V);<br \/>\n\u2022 LED branco, voc\u00ea pode controlar a luz ligada e desligada;<br \/>\n\u2022 Erro de n\u00e3o linearidade normalmente 0,2% a 50 kHz;<br \/>\n\u2022 Coeficiente de temperatura est\u00e1vel de 200 ppm\/\u00b0C;<br \/>\n\u2022 Comunica diretamente com o micro controlador;<br \/>\n\u2022 Baixo consumo de pot\u00eancia;<br \/>\n\u2022 Dimens\u00f5es: 35x33x 25mm;<br \/>\n\u2022 Peso: 9g.<\/p>\n","protected":false},"excerpt":{"rendered":"<p>O m\u00f3dulo sensor de cor TCS230 combina fotodiodos de sil\u00edcio configur\u00e1veis e um conversor de corrente para frequ\u00eancia em um \u00fanico circuito integrado CMOS monol\u00edtico. A sa\u00edda \u00e9 uma onda quadrada (ciclo de trabalho de 50%) com frequ\u00eancia diretamente proporcional \u00e0 intensidade da luz (irradi\u00e2ncia). A frequ\u00eancia de sa\u00edda em escala total pode ser escalonada [&hellip;]<\/p>\n","protected":false},"featured_media":18827,"template":"","meta":[],"product_brand":[],"product_cat":[411,234,50,178],"product_tag":[],"class_list":{"0":"post-18826","1":"product","2":"type-product","3":"status-publish","4":"has-post-thumbnail","6":"product_cat-sem-categoria","7":"product_cat-led","8":"product_cat-modulos","9":"product_cat-sensores","11":"entry","12":"has-media","14":"first","15":"instock","16":"shipping-taxable","17":"purchasable","18":"product-type-simple","19":"has-product-nav","20":"col","21":"span_1_of_3","22":"owp-content-center","23":"owp-thumbs-layout-horizontal","24":"owp-btn-normal","25":"owp-tabs-layout-horizontal"},"_links":{"self":[{"href":"https:\/\/arduxop.com.br\/loja\/wp-json\/wp\/v2\/product\/18826","targetHints":{"allow":["GET"]}}],"collection":[{"href":"https:\/\/arduxop.com.br\/loja\/wp-json\/wp\/v2\/product"}],"about":[{"href":"https:\/\/arduxop.com.br\/loja\/wp-json\/wp\/v2\/types\/product"}],"wp:featuredmedia":[{"embeddable":true,"href":"https:\/\/arduxop.com.br\/loja\/wp-json\/wp\/v2\/media\/18827"}],"wp:attachment":[{"href":"https:\/\/arduxop.com.br\/loja\/wp-json\/wp\/v2\/media?parent=18826"}],"wp:term":[{"taxonomy":"product_brand","embeddable":true,"href":"https:\/\/arduxop.com.br\/loja\/wp-json\/wp\/v2\/product_brand?post=18826"},{"taxonomy":"product_cat","embeddable":true,"href":"https:\/\/arduxop.com.br\/loja\/wp-json\/wp\/v2\/product_cat?post=18826"},{"taxonomy":"product_tag","embeddable":true,"href":"https:\/\/arduxop.com.br\/loja\/wp-json\/wp\/v2\/product_tag?post=18826"}],"curies":[{"name":"wp","href":"https:\/\/api.w.org\/{rel}","templated":true}]}}