{"id":18793,"date":"2025-08-14T10:41:48","date_gmt":"2025-08-14T14:41:48","guid":{"rendered":"https:\/\/arduxop.com.br\/loja\/?post_type=product&#038;p=18793"},"modified":"2025-08-14T10:41:49","modified_gmt":"2025-08-14T14:41:49","slug":"modulo-encoder-codificador-rotativo-redondo","status":"publish","type":"product","link":"https:\/\/arduxop.com.br\/loja\/produto\/modulo-encoder-codificador-rotativo-redondo\/","title":{"rendered":"M\u00f3dulo encoder codificador rotativo redondo"},"content":{"rendered":"<p><span data-spm-anchor-id=\"a2g0o.detail.1000023.i1.667eKBYEKBYEHu\">Introdu\u00e7\u00e3o do produto:<\/span><br \/>\n1. Tens\u00e3o operacional: 5V<br \/>\n2. N\u00famero de pulso para um c\u00edrculo: 20<br \/>\n3.O codificador rotativo pode contar os tempos de pulso de sa\u00edda girando positivamente e negativamente. Este m\u00e9todo de contagem n\u00e3o tem limita\u00e7\u00e3o, pode ser redefinido e voltar ao status inicial se corresponder \u00e0 chave do codificador (ou seja, ele contar\u00e1 de 0)<br \/>\n<span data-spm-anchor-id=\"a2g0o.detail.1000023.i2.667eKBYEKBYEHu\">4. Princ\u00edpio de funcionamento: O codificador incremental \u00e9 um tipo de sensor rotativo que transforma o deslocamento de rota\u00e7\u00e3o em uma s\u00e9rie de sinais de pulso digital. Esses pulsos s\u00e3o usados para controlar o deslocamento angular. No codificador Eltra, a transforma\u00e7\u00e3o do deslocamento angular adota o princ\u00edpio de varredura fotoel\u00e9trica. O sistema de leitura \u00e9 baseado na rota\u00e7\u00e3o da placa divis\u00f3ria radial da janela de luz alternativa e da janela sem luz, e ser\u00e1 exposto \u00e0 fonte de luz infravermelha ao mesmo tempo. A luz refletir\u00e1 a imagem da placa na superf\u00edcie do receptor. O receptor \u00e9 coberto por uma grade de difra\u00e7\u00e3o e tem a mesma largura de janela da placa. A opera\u00e7\u00e3o do receptor \u00e9 detectar a mudan\u00e7a na rota\u00e7\u00e3o da placa de luz e, em seguida, transformar a mudan\u00e7a de luz em mudan\u00e7a el\u00e9trica. Aumente o sinal de baixo n\u00edvel para alto n\u00edvel e gere pulso quadrado sem qualquer interfer\u00eancia. Este processo precisa de circuito para lidar. O sistema de leitura geralmente adota o m\u00e9todo diferencial, ou seja, compara dois sinais diferentes que possuem a mesma forma de onda, mas a diferen\u00e7a de fase \u00e9 de 180 graus para melhorar a qualidade e estabilidade do sinal de sa\u00edda. A leitura \u00e9 formada com base na diferen\u00e7a entre dois sinais, eliminando assim a interfer\u00eancia.<\/span><\/p>\n","protected":false},"excerpt":{"rendered":"<p>Introdu\u00e7\u00e3o do produto: 1. Tens\u00e3o operacional: 5V 2. N\u00famero de pulso para um c\u00edrculo: 20 3.O codificador rotativo pode contar os tempos de pulso de sa\u00edda girando positivamente e negativamente. Este m\u00e9todo de contagem n\u00e3o tem limita\u00e7\u00e3o, pode ser redefinido e voltar ao status inicial se corresponder \u00e0 chave do codificador (ou seja, ele contar\u00e1 [&hellip;]<\/p>\n","protected":false},"featured_media":18794,"template":"","meta":[],"product_brand":[],"product_cat":[411,50],"product_tag":[],"class_list":{"0":"post-18793","1":"product","2":"type-product","3":"status-publish","4":"has-post-thumbnail","6":"product_cat-sem-categoria","7":"product_cat-modulos","9":"entry","10":"has-media","12":"first","13":"instock","14":"shipping-taxable","15":"purchasable","16":"product-type-simple","17":"has-product-nav","18":"col","19":"span_1_of_3","20":"owp-content-center","21":"owp-thumbs-layout-horizontal","22":"owp-btn-normal","23":"owp-tabs-layout-horizontal"},"_links":{"self":[{"href":"https:\/\/arduxop.com.br\/loja\/wp-json\/wp\/v2\/product\/18793","targetHints":{"allow":["GET"]}}],"collection":[{"href":"https:\/\/arduxop.com.br\/loja\/wp-json\/wp\/v2\/product"}],"about":[{"href":"https:\/\/arduxop.com.br\/loja\/wp-json\/wp\/v2\/types\/product"}],"wp:featuredmedia":[{"embeddable":true,"href":"https:\/\/arduxop.com.br\/loja\/wp-json\/wp\/v2\/media\/18794"}],"wp:attachment":[{"href":"https:\/\/arduxop.com.br\/loja\/wp-json\/wp\/v2\/media?parent=18793"}],"wp:term":[{"taxonomy":"product_brand","embeddable":true,"href":"https:\/\/arduxop.com.br\/loja\/wp-json\/wp\/v2\/product_brand?post=18793"},{"taxonomy":"product_cat","embeddable":true,"href":"https:\/\/arduxop.com.br\/loja\/wp-json\/wp\/v2\/product_cat?post=18793"},{"taxonomy":"product_tag","embeddable":true,"href":"https:\/\/arduxop.com.br\/loja\/wp-json\/wp\/v2\/product_tag?post=18793"}],"curies":[{"name":"wp","href":"https:\/\/api.w.org\/{rel}","templated":true}]}}