{"id":18780,"date":"2025-08-13T09:12:03","date_gmt":"2025-08-13T13:12:03","guid":{"rendered":"https:\/\/arduxop.com.br\/loja\/?post_type=product&#038;p=18780"},"modified":"2025-08-13T09:12:03","modified_gmt":"2025-08-13T13:12:03","slug":"micro-ventilador-cooler-12v-25x25x10mm","status":"publish","type":"product","link":"https:\/\/arduxop.com.br\/loja\/produto\/micro-ventilador-cooler-12v-25x25x10mm\/","title":{"rendered":"Micro ventilador Cooler 12V 25X25X10mm"},"content":{"rendered":"<p><span data-spm-anchor-id=\"a2g0o.detail.1000023.i0.38284kAN4kANDQ\">Caracter\u00edsticas: <\/span>Mini pequeno micro ventilador de resfriamento DC sem escova 25mm 25x25x10mm DC 12V Aumente o fluxo de ar em seu sistema. Resfriando todo o gabinete. Prolongue a vida \u00fatil do seu sistema<\/p>\n<p>Especifica\u00e7\u00e3o:<\/p>\n<p>100% novo e de alta qualidade<\/p>\n<p>Tamanho do ventilador: 25x25x10mm (CxLxA)<\/p>\n<p>Tipo de rolamento: manga<\/p>\n<p>Tens\u00e3o nominal: 12V<\/p>\n<p>Conector: PH2.0-2Pin<\/p>\n<p>L\u00e2mina: 5 carecas<\/p>\n<p>Corrente nominal: 0,06 \u00b1 10% A<\/p>\n<p>Ru\u00eddo: 25\u00b110%dBA<\/p>\n<p>Velocidade do ventilador: 12.000\u00b110%RPM<\/p>\n<p>Fluxo de ar: 2,35 CFM<\/p>\n<p><span data-spm-anchor-id=\"a2g0o.detail.1000023.i1.38284kAN4kANDQ\">Dist\u00e2ncia do furo de montagem: 20,0 \u00b1 0,3 mm<\/span><\/p>\n<p>Comprimento do cabo: 15cm<\/p>\n<p>Vida: 35.000 horas<\/p>\n","protected":false},"excerpt":{"rendered":"<p>Caracter\u00edsticas: Mini pequeno micro ventilador de resfriamento DC sem escova 25mm 25x25x10mm DC 12V Aumente o fluxo de ar em seu sistema. Resfriando todo o gabinete. Prolongue a vida \u00fatil do seu sistema Especifica\u00e7\u00e3o: 100% novo e de alta qualidade Tamanho do ventilador: 25x25x10mm (CxLxA) Tipo de rolamento: manga Tens\u00e3o nominal: 12V Conector: PH2.0-2Pin L\u00e2mina: [&hellip;]<\/p>\n","protected":false},"featured_media":18781,"template":"","meta":[],"product_brand":[],"product_cat":[411],"product_tag":[],"class_list":{"0":"post-18780","1":"product","2":"type-product","3":"status-publish","4":"has-post-thumbnail","6":"product_cat-sem-categoria","8":"entry","9":"has-media","11":"first","12":"instock","13":"shipping-taxable","14":"purchasable","15":"product-type-simple","16":"has-product-nav","17":"col","18":"span_1_of_3","19":"owp-content-center","20":"owp-thumbs-layout-horizontal","21":"owp-btn-normal","22":"owp-tabs-layout-horizontal"},"_links":{"self":[{"href":"https:\/\/arduxop.com.br\/loja\/wp-json\/wp\/v2\/product\/18780","targetHints":{"allow":["GET"]}}],"collection":[{"href":"https:\/\/arduxop.com.br\/loja\/wp-json\/wp\/v2\/product"}],"about":[{"href":"https:\/\/arduxop.com.br\/loja\/wp-json\/wp\/v2\/types\/product"}],"wp:featuredmedia":[{"embeddable":true,"href":"https:\/\/arduxop.com.br\/loja\/wp-json\/wp\/v2\/media\/18781"}],"wp:attachment":[{"href":"https:\/\/arduxop.com.br\/loja\/wp-json\/wp\/v2\/media?parent=18780"}],"wp:term":[{"taxonomy":"product_brand","embeddable":true,"href":"https:\/\/arduxop.com.br\/loja\/wp-json\/wp\/v2\/product_brand?post=18780"},{"taxonomy":"product_cat","embeddable":true,"href":"https:\/\/arduxop.com.br\/loja\/wp-json\/wp\/v2\/product_cat?post=18780"},{"taxonomy":"product_tag","embeddable":true,"href":"https:\/\/arduxop.com.br\/loja\/wp-json\/wp\/v2\/product_tag?post=18780"}],"curies":[{"name":"wp","href":"https:\/\/api.w.org\/{rel}","templated":true}]}}