{"id":18776,"date":"2025-08-12T15:13:58","date_gmt":"2025-08-12T19:13:58","guid":{"rendered":"https:\/\/arduxop.com.br\/loja\/?post_type=product&#038;p=18776"},"modified":"2025-08-12T15:13:58","modified_gmt":"2025-08-12T19:13:58","slug":"voltimetro-amperimetro-shunt-dc-0-100v-0-50a","status":"publish","type":"product","link":"https:\/\/arduxop.com.br\/loja\/produto\/voltimetro-amperimetro-shunt-dc-0-100v-0-50a\/","title":{"rendered":"Volt\u00edmetro Amper\u00edmetro + Shunt Dc 0-100v 0-50a"},"content":{"rendered":"<p>\u2022 Volt\u00edmetro Digital com Amper\u00edmetro;<br \/>\n\u2022 Display duplo de 3 d\u00edgitos;<br \/>\n\u2022 Realiza medi\u00e7\u00e3o de tens\u00e3o e corrente cont\u00ednua;<br \/>\n\u2022 Executa medi\u00e7\u00f5es em tempo real;<br \/>\n\u2022 Facilidade de leitura, instala\u00e7\u00e3o e usabilidade;<br \/>\n\u2022 Baixo consumo de energia;<br \/>\n\u2022 Resistor Shunt separado do corpo do produto;<\/p>\n<p>Especifica\u00e7\u00f5es t\u00e9cnicas:<\/p>\n<p>&#8211; Tens\u00e3o de funcionamento: 4.5 &#8211; 30 V DC<br \/>\n&#8211; Corrente de trabalho: =20mA<br \/>\n&#8211; Display: 0.28 &#8221; de Duas cores azul e vermelho<br \/>\n&#8211; Faixa de medi\u00e7\u00e3o: DC 0-100 V 0-50A<br \/>\n&#8211; Resolu\u00e7\u00e3o m\u00ednima (V): 0.1 V<br \/>\n&#8211; Taxa de atualiza\u00e7\u00e3o: =100mS\/vezes<br \/>\n&#8211; Medir precis\u00e3o: 1% (\u00b1 1 d\u00edgito)<br \/>\n&#8211; Resolu\u00e7\u00e3o m\u00ednima (A): 0.01A<br \/>\n&#8211; Temperatura de opera\u00e7\u00e3o:-15 a 70 \u00b0 c<br \/>\n&#8211; Press\u00e3o de trabalho: 80 a 106 kPa<br \/>\n&#8211; Dimen\u00e7\u00f5es do Produto: 47 \u00d7 28 \u00d7 16mm<br \/>\n&#8211; Peso l\u00edquido: 100g<\/p>\n<p>N\u00e3o adequado para medir correntes inferiores a 5A<\/p>\n","protected":false},"excerpt":{"rendered":"<p>\u2022 Volt\u00edmetro Digital com Amper\u00edmetro; \u2022 Display duplo de 3 d\u00edgitos; \u2022 Realiza medi\u00e7\u00e3o de tens\u00e3o e corrente cont\u00ednua; \u2022 Executa medi\u00e7\u00f5es em tempo real; \u2022 Facilidade de leitura, instala\u00e7\u00e3o e usabilidade; \u2022 Baixo consumo de energia; \u2022 Resistor Shunt separado do corpo do produto; Especifica\u00e7\u00f5es t\u00e9cnicas: &#8211; Tens\u00e3o de funcionamento: 4.5 &#8211; 30 V [&hellip;]<\/p>\n","protected":false},"featured_media":18777,"template":"","meta":[],"product_brand":[],"product_cat":[411,234],"product_tag":[],"class_list":{"0":"post-18776","1":"product","2":"type-product","3":"status-publish","4":"has-post-thumbnail","6":"product_cat-sem-categoria","7":"product_cat-led","9":"entry","10":"has-media","12":"first","13":"instock","14":"shipping-taxable","15":"purchasable","16":"product-type-simple","17":"has-product-nav","18":"col","19":"span_1_of_3","20":"owp-content-center","21":"owp-thumbs-layout-horizontal","22":"owp-btn-normal","23":"owp-tabs-layout-horizontal"},"_links":{"self":[{"href":"https:\/\/arduxop.com.br\/loja\/wp-json\/wp\/v2\/product\/18776","targetHints":{"allow":["GET"]}}],"collection":[{"href":"https:\/\/arduxop.com.br\/loja\/wp-json\/wp\/v2\/product"}],"about":[{"href":"https:\/\/arduxop.com.br\/loja\/wp-json\/wp\/v2\/types\/product"}],"wp:featuredmedia":[{"embeddable":true,"href":"https:\/\/arduxop.com.br\/loja\/wp-json\/wp\/v2\/media\/18777"}],"wp:attachment":[{"href":"https:\/\/arduxop.com.br\/loja\/wp-json\/wp\/v2\/media?parent=18776"}],"wp:term":[{"taxonomy":"product_brand","embeddable":true,"href":"https:\/\/arduxop.com.br\/loja\/wp-json\/wp\/v2\/product_brand?post=18776"},{"taxonomy":"product_cat","embeddable":true,"href":"https:\/\/arduxop.com.br\/loja\/wp-json\/wp\/v2\/product_cat?post=18776"},{"taxonomy":"product_tag","embeddable":true,"href":"https:\/\/arduxop.com.br\/loja\/wp-json\/wp\/v2\/product_tag?post=18776"}],"curies":[{"name":"wp","href":"https:\/\/api.w.org\/{rel}","templated":true}]}}