{"id":18769,"date":"2025-08-11T12:35:04","date_gmt":"2025-08-11T16:35:04","guid":{"rendered":"https:\/\/arduxop.com.br\/loja\/?post_type=product&#038;p=18769"},"modified":"2025-08-11T12:35:05","modified_gmt":"2025-08-11T16:35:05","slug":"modulo-display-7-segmentos-4-digitos-tm1637","status":"publish","type":"product","link":"https:\/\/arduxop.com.br\/loja\/produto\/modulo-display-7-segmentos-4-digitos-tm1637\/","title":{"rendered":"M\u00f3dulo Display 7 Segmentos 4 d\u00edgitos &#8211; TM1637"},"content":{"rendered":"<p>Melhore seus projetos com este vers\u00e1til 0,56 &#8220;4 bits Digital LED Tube Display Module, apresentando um driver TM1637 e display de 7 segmentos em v\u00e1rias cores para f\u00e1cil integra\u00e7\u00e3o com Arduino.<\/p>\n<p>Descri\u00e7\u00e3o: Este \u00e9 um m\u00f3dulo b\u00e1sico de exibi\u00e7\u00e3o de 7 segmentos de 4 d\u00edgitos. O visor mostra um ponto decimal para cada d\u00edgito. O m\u00f3dulo est\u00e1 conectado \u00e0 E\/S digital via 2 pinos.<\/p>\n<p>Usar biblioteca: TM1637.h<\/p>\n<p>Tubo digital: 0,56 polegadas Motorista IC: TM1637 Cor: Branco\/vermelho\/amarelo\/verde\/azul (opcional) Tamanho: 65,9&#215;27,3x12mm Tens\u00e3o de funcionamento: 5V Pacote inclu\u00eddo: 1&#215;0, 56 polegadas tubo digital de 4 d\u00edgitos m\u00f3dulo TM1637 para Arduino<\/p>\n","protected":false},"excerpt":{"rendered":"<p>Melhore seus projetos com este vers\u00e1til 0,56 &#8220;4 bits Digital LED Tube Display Module, apresentando um driver TM1637 e display de 7 segmentos em v\u00e1rias cores para f\u00e1cil integra\u00e7\u00e3o com Arduino. Descri\u00e7\u00e3o: Este \u00e9 um m\u00f3dulo b\u00e1sico de exibi\u00e7\u00e3o de 7 segmentos de 4 d\u00edgitos. O visor mostra um ponto decimal para cada d\u00edgito. O [&hellip;]<\/p>\n","protected":false},"featured_media":18770,"template":"","meta":[],"product_brand":[],"product_cat":[183,411,234,50],"product_tag":[],"class_list":{"0":"post-18769","1":"product","2":"type-product","3":"status-publish","4":"has-post-thumbnail","6":"product_cat-displays","7":"product_cat-sem-categoria","8":"product_cat-led","9":"product_cat-modulos","11":"entry","12":"has-media","14":"first","15":"instock","16":"shipping-taxable","17":"purchasable","18":"product-type-simple","19":"has-product-nav","20":"col","21":"span_1_of_3","22":"owp-content-center","23":"owp-thumbs-layout-horizontal","24":"owp-btn-normal","25":"owp-tabs-layout-horizontal"},"_links":{"self":[{"href":"https:\/\/arduxop.com.br\/loja\/wp-json\/wp\/v2\/product\/18769","targetHints":{"allow":["GET"]}}],"collection":[{"href":"https:\/\/arduxop.com.br\/loja\/wp-json\/wp\/v2\/product"}],"about":[{"href":"https:\/\/arduxop.com.br\/loja\/wp-json\/wp\/v2\/types\/product"}],"wp:featuredmedia":[{"embeddable":true,"href":"https:\/\/arduxop.com.br\/loja\/wp-json\/wp\/v2\/media\/18770"}],"wp:attachment":[{"href":"https:\/\/arduxop.com.br\/loja\/wp-json\/wp\/v2\/media?parent=18769"}],"wp:term":[{"taxonomy":"product_brand","embeddable":true,"href":"https:\/\/arduxop.com.br\/loja\/wp-json\/wp\/v2\/product_brand?post=18769"},{"taxonomy":"product_cat","embeddable":true,"href":"https:\/\/arduxop.com.br\/loja\/wp-json\/wp\/v2\/product_cat?post=18769"},{"taxonomy":"product_tag","embeddable":true,"href":"https:\/\/arduxop.com.br\/loja\/wp-json\/wp\/v2\/product_tag?post=18769"}],"curies":[{"name":"wp","href":"https:\/\/api.w.org\/{rel}","templated":true}]}}