{"id":18751,"date":"2025-07-29T13:51:38","date_gmt":"2025-07-29T17:51:38","guid":{"rendered":"https:\/\/arduxop.com.br\/loja\/?post_type=product&#038;p=18751"},"modified":"2025-07-29T13:51:39","modified_gmt":"2025-07-29T17:51:39","slug":"sensor-de-fluxo-de-agua-1-30l-min-yf-s201","status":"publish","type":"product","link":"https:\/\/arduxop.com.br\/loja\/produto\/sensor-de-fluxo-de-agua-1-30l-min-yf-s201\/","title":{"rendered":"Sensor de Fluxo de \u00c1gua 1-30l\/min &#8211; YF-S201"},"content":{"rendered":"<p><span data-spm-anchor-id=\"a2g0o.detail.1000023.i0.e882RXebRXeb9a\">Usado principalmente para testes de \u00e1gua, sistema de refrigera\u00e7\u00e3o a \u00e1gua;<\/span><\/p>\n<p>Aplica\u00e7\u00e3o: Aquecedores de \u00e1gua, m\u00e1quinas de cart\u00e3o de cr\u00e9dito, m\u00e1quina de venda autom\u00e1tica de \u00e1gua, dispositivo de medi\u00e7\u00e3o de fluxo;<\/p>\n<p>O impulsor \u00e9 incrustado com contas de a\u00e7o inoxid\u00e1vel para resist\u00eancia ao desgaste.<\/p>\n<p>A estrutura do anel de veda\u00e7\u00e3o adota for\u00e7a de cima para baixo para evitar vazamento de \u00e1gua<\/p>\n<p>O elemento Hall \u00e9 importado, a linha \u00e9 preenchida com um anel de borracha de veda\u00e7\u00e3o \u00e0 prova d&#8217;\u00e1gua e o silicone \u00e0 prova d&#8217;\u00e1gua de entrada fortalece a impermeabilidade<\/p>\n<p>Alta amplitude: \u2265 4,6V<\/p>\n<p>Baixa amplitude: \u2264 0,5V<\/p>\n<p>Intensidade el\u00e9trica: 1250V\/min<\/p>\n<p>Resist\u00eancia de isolamento: \u2265 100M\u03a9<\/p>\n<p>Teste de press\u00e3o hidrost\u00e1tica: \u2264 2,0Mpa<\/p>\n<p><u>Especifica\u00e7\u00e3o:<\/u><\/p>\n<ul>\n<li>A tens\u00e3o de trabalho nominal mais baixa: DC4.5 5V-24V<\/li>\n<li>Corrente operacional m\u00e1xima: 15mA (DC 5V)<\/li>\n<li>Faixa de tens\u00e3o de trabalho: DC 5 ~ 18V<\/li>\n<li>Capacidade de carga: \u2264 10mA (DC 5V)<\/li>\n<li><span data-spm-anchor-id=\"a2g0o.detail.1000023.i1.e882RXebRXeb9a\">Temperatura de uso: \u2264 80\u00b0C<\/span><\/li>\n<li>Faixa de umidade operacional: 35% ~ 90% UR (sem gelo)<\/li>\n<li>Press\u00e3o de Permita\u00e7\u00e3o: press\u00e3o 2,0Mpa<\/li>\n<li>Temperatura: -25 ~ +80\u00b0C<\/li>\n<li>Roscas externas: 1\/2&#8242;<\/li>\n<li>Di\u00e2metro externo: 20mm<\/li>\n<li>Di\u00e2metro de admiss\u00e3o: 9mm<\/li>\n<li>Di\u00e2metro de sa\u00edda: 12mm<\/li>\n<\/ul>\n","protected":false},"excerpt":{"rendered":"<p>Usado principalmente para testes de \u00e1gua, sistema de refrigera\u00e7\u00e3o a \u00e1gua; Aplica\u00e7\u00e3o: Aquecedores de \u00e1gua, m\u00e1quinas de cart\u00e3o de cr\u00e9dito, m\u00e1quina de venda autom\u00e1tica de \u00e1gua, dispositivo de medi\u00e7\u00e3o de fluxo; O impulsor \u00e9 incrustado com contas de a\u00e7o inoxid\u00e1vel para resist\u00eancia ao desgaste. A estrutura do anel de veda\u00e7\u00e3o adota for\u00e7a de cima para [&hellip;]<\/p>\n","protected":false},"featured_media":18752,"template":"","meta":[],"product_brand":[],"product_cat":[411,178],"product_tag":[],"class_list":{"0":"post-18751","1":"product","2":"type-product","3":"status-publish","4":"has-post-thumbnail","6":"product_cat-sem-categoria","7":"product_cat-sensores","9":"entry","10":"has-media","12":"first","13":"instock","14":"shipping-taxable","15":"purchasable","16":"product-type-simple","17":"has-product-nav","18":"col","19":"span_1_of_3","20":"owp-content-center","21":"owp-thumbs-layout-horizontal","22":"owp-btn-normal","23":"owp-tabs-layout-horizontal"},"_links":{"self":[{"href":"https:\/\/arduxop.com.br\/loja\/wp-json\/wp\/v2\/product\/18751","targetHints":{"allow":["GET"]}}],"collection":[{"href":"https:\/\/arduxop.com.br\/loja\/wp-json\/wp\/v2\/product"}],"about":[{"href":"https:\/\/arduxop.com.br\/loja\/wp-json\/wp\/v2\/types\/product"}],"wp:featuredmedia":[{"embeddable":true,"href":"https:\/\/arduxop.com.br\/loja\/wp-json\/wp\/v2\/media\/18752"}],"wp:attachment":[{"href":"https:\/\/arduxop.com.br\/loja\/wp-json\/wp\/v2\/media?parent=18751"}],"wp:term":[{"taxonomy":"product_brand","embeddable":true,"href":"https:\/\/arduxop.com.br\/loja\/wp-json\/wp\/v2\/product_brand?post=18751"},{"taxonomy":"product_cat","embeddable":true,"href":"https:\/\/arduxop.com.br\/loja\/wp-json\/wp\/v2\/product_cat?post=18751"},{"taxonomy":"product_tag","embeddable":true,"href":"https:\/\/arduxop.com.br\/loja\/wp-json\/wp\/v2\/product_tag?post=18751"}],"curies":[{"name":"wp","href":"https:\/\/api.w.org\/{rel}","templated":true}]}}