{"id":18731,"date":"2025-07-11T14:50:08","date_gmt":"2025-07-11T18:50:08","guid":{"rendered":"https:\/\/arduxop.com.br\/loja\/?post_type=product&#038;p=18731"},"modified":"2025-07-11T14:50:08","modified_gmt":"2025-07-11T18:50:08","slug":"potenciometro-rv24yn20s-10k-b103","status":"publish","type":"product","link":"https:\/\/arduxop.com.br\/loja\/produto\/potenciometro-rv24yn20s-10k-b103\/","title":{"rendered":"Potenci\u00f4metro RV24YN20S \u2013 10K B103"},"content":{"rendered":"<p>N\u00famero dos terminais: 3<br \/>\nN\u00famero de mudan\u00e7a: giro \u00fanico<br \/>\nVida rotativa: 100000 rpm<br \/>\nFaixa de temperatura: -10 \u00b0 c-85 \u00b0 c<br \/>\n\u00c2ngulo mec\u00e2nico: 300 \u00b0<br \/>\nToler\u00e2ncia: \u00b1 10%<br \/>\nValor de resist\u00eancia: 10Kohm<br \/>\nMaterial: metal de filme de carbono<br \/>\nModelo: rv24yn 20s<br \/>\nTipo: potenci\u00f4metro rotativo<\/p>\n","protected":false},"excerpt":{"rendered":"<p>N\u00famero dos terminais: 3 N\u00famero de mudan\u00e7a: giro \u00fanico Vida rotativa: 100000 rpm Faixa de temperatura: -10 \u00b0 c-85 \u00b0 c \u00c2ngulo mec\u00e2nico: 300 \u00b0 Toler\u00e2ncia: \u00b1 10% Valor de resist\u00eancia: 10Kohm Material: metal de filme de carbono Modelo: rv24yn 20s Tipo: potenci\u00f4metro rotativo<\/p>\n","protected":false},"featured_media":18725,"template":"","meta":[],"product_brand":[],"product_cat":[411],"product_tag":[],"class_list":{"0":"post-18731","1":"product","2":"type-product","3":"status-publish","4":"has-post-thumbnail","6":"product_cat-sem-categoria","8":"entry","9":"has-media","11":"first","12":"instock","13":"shipping-taxable","14":"purchasable","15":"product-type-simple","16":"has-product-nav","17":"col","18":"span_1_of_3","19":"owp-content-center","20":"owp-thumbs-layout-horizontal","21":"owp-btn-normal","22":"owp-tabs-layout-horizontal"},"_links":{"self":[{"href":"https:\/\/arduxop.com.br\/loja\/wp-json\/wp\/v2\/product\/18731","targetHints":{"allow":["GET"]}}],"collection":[{"href":"https:\/\/arduxop.com.br\/loja\/wp-json\/wp\/v2\/product"}],"about":[{"href":"https:\/\/arduxop.com.br\/loja\/wp-json\/wp\/v2\/types\/product"}],"wp:featuredmedia":[{"embeddable":true,"href":"https:\/\/arduxop.com.br\/loja\/wp-json\/wp\/v2\/media\/18725"}],"wp:attachment":[{"href":"https:\/\/arduxop.com.br\/loja\/wp-json\/wp\/v2\/media?parent=18731"}],"wp:term":[{"taxonomy":"product_brand","embeddable":true,"href":"https:\/\/arduxop.com.br\/loja\/wp-json\/wp\/v2\/product_brand?post=18731"},{"taxonomy":"product_cat","embeddable":true,"href":"https:\/\/arduxop.com.br\/loja\/wp-json\/wp\/v2\/product_cat?post=18731"},{"taxonomy":"product_tag","embeddable":true,"href":"https:\/\/arduxop.com.br\/loja\/wp-json\/wp\/v2\/product_tag?post=18731"}],"curies":[{"name":"wp","href":"https:\/\/api.w.org\/{rel}","templated":true}]}}