{"id":18718,"date":"2025-07-09T15:21:16","date_gmt":"2025-07-09T19:21:16","guid":{"rendered":"https:\/\/arduxop.com.br\/loja\/?post_type=product&#038;p=18718"},"modified":"2025-07-09T15:21:16","modified_gmt":"2025-07-09T19:21:16","slug":"modulo-dimmer-regulador-de-velocidade-para-arduino-220v-100w","status":"publish","type":"product","link":"https:\/\/arduxop.com.br\/loja\/produto\/modulo-dimmer-regulador-de-velocidade-para-arduino-220v-100w\/","title":{"rendered":"M\u00f3dulo dimmer regulador de velocidade para Arduino 220V 100W"},"content":{"rendered":"<p class=\"detail-desc-decorate-title\" data-spm-anchor-id=\"a2g0o.detail.1000023.i0.7cdbqfJ4qfJ4d4\">220v 100w m\u00f3dulo dimmer kit diy interruptor de ilumina\u00e7\u00e3o m\u00f3dulo de regula\u00e7\u00e3o de velocidade para arduino ac motor potenci\u00f4metro diodo mac97a6<\/p>\n<p class=\"detail-desc-decorate-content\" data-spm-anchor-id=\"a2g0o.detail.1000023.i1.7cdbqfJ4qfJ4d4\">Tamanho do PCB: 2*3,3 CM<br \/>\nPot\u00eancia nominal: P=UI;100w=220V*0,45A<br \/>\nModelo: m\u00f3dulo de escurecimento 100w;<br \/>\nPot\u00eancia nominal: 100w;<br \/>\nAdequado para motor CA abaixo de 100 W, controle de escurecimento de luz, etc. (l\u00e2mpadas economizadoras de energia n\u00e3o suportam);<\/p>\n<p>Listagem:<br \/>\nPCB x1 pe\u00e7a<br \/>\nWH149-500k com potenci\u00f4metro interruptor x1<br \/>\ntampa do potenci\u00f4metro x1<br \/>\nDiodo bidirecional DB3 x1<br \/>\nResist\u00eancia 2k 0,25W x1<br \/>\nMAC97A6 x1<br \/>\nCapacit\u00e2ncia CBB de 104 630V x1<\/p>\n","protected":false},"excerpt":{"rendered":"<p>220v 100w m\u00f3dulo dimmer kit diy interruptor de ilumina\u00e7\u00e3o m\u00f3dulo de regula\u00e7\u00e3o de velocidade para arduino ac motor potenci\u00f4metro diodo mac97a6 Tamanho do PCB: 2*3,3 CM Pot\u00eancia nominal: P=UI;100w=220V*0,45A Modelo: m\u00f3dulo de escurecimento 100w; Pot\u00eancia nominal: 100w; Adequado para motor CA abaixo de 100 W, controle de escurecimento de luz, etc. (l\u00e2mpadas economizadoras de energia [&hellip;]<\/p>\n","protected":false},"featured_media":18720,"template":"","meta":[],"product_brand":[],"product_cat":[411,50],"product_tag":[],"class_list":{"0":"post-18718","1":"product","2":"type-product","3":"status-publish","4":"has-post-thumbnail","6":"product_cat-sem-categoria","7":"product_cat-modulos","9":"entry","10":"has-media","12":"first","13":"instock","14":"shipping-taxable","15":"purchasable","16":"product-type-simple","17":"has-product-nav","18":"col","19":"span_1_of_3","20":"owp-content-center","21":"owp-thumbs-layout-horizontal","22":"owp-btn-normal","23":"owp-tabs-layout-horizontal"},"_links":{"self":[{"href":"https:\/\/arduxop.com.br\/loja\/wp-json\/wp\/v2\/product\/18718","targetHints":{"allow":["GET"]}}],"collection":[{"href":"https:\/\/arduxop.com.br\/loja\/wp-json\/wp\/v2\/product"}],"about":[{"href":"https:\/\/arduxop.com.br\/loja\/wp-json\/wp\/v2\/types\/product"}],"wp:featuredmedia":[{"embeddable":true,"href":"https:\/\/arduxop.com.br\/loja\/wp-json\/wp\/v2\/media\/18720"}],"wp:attachment":[{"href":"https:\/\/arduxop.com.br\/loja\/wp-json\/wp\/v2\/media?parent=18718"}],"wp:term":[{"taxonomy":"product_brand","embeddable":true,"href":"https:\/\/arduxop.com.br\/loja\/wp-json\/wp\/v2\/product_brand?post=18718"},{"taxonomy":"product_cat","embeddable":true,"href":"https:\/\/arduxop.com.br\/loja\/wp-json\/wp\/v2\/product_cat?post=18718"},{"taxonomy":"product_tag","embeddable":true,"href":"https:\/\/arduxop.com.br\/loja\/wp-json\/wp\/v2\/product_tag?post=18718"}],"curies":[{"name":"wp","href":"https:\/\/api.w.org\/{rel}","templated":true}]}}