{"id":18701,"date":"2025-07-07T15:47:29","date_gmt":"2025-07-07T19:47:29","guid":{"rendered":"https:\/\/arduxop.com.br\/loja\/?post_type=product&#038;p=18701"},"modified":"2025-07-07T15:47:29","modified_gmt":"2025-07-07T19:47:29","slug":"modulo-display-lcd-lcm2002a-20x2-lcm2002a-wh2002a-azul","status":"publish","type":"product","link":"https:\/\/arduxop.com.br\/loja\/produto\/modulo-display-lcd-lcm2002a-20x2-lcm2002a-wh2002a-azul\/","title":{"rendered":"M\u00f3dulo Display LCD Lcm2002a 20&#215;2 Lcm2002a Wh2002a Azul"},"content":{"rendered":"<p>Display LCD LCM2002A utilizado para exibi\u00e7\u00e3o de caracteres e n\u00fameros. Utilizado em projetos eletr\u00f4nicos e desenvolvimento de produtos.<br \/>\nCompat\u00edvel para modelos: TC2002A &#8211; LMB202D &#8211; Wh-2002a-yyh-jt<br \/>\n<strong>Descri\u00e7\u00e3o t\u00e9cnica:<\/strong><br \/>\nTela : 20&#215;2<br \/>\nTens\u00e3o: 5Vdc<br \/>\nModelo: lcm2002a<br \/>\nCor do Fundo: Amarelo<br \/>\nTipo de produto: m\u00f3dulo lcd de caracteres<br \/>\nFormato de exibi\u00e7\u00e3o: 20*02 caracteres<br \/>\nInterface: 6800 4 bits paralelos<br \/>\nFonte: ingl\u00eas\/japon\u00eas<br \/>\nDimens\u00e3o do contorno: 116.00 (w) x37,00 (h)<br \/>\n\u00c1rea visual: 90.800&#215;29.00mm<br \/>\n\u00c1rea ativa: n\u00famero<br \/>\nChip de controle: splc780d<br \/>\nFonte de alimenta\u00e7\u00e3o (tipo): 5.0v<\/p>\n","protected":false},"excerpt":{"rendered":"<p>Display LCD LCM2002A utilizado para exibi\u00e7\u00e3o de caracteres e n\u00fameros. Utilizado em projetos eletr\u00f4nicos e desenvolvimento de produtos. Compat\u00edvel para modelos: TC2002A &#8211; LMB202D &#8211; Wh-2002a-yyh-jt Descri\u00e7\u00e3o t\u00e9cnica: Tela : 20&#215;2 Tens\u00e3o: 5Vdc Modelo: lcm2002a Cor do Fundo: Amarelo Tipo de produto: m\u00f3dulo lcd de caracteres Formato de exibi\u00e7\u00e3o: 20*02 caracteres Interface: 6800 4 bits [&hellip;]<\/p>\n","protected":false},"featured_media":18702,"template":"","meta":[],"product_brand":[],"product_cat":[233,50],"product_tag":[],"class_list":{"0":"post-18701","1":"product","2":"type-product","3":"status-publish","4":"has-post-thumbnail","6":"product_cat-lcd","7":"product_cat-modulos","9":"entry","10":"has-media","12":"first","13":"instock","14":"shipping-taxable","15":"purchasable","16":"product-type-simple","17":"has-product-nav","18":"col","19":"span_1_of_3","20":"owp-content-center","21":"owp-thumbs-layout-horizontal","22":"owp-btn-normal","23":"owp-tabs-layout-horizontal"},"_links":{"self":[{"href":"https:\/\/arduxop.com.br\/loja\/wp-json\/wp\/v2\/product\/18701","targetHints":{"allow":["GET"]}}],"collection":[{"href":"https:\/\/arduxop.com.br\/loja\/wp-json\/wp\/v2\/product"}],"about":[{"href":"https:\/\/arduxop.com.br\/loja\/wp-json\/wp\/v2\/types\/product"}],"wp:featuredmedia":[{"embeddable":true,"href":"https:\/\/arduxop.com.br\/loja\/wp-json\/wp\/v2\/media\/18702"}],"wp:attachment":[{"href":"https:\/\/arduxop.com.br\/loja\/wp-json\/wp\/v2\/media?parent=18701"}],"wp:term":[{"taxonomy":"product_brand","embeddable":true,"href":"https:\/\/arduxop.com.br\/loja\/wp-json\/wp\/v2\/product_brand?post=18701"},{"taxonomy":"product_cat","embeddable":true,"href":"https:\/\/arduxop.com.br\/loja\/wp-json\/wp\/v2\/product_cat?post=18701"},{"taxonomy":"product_tag","embeddable":true,"href":"https:\/\/arduxop.com.br\/loja\/wp-json\/wp\/v2\/product_tag?post=18701"}],"curies":[{"name":"wp","href":"https:\/\/api.w.org\/{rel}","templated":true}]}}