{"id":1863,"date":"2018-01-16T11:28:34","date_gmt":"2018-01-16T13:28:34","guid":{"rendered":"https:\/\/arduxop.com.br\/loja\/produto\/cabo-otg-usb-para-programacao-do-arduino-via-android\/"},"modified":"2024-07-25T07:56:50","modified_gmt":"2024-07-25T11:56:50","slug":"cabo-otg-usb-para-programacao-do-arduino-via-android","status":"publish","type":"product","link":"https:\/\/arduxop.com.br\/loja\/produto\/cabo-otg-usb-para-programacao-do-arduino-via-android\/","title":{"rendered":"Cabo OTG USB para Programa\u00e7\u00e3o do Arduino via Android"},"content":{"rendered":"<p>&#8211; O Cabo OTG USB \u00e9 um exclusivo dispositivo desenvolvido com um prop\u00f3sito realmente diferenciado, visando permitir a conex\u00e3o de dispositivos externos de armazenamento de dados ou n\u00e3o diretamente de nossos Smtphone. &#8211; Dentre suas principais funcionalidades, o Cabo OTG USB permite que celulares funcionem em modo Host, isto \u00e9, permitindo com que outros dispositivos USB como pen drive, mouse, teclado se conectem ao seu dispositivo sem problema algum. &#8211; Diferenciando-se dos convencionais sistemas USB host, o Cabo OTG USB utiliza de sua exclusiva tecnologia OTG para agir como um tradicional equipamento de trocas de dados entre dispositivos possibilitando a conex\u00e3o de dois diferentes equipamentos. &#8211; Seguindo esta l\u00f3gica de envio de dados, o Cabo OTG USB possibilita a conex\u00e3o e a grava\u00e7\u00e3o de dados entre seu celular e seu Arduino, sendo necess\u00e1rio somente a utiliza\u00e7\u00e3o de um aplicativo espec\u00edfico em seu celular. CARACTER\u00cdSTICAS:- Cabo OTG USB;- Funciona em modo Host;- Permite a conex\u00e3o de teclados e mouse no celular;- Permite o acesso aos dados do pen drive;- Conecta-se a outro aparelho celular para troca de dados;- Grava c\u00f3digos do seu celular para o Arduino;- Compat\u00edvel com celulares de suporte OTG. ESPECIFICA\u00c7\u00d5ES:- Comprimento do cabo: 9cm;- Peso: 7g. ACESSE O PROJETO NO BLOG:\u00a0Programar Arduino com Android.<\/p>\n","protected":false},"excerpt":{"rendered":"<p>&#8211; O Cabo OTG USB \u00e9 um exclusivo dispositivo desenvolvido com um prop\u00f3sito realmente diferenciado, visando permitir a conex\u00e3o de dispositivos externos de armazenamento de dados ou n\u00e3o diretamente de nossos Smtphone. &#8211; Dentre suas principais funcionalidades, o Cabo OTG USB permite que celulares funcionem em modo Host, isto \u00e9, permitindo com que outros dispositivos [&hellip;]<\/p>\n","protected":false},"featured_media":1864,"template":"","meta":[],"product_brand":[],"product_cat":[184],"product_tag":[],"class_list":{"0":"post-1863","1":"product","2":"type-product","3":"status-publish","4":"has-post-thumbnail","6":"product_cat-fios-e-cabos","8":"entry","9":"has-media","11":"first","12":"outofstock","13":"sale","14":"purchasable","15":"product-type-simple","16":"has-product-nav","17":"col","18":"span_1_of_3","19":"owp-content-center","20":"owp-thumbs-layout-horizontal","21":"owp-btn-normal","22":"owp-tabs-layout-horizontal"},"_links":{"self":[{"href":"https:\/\/arduxop.com.br\/loja\/wp-json\/wp\/v2\/product\/1863","targetHints":{"allow":["GET"]}}],"collection":[{"href":"https:\/\/arduxop.com.br\/loja\/wp-json\/wp\/v2\/product"}],"about":[{"href":"https:\/\/arduxop.com.br\/loja\/wp-json\/wp\/v2\/types\/product"}],"wp:featuredmedia":[{"embeddable":true,"href":"https:\/\/arduxop.com.br\/loja\/wp-json\/wp\/v2\/media\/1864"}],"wp:attachment":[{"href":"https:\/\/arduxop.com.br\/loja\/wp-json\/wp\/v2\/media?parent=1863"}],"wp:term":[{"taxonomy":"product_brand","embeddable":true,"href":"https:\/\/arduxop.com.br\/loja\/wp-json\/wp\/v2\/product_brand?post=1863"},{"taxonomy":"product_cat","embeddable":true,"href":"https:\/\/arduxop.com.br\/loja\/wp-json\/wp\/v2\/product_cat?post=1863"},{"taxonomy":"product_tag","embeddable":true,"href":"https:\/\/arduxop.com.br\/loja\/wp-json\/wp\/v2\/product_tag?post=1863"}],"curies":[{"name":"wp","href":"https:\/\/api.w.org\/{rel}","templated":true}]}}