{"id":18602,"date":"2025-03-31T14:07:37","date_gmt":"2025-03-31T18:07:37","guid":{"rendered":"https:\/\/arduxop.com.br\/loja\/?post_type=product&#038;p=18602"},"modified":"2025-03-31T14:07:37","modified_gmt":"2025-03-31T18:07:37","slug":"conversor-de-nivel-logico-iic-i2c-modulo-bidirecional-5v-a-3-3v","status":"publish","type":"product","link":"https:\/\/arduxop.com.br\/loja\/produto\/conversor-de-nivel-logico-iic-i2c-modulo-bidirecional-5v-a-3-3v\/","title":{"rendered":"Conversor de n\u00edvel l\u00f3gico IIC I2C M\u00f3dulo bidirecional 5V a 3.3V"},"content":{"rendered":"<p>Se voc\u00ea precisa fazer a comunica\u00e7\u00e3o entre dispositivos de diferentes tens\u00f5es (5V e 3,3V), voc\u00ea poder\u00e1 usar este m\u00f3dulo para torn\u00e1-los compat\u00edveis. Este m\u00f3dulo converte o n\u00edvel l\u00f3gico de 3,3V para 5V e vice-versa, pois ele \u00e9 bidirecional. Este m\u00f3dulo pode ser usado para realizar a interliga\u00e7\u00e3o entre o canal I2C, SPI, Serial RS232 e outros entre o micro controlador e outros m\u00f3dulos como bluetooth, m\u00f3dulo ethernet e etc., quando um dos dispositivos for 3,3V e o outro 5V.<\/p>\n<p>Este m\u00f3dulo tamb\u00e9m permite a comunica\u00e7\u00e3o entre dispositivos 2,8V e 1,8V. O m\u00f3dulo usa um transistor de efeito de campo para a convers\u00e3o em cada canal. Ele possui 4 canais independentes.<\/p>\n<p>Muito f\u00e1cil de ser usado. O m\u00f3dulo precisa ser alimentado com as duas tens\u00f5es (3,3V e 5V) para poder funcionar. Onde est\u00e1 escrito &#8216;High Voltage&#8217;, deve ser ligado 5V e onde est\u00e1 escrito &#8216;Low voltage&#8217; deve ser ligado 3,3V. A entrada\/sa\u00edda 3,3V fica do mesmo lado que a alimenta\u00e7\u00e3o 3,3V e o mesmo para os 5V.<\/p>\n","protected":false},"excerpt":{"rendered":"<p>Se voc\u00ea precisa fazer a comunica\u00e7\u00e3o entre dispositivos de diferentes tens\u00f5es (5V e 3,3V), voc\u00ea poder\u00e1 usar este m\u00f3dulo para torn\u00e1-los compat\u00edveis. Este m\u00f3dulo converte o n\u00edvel l\u00f3gico de 3,3V para 5V e vice-versa, pois ele \u00e9 bidirecional. Este m\u00f3dulo pode ser usado para realizar a interliga\u00e7\u00e3o entre o canal I2C, SPI, Serial RS232 e [&hellip;]<\/p>\n","protected":false},"featured_media":18603,"template":"","meta":[],"product_brand":[],"product_cat":[50],"product_tag":[],"class_list":{"0":"post-18602","1":"product","2":"type-product","3":"status-publish","4":"has-post-thumbnail","6":"product_cat-modulos","8":"entry","9":"has-media","11":"first","12":"instock","13":"shipping-taxable","14":"purchasable","15":"product-type-simple","16":"has-product-nav","17":"col","18":"span_1_of_3","19":"owp-content-center","20":"owp-thumbs-layout-horizontal","21":"owp-btn-normal","22":"owp-tabs-layout-horizontal"},"_links":{"self":[{"href":"https:\/\/arduxop.com.br\/loja\/wp-json\/wp\/v2\/product\/18602","targetHints":{"allow":["GET"]}}],"collection":[{"href":"https:\/\/arduxop.com.br\/loja\/wp-json\/wp\/v2\/product"}],"about":[{"href":"https:\/\/arduxop.com.br\/loja\/wp-json\/wp\/v2\/types\/product"}],"wp:featuredmedia":[{"embeddable":true,"href":"https:\/\/arduxop.com.br\/loja\/wp-json\/wp\/v2\/media\/18603"}],"wp:attachment":[{"href":"https:\/\/arduxop.com.br\/loja\/wp-json\/wp\/v2\/media?parent=18602"}],"wp:term":[{"taxonomy":"product_brand","embeddable":true,"href":"https:\/\/arduxop.com.br\/loja\/wp-json\/wp\/v2\/product_brand?post=18602"},{"taxonomy":"product_cat","embeddable":true,"href":"https:\/\/arduxop.com.br\/loja\/wp-json\/wp\/v2\/product_cat?post=18602"},{"taxonomy":"product_tag","embeddable":true,"href":"https:\/\/arduxop.com.br\/loja\/wp-json\/wp\/v2\/product_tag?post=18602"}],"curies":[{"name":"wp","href":"https:\/\/api.w.org\/{rel}","templated":true}]}}