{"id":18581,"date":"2025-03-17T13:58:04","date_gmt":"2025-03-17T17:58:04","guid":{"rendered":"https:\/\/arduxop.com.br\/loja\/?post_type=product&#038;p=18581"},"modified":"2025-03-17T13:58:04","modified_gmt":"2025-03-17T17:58:04","slug":"regulador-de-tensao-2000-watts-ac-50-220-volts-dimmer-scr-regulador-de-potencia","status":"publish","type":"product","link":"https:\/\/arduxop.com.br\/loja\/produto\/regulador-de-tensao-2000-watts-ac-50-220-volts-dimmer-scr-regulador-de-potencia\/","title":{"rendered":"Regulador de tens\u00e3o 2000 watts ac 50 &#8211; 220 volts dimmer scr regulador de pot\u00eancia"},"content":{"rendered":"<ul class=\"a-unordered-list a-vertical a-spacing-mini\">\n<li class=\"a-spacing-mini\"><span class=\"a-list-item\">Tens\u00e3o de entrada de alimenta\u00e7\u00e3o: 110 V ~ 220 V AC<\/span><\/li>\n<li class=\"a-spacing-mini\"><span class=\"a-list-item\">Pot\u00eancia m\u00e1xima de sa\u00edda: 2000 W; a corrente m\u00e1xima de sa\u00edda: 25 A<\/span><\/li>\n<li class=\"a-spacing-mini\"><span class=\"a-list-item\">Tens\u00e3o de sa\u00edda: 50 V-220 V (tens\u00e3o de sa\u00edda &lt; = tens\u00e3o de entrada de alimenta\u00e7\u00e3o)<\/span><\/li>\n<li class=\"a-spacing-mini\"><span class=\"a-list-item\">Temperatura ambiente de opera\u00e7\u00e3o: -20&#8217;C-40&#8217;C; Alta efici\u00eancia, alto torque, baixa gera\u00e7\u00e3o de calor<\/span><\/li>\n<li class=\"a-spacing-mini\"><span class=\"a-list-item\">Tamanho do item: 4,5 x 4,4 x 2,5 cm; Peso l\u00edquido: 4,5 g<\/span><\/li>\n<\/ul>\n","protected":false},"excerpt":{"rendered":"<p>Tens\u00e3o de entrada de alimenta\u00e7\u00e3o: 110 V ~ 220 V AC Pot\u00eancia m\u00e1xima de sa\u00edda: 2000 W; a corrente m\u00e1xima de sa\u00edda: 25 A Tens\u00e3o de sa\u00edda: 50 V-220 V (tens\u00e3o de sa\u00edda &lt; = tens\u00e3o de entrada de alimenta\u00e7\u00e3o) Temperatura ambiente de opera\u00e7\u00e3o: -20&#8217;C-40&#8217;C; Alta efici\u00eancia, alto torque, baixa gera\u00e7\u00e3o de calor Tamanho do [&hellip;]<\/p>\n","protected":false},"featured_media":18582,"template":"","meta":[],"product_brand":[],"product_cat":[411],"product_tag":[],"class_list":{"0":"post-18581","1":"product","2":"type-product","3":"status-publish","4":"has-post-thumbnail","6":"product_cat-sem-categoria","8":"entry","9":"has-media","11":"first","12":"instock","13":"shipping-taxable","14":"purchasable","15":"product-type-simple","16":"has-product-nav","17":"col","18":"span_1_of_3","19":"owp-content-center","20":"owp-thumbs-layout-horizontal","21":"owp-btn-normal","22":"owp-tabs-layout-horizontal"},"_links":{"self":[{"href":"https:\/\/arduxop.com.br\/loja\/wp-json\/wp\/v2\/product\/18581","targetHints":{"allow":["GET"]}}],"collection":[{"href":"https:\/\/arduxop.com.br\/loja\/wp-json\/wp\/v2\/product"}],"about":[{"href":"https:\/\/arduxop.com.br\/loja\/wp-json\/wp\/v2\/types\/product"}],"wp:featuredmedia":[{"embeddable":true,"href":"https:\/\/arduxop.com.br\/loja\/wp-json\/wp\/v2\/media\/18582"}],"wp:attachment":[{"href":"https:\/\/arduxop.com.br\/loja\/wp-json\/wp\/v2\/media?parent=18581"}],"wp:term":[{"taxonomy":"product_brand","embeddable":true,"href":"https:\/\/arduxop.com.br\/loja\/wp-json\/wp\/v2\/product_brand?post=18581"},{"taxonomy":"product_cat","embeddable":true,"href":"https:\/\/arduxop.com.br\/loja\/wp-json\/wp\/v2\/product_cat?post=18581"},{"taxonomy":"product_tag","embeddable":true,"href":"https:\/\/arduxop.com.br\/loja\/wp-json\/wp\/v2\/product_tag?post=18581"}],"curies":[{"name":"wp","href":"https:\/\/api.w.org\/{rel}","templated":true}]}}