{"id":18573,"date":"2025-03-11T17:04:51","date_gmt":"2025-03-11T21:04:51","guid":{"rendered":"https:\/\/arduxop.com.br\/loja\/?post_type=product&#038;p=18573"},"modified":"2025-03-11T17:04:51","modified_gmt":"2025-03-11T21:04:51","slug":"sensor-hall-sja12-10n1-no-com-ima","status":"publish","type":"product","link":"https:\/\/arduxop.com.br\/loja\/produto\/sensor-hall-sja12-10n1-no-com-ima\/","title":{"rendered":"Sensor Hall SJA12-10N1 NO com Im\u00e3"},"content":{"rendered":"<p>\u00c9 um componente com sa\u00edda tipo chave NPN normalmente aberta (NA ou NO) que fecha na presen\u00e7a de um material met\u00e1lico pr\u00f3ximo ao sensor, tendo maior efici\u00eancia e maior dist\u00e2ncia de detec\u00e7\u00e3o em metais ferrosos ou magnetizados, como im\u00e3s. Ele possui um LED para a indica\u00e7\u00e3o da presen\u00e7a dos materiais detect\u00e1veis pelo sensor. Dentre suas aplica\u00e7\u00f5es, est\u00e3o a detec\u00e7\u00e3o e contagem de objetos met\u00e1licos, medi\u00e7\u00f5es de velocidade, frequ\u00eancia e revolu\u00e7\u00f5es (RPM) ou como sensores de fim de curso, a exemplo de impressoras 3D e m\u00e1quinas CNC. O sensor possui corpo cil\u00edndrico em a\u00e7o rosqueado padr\u00e3o M12, que acompanha duas porcas e duas arruelas auto travantes para sua instala\u00e7\u00e3o. Al\u00e9m de acompanhar um im\u00e3 de neod\u00edmio de 12mm de di\u00e2metro.<\/p>\n<pre><\/pre>\n","protected":false},"excerpt":{"rendered":"<p>\u00c9 um componente com sa\u00edda tipo chave NPN normalmente aberta (NA ou NO) que fecha na presen\u00e7a de um material met\u00e1lico pr\u00f3ximo ao sensor, tendo maior efici\u00eancia e maior dist\u00e2ncia de detec\u00e7\u00e3o em metais ferrosos ou magnetizados, como im\u00e3s. Ele possui um LED para a indica\u00e7\u00e3o da presen\u00e7a dos materiais detect\u00e1veis pelo sensor. Dentre suas [&hellip;]<\/p>\n","protected":false},"featured_media":18574,"template":"","meta":[],"product_brand":[],"product_cat":[178],"product_tag":[],"class_list":{"0":"post-18573","1":"product","2":"type-product","3":"status-publish","4":"has-post-thumbnail","6":"product_cat-sensores","8":"entry","9":"has-media","11":"first","12":"instock","13":"shipping-taxable","14":"purchasable","15":"product-type-simple","16":"has-product-nav","17":"col","18":"span_1_of_3","19":"owp-content-center","20":"owp-thumbs-layout-horizontal","21":"owp-btn-normal","22":"owp-tabs-layout-horizontal"},"_links":{"self":[{"href":"https:\/\/arduxop.com.br\/loja\/wp-json\/wp\/v2\/product\/18573","targetHints":{"allow":["GET"]}}],"collection":[{"href":"https:\/\/arduxop.com.br\/loja\/wp-json\/wp\/v2\/product"}],"about":[{"href":"https:\/\/arduxop.com.br\/loja\/wp-json\/wp\/v2\/types\/product"}],"wp:featuredmedia":[{"embeddable":true,"href":"https:\/\/arduxop.com.br\/loja\/wp-json\/wp\/v2\/media\/18574"}],"wp:attachment":[{"href":"https:\/\/arduxop.com.br\/loja\/wp-json\/wp\/v2\/media?parent=18573"}],"wp:term":[{"taxonomy":"product_brand","embeddable":true,"href":"https:\/\/arduxop.com.br\/loja\/wp-json\/wp\/v2\/product_brand?post=18573"},{"taxonomy":"product_cat","embeddable":true,"href":"https:\/\/arduxop.com.br\/loja\/wp-json\/wp\/v2\/product_cat?post=18573"},{"taxonomy":"product_tag","embeddable":true,"href":"https:\/\/arduxop.com.br\/loja\/wp-json\/wp\/v2\/product_tag?post=18573"}],"curies":[{"name":"wp","href":"https:\/\/api.w.org\/{rel}","templated":true}]}}