{"id":18525,"date":"2025-02-10T16:08:08","date_gmt":"2025-02-10T20:08:08","guid":{"rendered":"https:\/\/arduxop.com.br\/loja\/?post_type=product&#038;p=18525"},"modified":"2026-03-12T14:14:49","modified_gmt":"2026-03-12T18:14:49","slug":"modulo-bluetooth-rs-232-hc-05","status":"publish","type":"product","link":"https:\/\/arduxop.com.br\/loja\/produto\/modulo-bluetooth-rs-232-hc-05\/","title":{"rendered":"M\u00f3dulo bluetooth RS-232 HC 05"},"content":{"rendered":"<p>O\u00a0<strong>M\u00f3dulo Bluetooth RS232 HC-05<\/strong> \u00e9 uma solu\u00e7\u00e3o simples e barata de comunicar um micro controlador seja ele Arduino, Raspberry, pic ou outro com a interface bluetooth do seu dispositivo com alcance de at\u00e9 10m. O M\u00f3dulo Bluetooth RS232 HC-05 j\u00e1 vem soldado em um adaptador que possui regulador de tens\u00e3o e barra de pinos para f\u00e1cil conex\u00e3o com a placa micro controlada, al\u00e9m de um bot\u00e3o para reset manual, um LED que indica se o m\u00f3dulo bluetooth est\u00e1 pareado com outro dispositivo e uma capa para prote\u00e7\u00e3o do m\u00f3dulo contra agentes externos que podem causar curto-circuito \u00e0 placa. Diferentemente do m\u00f3dulo Bluetooth HC-06, o\u00a0M\u00f3dulo Bluetooth RS232 HC-05\u00a0funciona em modo master e slave o que lhe permite tamb\u00e9m estabelecer comunica\u00e7\u00e3o com outros dispositivos e n\u00e3o apenas ser passivo na comunica\u00e7\u00e3o, existem v\u00e1rias aplica\u00e7\u00f5es como controle remoto para um rob\u00f4, envio de dados captados por um sensor para um aplicativo de celular, entre outros.<\/p>\n<p><strong>ESPECIFICA\u00c7\u00d5ES:<\/strong><\/p>\n<ul>\n<li>Bluetooth vers\u00e3o: V2.0 + EDR;<\/li>\n<li>Firmware: Linvor 1.8;<\/li>\n<li>Tens\u00e3o de Opera\u00e7\u00e3o: 3.3V(2.7V a 4;2V);<\/li>\n<li>Consumo de Corrente: Pareado 35mA; Conectado 8mA;<\/li>\n<li>Taxa de Transmiss\u00e3o Padr\u00e3o: 9600,8,1, n;<\/li>\n<li>Frequ\u00eancia: 2.4Ghz;<\/li>\n<li>Suporta modo mestre e slave;<\/li>\n<li>Cobertura de sinal: 10m;<\/li>\n<li>Dimens\u00f5es: 4.3 x 1.6 x 0.7 cm.<\/li>\n<\/ul>\n","protected":false},"excerpt":{"rendered":"<p>O\u00a0M\u00f3dulo Bluetooth RS232 HC-05 \u00e9 uma solu\u00e7\u00e3o simples e barata de comunicar um micro controlador seja ele Arduino, Raspberry, pic ou outro com a interface bluetooth do seu dispositivo com alcance de at\u00e9 10m. O M\u00f3dulo Bluetooth RS232 HC-05 j\u00e1 vem soldado em um adaptador que possui regulador de tens\u00e3o e barra de pinos para [&hellip;]<\/p>\n","protected":false},"featured_media":18528,"template":"","meta":[],"product_brand":[],"product_cat":[411],"product_tag":[],"class_list":{"0":"post-18525","1":"product","2":"type-product","3":"status-publish","4":"has-post-thumbnail","6":"product_cat-sem-categoria","8":"entry","9":"has-media","11":"first","12":"instock","13":"shipping-taxable","14":"purchasable","15":"product-type-simple","16":"has-product-nav","17":"col","18":"span_1_of_3","19":"owp-content-center","20":"owp-thumbs-layout-horizontal","21":"owp-btn-normal","22":"owp-tabs-layout-horizontal"},"_links":{"self":[{"href":"https:\/\/arduxop.com.br\/loja\/wp-json\/wp\/v2\/product\/18525","targetHints":{"allow":["GET"]}}],"collection":[{"href":"https:\/\/arduxop.com.br\/loja\/wp-json\/wp\/v2\/product"}],"about":[{"href":"https:\/\/arduxop.com.br\/loja\/wp-json\/wp\/v2\/types\/product"}],"wp:featuredmedia":[{"embeddable":true,"href":"https:\/\/arduxop.com.br\/loja\/wp-json\/wp\/v2\/media\/18528"}],"wp:attachment":[{"href":"https:\/\/arduxop.com.br\/loja\/wp-json\/wp\/v2\/media?parent=18525"}],"wp:term":[{"taxonomy":"product_brand","embeddable":true,"href":"https:\/\/arduxop.com.br\/loja\/wp-json\/wp\/v2\/product_brand?post=18525"},{"taxonomy":"product_cat","embeddable":true,"href":"https:\/\/arduxop.com.br\/loja\/wp-json\/wp\/v2\/product_cat?post=18525"},{"taxonomy":"product_tag","embeddable":true,"href":"https:\/\/arduxop.com.br\/loja\/wp-json\/wp\/v2\/product_tag?post=18525"}],"curies":[{"name":"wp","href":"https:\/\/api.w.org\/{rel}","templated":true}]}}