{"id":18491,"date":"2025-02-07T14:33:56","date_gmt":"2025-02-07T18:33:56","guid":{"rendered":"https:\/\/arduxop.com.br\/loja\/?post_type=product&#038;p=18491"},"modified":"2025-02-07T14:33:56","modified_gmt":"2025-02-07T18:33:56","slug":"modulo-sensor-de-temperatura-ds18b20","status":"publish","type":"product","link":"https:\/\/arduxop.com.br\/loja\/produto\/modulo-sensor-de-temperatura-ds18b20\/","title":{"rendered":"M\u00f3dulo sensor de temperatura DS18B20"},"content":{"rendered":"<p>O sensor DS18B20 faz a leitura de temperaturas entre -55\u00b0C e +125\u00b0C com precis\u00e3o de 0,5\u00b0C e seu encapsulamento \u00e9 ideal para utiliza\u00e7\u00e3o em Protoboard, placas de teste ou circuitos definitivos. Verifique a pinagem nas imagens do an\u00fancio.<\/p>\n<p><strong>Dados T\u00e9cnicos:<\/strong><\/p>\n<p>&#8211; Tens\u00e3o de opera\u00e7\u00e3o: 3-5,5V<br \/>\n&#8211; Faixa de medi\u00e7\u00e3o: -55\u00b0C a +125\u00b0C<br \/>\n&#8211; Precis\u00e3o: \u00b10.5\u00b0C entre -10\u00b0C e +85\u00b0C<br \/>\n&#8211; Encapsulamento: TO-92<\/p>\n","protected":false},"excerpt":{"rendered":"<p>O sensor DS18B20 faz a leitura de temperaturas entre -55\u00b0C e +125\u00b0C com precis\u00e3o de 0,5\u00b0C e seu encapsulamento \u00e9 ideal para utiliza\u00e7\u00e3o em Protoboard, placas de teste ou circuitos definitivos. Verifique a pinagem nas imagens do an\u00fancio. Dados T\u00e9cnicos: &#8211; Tens\u00e3o de opera\u00e7\u00e3o: 3-5,5V &#8211; Faixa de medi\u00e7\u00e3o: -55\u00b0C a +125\u00b0C &#8211; Precis\u00e3o: \u00b10.5\u00b0C [&hellip;]<\/p>\n","protected":false},"featured_media":18492,"template":"","meta":[],"product_brand":[],"product_cat":[411],"product_tag":[],"class_list":{"0":"post-18491","1":"product","2":"type-product","3":"status-publish","4":"has-post-thumbnail","6":"product_cat-sem-categoria","8":"entry","9":"has-media","11":"first","12":"instock","13":"shipping-taxable","14":"purchasable","15":"product-type-simple","16":"has-product-nav","17":"col","18":"span_1_of_3","19":"owp-content-center","20":"owp-thumbs-layout-horizontal","21":"owp-btn-normal","22":"owp-tabs-layout-horizontal"},"_links":{"self":[{"href":"https:\/\/arduxop.com.br\/loja\/wp-json\/wp\/v2\/product\/18491","targetHints":{"allow":["GET"]}}],"collection":[{"href":"https:\/\/arduxop.com.br\/loja\/wp-json\/wp\/v2\/product"}],"about":[{"href":"https:\/\/arduxop.com.br\/loja\/wp-json\/wp\/v2\/types\/product"}],"wp:featuredmedia":[{"embeddable":true,"href":"https:\/\/arduxop.com.br\/loja\/wp-json\/wp\/v2\/media\/18492"}],"wp:attachment":[{"href":"https:\/\/arduxop.com.br\/loja\/wp-json\/wp\/v2\/media?parent=18491"}],"wp:term":[{"taxonomy":"product_brand","embeddable":true,"href":"https:\/\/arduxop.com.br\/loja\/wp-json\/wp\/v2\/product_brand?post=18491"},{"taxonomy":"product_cat","embeddable":true,"href":"https:\/\/arduxop.com.br\/loja\/wp-json\/wp\/v2\/product_cat?post=18491"},{"taxonomy":"product_tag","embeddable":true,"href":"https:\/\/arduxop.com.br\/loja\/wp-json\/wp\/v2\/product_tag?post=18491"}],"curies":[{"name":"wp","href":"https:\/\/api.w.org\/{rel}","templated":true}]}}