{"id":18478,"date":"2025-02-06T17:00:36","date_gmt":"2025-02-06T21:00:36","guid":{"rendered":"https:\/\/arduxop.com.br\/loja\/?post_type=product&#038;p=18478"},"modified":"2025-02-06T17:00:37","modified_gmt":"2025-02-06T21:00:37","slug":"modulo-arduino-pro-mini-atmega328p-33v-8mhz","status":"publish","type":"product","link":"https:\/\/arduxop.com.br\/loja\/produto\/modulo-arduino-pro-mini-atmega328p-33v-8mhz\/","title":{"rendered":"M\u00f3dulo Arduino pro mini ATMEGA328P 3,3V 8MHZ"},"content":{"rendered":"<p>O Arduino Pro Mini 8mhz \u00e9 destinado para instala\u00e7\u00e3o semipermanente em objetos ou exposi\u00e7\u00f5es. A placa vem com cabe\u00e7alhos n\u00e3o pr\u00e9-soldadas, permitindo o uso de v\u00e1rios tipos de conectores ou de solda direta de fios. A pinagem \u00e9 compat\u00edvel com o Arduino Mini.<\/p>\n<p>Possui 14 pinos digitais de entrada e sa\u00edda, sendo que 6 podem ser usados como sa\u00eddas PWM, 6 entradas anal\u00f3gicas. um ressonador on-board, um bot\u00e3o de reset, e furos para montagem de pinos. Um cabe\u00e7alho de seis pinos pode ser conectado a um cabo FTDI USB para fornecer energia e comunica\u00e7\u00e3o para o conselho.<\/p>\n<p>Por conta da grande popularidade do Arduino, foram desenvolvidos outros modelos de placas semelhantes, variando em suas dimens\u00f5es e capacidade de processamento, tornando-o cada vez mais adequado para projetos espec\u00edficos.<\/p>\n","protected":false},"excerpt":{"rendered":"<p>O Arduino Pro Mini 8mhz \u00e9 destinado para instala\u00e7\u00e3o semipermanente em objetos ou exposi\u00e7\u00f5es. A placa vem com cabe\u00e7alhos n\u00e3o pr\u00e9-soldadas, permitindo o uso de v\u00e1rios tipos de conectores ou de solda direta de fios. A pinagem \u00e9 compat\u00edvel com o Arduino Mini. Possui 14 pinos digitais de entrada e sa\u00edda, sendo que 6 podem [&hellip;]<\/p>\n","protected":false},"featured_media":18479,"template":"","meta":[],"product_brand":[],"product_cat":[411],"product_tag":[],"class_list":{"0":"post-18478","1":"product","2":"type-product","3":"status-publish","4":"has-post-thumbnail","6":"product_cat-sem-categoria","8":"entry","9":"has-media","11":"first","12":"instock","13":"shipping-taxable","14":"purchasable","15":"product-type-simple","16":"has-product-nav","17":"col","18":"span_1_of_3","19":"owp-content-center","20":"owp-thumbs-layout-horizontal","21":"owp-btn-normal","22":"owp-tabs-layout-horizontal"},"_links":{"self":[{"href":"https:\/\/arduxop.com.br\/loja\/wp-json\/wp\/v2\/product\/18478","targetHints":{"allow":["GET"]}}],"collection":[{"href":"https:\/\/arduxop.com.br\/loja\/wp-json\/wp\/v2\/product"}],"about":[{"href":"https:\/\/arduxop.com.br\/loja\/wp-json\/wp\/v2\/types\/product"}],"wp:featuredmedia":[{"embeddable":true,"href":"https:\/\/arduxop.com.br\/loja\/wp-json\/wp\/v2\/media\/18479"}],"wp:attachment":[{"href":"https:\/\/arduxop.com.br\/loja\/wp-json\/wp\/v2\/media?parent=18478"}],"wp:term":[{"taxonomy":"product_brand","embeddable":true,"href":"https:\/\/arduxop.com.br\/loja\/wp-json\/wp\/v2\/product_brand?post=18478"},{"taxonomy":"product_cat","embeddable":true,"href":"https:\/\/arduxop.com.br\/loja\/wp-json\/wp\/v2\/product_cat?post=18478"},{"taxonomy":"product_tag","embeddable":true,"href":"https:\/\/arduxop.com.br\/loja\/wp-json\/wp\/v2\/product_tag?post=18478"}],"curies":[{"name":"wp","href":"https:\/\/api.w.org\/{rel}","templated":true}]}}