{"id":18468,"date":"2025-02-06T16:09:06","date_gmt":"2025-02-06T20:09:06","guid":{"rendered":"https:\/\/arduxop.com.br\/loja\/?post_type=product&#038;p=18468"},"modified":"2025-02-06T16:09:06","modified_gmt":"2025-02-06T20:09:06","slug":"protoboard-400-furos","status":"publish","type":"product","link":"https:\/\/arduxop.com.br\/loja\/produto\/protoboard-400-furos\/","title":{"rendered":"Protoboard 400 furos"},"content":{"rendered":"<p>Esta Protoboard permite que os componentes eletr\u00f4nicos possam ser interligados em um n\u00famero quase infinito de maneiras para produzir circuitos eletr\u00f4nicos em trabalhos de prototipagem.<\/p>\n<p>Nenhum tipo de solda \u00e9 necess\u00e1ria e, portanto, modificar ou rever os circuitos pode ser feito com bastante facilidade.<br \/>\nA placa de montagem consiste um conjunto de bases de metal inserido dentro de um inv\u00f3lucro de pl\u00e1stico dur\u00e1vel. As conex\u00f5es s\u00e3o de bronze banhados a n\u00edquel com grampos de mola.<\/p>\n<p>Ele pode ser fixado em uma base atrav\u00e9s de uma folha adesiva localizada na parte traseira da placa.<\/p>\n<p><strong>Especifica\u00e7\u00f5es:<\/strong><\/p>\n<p>&#8211; Furos: di\u00e2metro de 0,8 mm.<br \/>\n&#8211; Tamanho: 89mm x 55mm;<br \/>\n&#8211; Altura: ~1cm;<\/p>\n","protected":false},"excerpt":{"rendered":"<p>Esta Protoboard permite que os componentes eletr\u00f4nicos possam ser interligados em um n\u00famero quase infinito de maneiras para produzir circuitos eletr\u00f4nicos em trabalhos de prototipagem. Nenhum tipo de solda \u00e9 necess\u00e1ria e, portanto, modificar ou rever os circuitos pode ser feito com bastante facilidade. A placa de montagem consiste um conjunto de bases de metal [&hellip;]<\/p>\n","protected":false},"featured_media":18469,"template":"","meta":[],"product_brand":[],"product_cat":[411],"product_tag":[],"class_list":{"0":"post-18468","1":"product","2":"type-product","3":"status-publish","4":"has-post-thumbnail","6":"product_cat-sem-categoria","8":"entry","9":"has-media","11":"first","12":"instock","13":"shipping-taxable","14":"purchasable","15":"product-type-simple","16":"has-product-nav","17":"col","18":"span_1_of_3","19":"owp-content-center","20":"owp-thumbs-layout-horizontal","21":"owp-btn-normal","22":"owp-tabs-layout-horizontal"},"_links":{"self":[{"href":"https:\/\/arduxop.com.br\/loja\/wp-json\/wp\/v2\/product\/18468","targetHints":{"allow":["GET"]}}],"collection":[{"href":"https:\/\/arduxop.com.br\/loja\/wp-json\/wp\/v2\/product"}],"about":[{"href":"https:\/\/arduxop.com.br\/loja\/wp-json\/wp\/v2\/types\/product"}],"wp:featuredmedia":[{"embeddable":true,"href":"https:\/\/arduxop.com.br\/loja\/wp-json\/wp\/v2\/media\/18469"}],"wp:attachment":[{"href":"https:\/\/arduxop.com.br\/loja\/wp-json\/wp\/v2\/media?parent=18468"}],"wp:term":[{"taxonomy":"product_brand","embeddable":true,"href":"https:\/\/arduxop.com.br\/loja\/wp-json\/wp\/v2\/product_brand?post=18468"},{"taxonomy":"product_cat","embeddable":true,"href":"https:\/\/arduxop.com.br\/loja\/wp-json\/wp\/v2\/product_cat?post=18468"},{"taxonomy":"product_tag","embeddable":true,"href":"https:\/\/arduxop.com.br\/loja\/wp-json\/wp\/v2\/product_tag?post=18468"}],"curies":[{"name":"wp","href":"https:\/\/api.w.org\/{rel}","templated":true}]}}