{"id":1843,"date":"2018-01-16T11:28:34","date_gmt":"2018-01-16T14:28:34","guid":{"rendered":"https:\/\/arduxop.com.br\/loja\/produto\/sensor-hall-a3144-a3144e-oh3144\/"},"modified":"2025-03-11T14:29:57","modified_gmt":"2025-03-11T18:29:57","slug":"sensor-hall-a3144-a3144e-oh3144","status":"publish","type":"product","link":"https:\/\/arduxop.com.br\/loja\/produto\/sensor-hall-a3144-a3144e-oh3144\/","title":{"rendered":"Sensor Hall A3144 A3144e Oh3144"},"content":{"rendered":"<p>O A3144 \u00e9 um sensor de efeito Hall fixado. Aproximando um magneto pr\u00f3ximo ao sensor o pino da sa\u00edda muda seu estado. O sensor de efeito hall \u00a0pode lidar com uma fra\u00e7\u00e3o da corrente que pode passar pelo interruptor.\u00a0 Caracter\u00edsticas T\u00e9cnicas: * Tens\u00e3o de opre\u00e7\u00e3o: 3,5V a 24V CC;*\u00a0Baixo consumo de corrente;*\u00a0Compens\u00e7\u00e3o de temperatura;*\u00a0Corrente de drenagem m\u00e1xima 50mA;*\u00a0Prote\u00e7\u00e3o contra polaridade reversa;*\u00a0Encapsulamento livre de chumbo: TO-92.<\/p>\n","protected":false},"excerpt":{"rendered":"<p>O A3144 \u00e9 um sensor de efeito Hall fixado. Aproximando um magneto pr\u00f3ximo ao sensor o pino da sa\u00edda muda seu estado. O sensor de efeito hall \u00a0pode lidar com uma fra\u00e7\u00e3o da corrente que pode passar pelo interruptor.\u00a0 Caracter\u00edsticas T\u00e9cnicas: * Tens\u00e3o de opre\u00e7\u00e3o: 3,5V a 24V CC;*\u00a0Baixo consumo de corrente;*\u00a0Compens\u00e7\u00e3o de temperatura;*\u00a0Corrente de [&hellip;]<\/p>\n","protected":false},"featured_media":1844,"template":"","meta":[],"product_brand":[],"product_cat":[178],"product_tag":[],"class_list":{"0":"post-1843","1":"product","2":"type-product","3":"status-publish","4":"has-post-thumbnail","6":"product_cat-sensores","8":"entry","9":"has-media","11":"first","12":"instock","13":"sold-individually","14":"purchasable","15":"product-type-simple","16":"has-product-nav","17":"col","18":"span_1_of_3","19":"owp-content-center","20":"owp-thumbs-layout-horizontal","21":"owp-btn-normal","22":"owp-tabs-layout-horizontal","23":"has-no-thumbnails"},"_links":{"self":[{"href":"https:\/\/arduxop.com.br\/loja\/wp-json\/wp\/v2\/product\/1843","targetHints":{"allow":["GET"]}}],"collection":[{"href":"https:\/\/arduxop.com.br\/loja\/wp-json\/wp\/v2\/product"}],"about":[{"href":"https:\/\/arduxop.com.br\/loja\/wp-json\/wp\/v2\/types\/product"}],"wp:featuredmedia":[{"embeddable":true,"href":"https:\/\/arduxop.com.br\/loja\/wp-json\/wp\/v2\/media\/1844"}],"wp:attachment":[{"href":"https:\/\/arduxop.com.br\/loja\/wp-json\/wp\/v2\/media?parent=1843"}],"wp:term":[{"taxonomy":"product_brand","embeddable":true,"href":"https:\/\/arduxop.com.br\/loja\/wp-json\/wp\/v2\/product_brand?post=1843"},{"taxonomy":"product_cat","embeddable":true,"href":"https:\/\/arduxop.com.br\/loja\/wp-json\/wp\/v2\/product_cat?post=1843"},{"taxonomy":"product_tag","embeddable":true,"href":"https:\/\/arduxop.com.br\/loja\/wp-json\/wp\/v2\/product_tag?post=1843"}],"curies":[{"name":"wp","href":"https:\/\/api.w.org\/{rel}","templated":true}]}}