{"id":18240,"date":"2024-03-16T10:16:41","date_gmt":"2024-03-16T14:16:41","guid":{"rendered":"https:\/\/arduxop.com.br\/loja\/?post_type=product&#038;p=18240"},"modified":"2024-11-07T16:24:35","modified_gmt":"2024-11-07T20:24:35","slug":"modulo-receptor-de-radio-fm-lcd-digital-pll-sem-fio-de-87-10mhz","status":"publish","type":"product","link":"https:\/\/arduxop.com.br\/loja\/produto\/modulo-receptor-de-radio-fm-lcd-digital-pll-sem-fio-de-87-10mhz\/","title":{"rendered":"M\u00f3dulo Receptor De R\u00e1dio Fm Lcd Digital Pll Sem Fio De 87-10Mhz"},"content":{"rendered":"<p>Descri\u00e7\u00e3o<\/p>\n<p>1: o uso da tecnologia avan\u00e7ada de processamento de sinal de \u00e1udio digital (DSP) e do loop de bloqueio de fase de modula\u00e7\u00e3o FM (PLL) para tornar o som mais realista, desempenho mais est\u00e1vel, longas horas de trabalho sem compensa\u00e7\u00e3o de frequ\u00eancia.<br \/>\n2: a tela LCD \u00e9 mais intuitiva e precisa, com consumo de energia muito baixo e m\u00ednima interfer\u00eancia de ru\u00eddo.<br \/>\n3: com fun\u00e7\u00f5es de busca autom\u00e1tica e esta\u00e7\u00e3o de armazenamento de r\u00e1dio, f\u00e1cil de operar e use.<br \/>\nAjuste de volume digital embutido \u00e0s 4:30, a opera\u00e7\u00e3o das teclas pode ser facilmente conclu\u00edda.<br \/>\n5: desligamento autom\u00e1tico da mem\u00f3ria de dados antes da queda de energia.<br \/>\n6: comuta\u00e7\u00e3o autom\u00e1tica de sa\u00edda de alto-falante\/fone de ouvido<br \/>\n7: suporta comandos AT em s\u00e9rie.<br \/>\n8: estabiliza\u00e7\u00e3o de frequ\u00eancia de cristal de quartzo, a mudan\u00e7a de temperatura n\u00e3o transmite mais varia\u00e7\u00e3o de frequ\u00eancia.<br \/>\n9: A busca autom\u00e1tica por um sinal de banda completa tem uma faixa de frequ\u00eancia e armazena mem\u00f3rias.<br \/>\n10: Voc\u00ea pode configurar o silenciamento digital DSP para processamento de limite, sem sinal, de r\u00e1dio FM tradicional, irritabilidade, rangido (requer que o usu\u00e1rio abra o m\u00f3dulo de fun\u00e7\u00e3o de ru\u00eddo est\u00e1tico)<br \/>\nPar\u00e2metros do produto:<br \/>\npot\u00eancia de sa\u00edda: 500 mW (fones de ouvido com unidade), 3 W (alto-falantes da unidade)<br \/>\nFaixa de frequ\u00eancia: 50 Hz-18 kHz Frequ\u00eancia de<br \/>\nrecep\u00e7\u00e3o: r\u00e1dio<br \/>\npr\u00f3ximo ao campus 87,0 MHz-108 MHz, r\u00e1dio de campus aberto<br \/>\nRu\u00eddo equivalente: n\u00e3o menos que 30 dB Tens\u00e3o de alimenta\u00e7\u00e3o: 3,0 V-5.0 V Corrente de alimenta\u00e7\u00e3o:<br \/>\nvolume m\u00e1ximo 400 mA, volume m\u00ednimo inferior a 50 dB Tens\u00e3o de alimenta\u00e7\u00e3o: 3.0 V-5.0 V Corrente de<br \/>\nalimenta\u00e7\u00e3o: volume m\u00e1ximo 400 mA, volume m\u00ednimo inferior a 50 mA ( para<br \/>\n(somente refer\u00eancia) Canal: alto-falante (mono), fones de ouvido (est\u00e9reo)<br \/>\nTamanho: veja a imagem<br \/>\nN\u00e3o inclui o pacote de varejo<br \/>\nQuantidade: 1 unidade<\/p>\n<p class=\"responsive-video-wrap clr\"><iframe title=\"M\u00f3dulo Receptor DSP FM (LCD-FM-RX-V.2.0) @laboratoriotube2075\" width=\"1200\" height=\"675\" src=\"https:\/\/www.youtube.com\/embed\/v3yeZdOtY3E?feature=oembed\" frameborder=\"0\" allow=\"accelerometer; autoplay; clipboard-write; encrypted-media; gyroscope; picture-in-picture; web-share\" referrerpolicy=\"strict-origin-when-cross-origin\" allowfullscreen><\/iframe><\/p>\n","protected":false},"excerpt":{"rendered":"<p>Descri\u00e7\u00e3o 1: o uso da tecnologia avan\u00e7ada de processamento de sinal de \u00e1udio digital (DSP) e do loop de bloqueio de fase de modula\u00e7\u00e3o FM (PLL) para tornar o som mais realista, desempenho mais est\u00e1vel, longas horas de trabalho sem compensa\u00e7\u00e3o de frequ\u00eancia. 2: a tela LCD \u00e9 mais intuitiva e precisa, com consumo de [&hellip;]<\/p>\n","protected":false},"featured_media":18244,"template":"","meta":[],"product_brand":[],"product_cat":[47],"product_tag":[],"class_list":{"0":"post-18240","1":"product","2":"type-product","3":"status-publish","4":"has-post-thumbnail","6":"product_cat-diversos","8":"entry","9":"has-media","11":"first","12":"instock","13":"shipping-taxable","14":"purchasable","15":"product-type-simple","16":"has-product-nav","17":"col","18":"span_1_of_3","19":"owp-content-center","20":"owp-thumbs-layout-horizontal","21":"owp-btn-normal","22":"owp-tabs-layout-horizontal"},"_links":{"self":[{"href":"https:\/\/arduxop.com.br\/loja\/wp-json\/wp\/v2\/product\/18240","targetHints":{"allow":["GET"]}}],"collection":[{"href":"https:\/\/arduxop.com.br\/loja\/wp-json\/wp\/v2\/product"}],"about":[{"href":"https:\/\/arduxop.com.br\/loja\/wp-json\/wp\/v2\/types\/product"}],"wp:featuredmedia":[{"embeddable":true,"href":"https:\/\/arduxop.com.br\/loja\/wp-json\/wp\/v2\/media\/18244"}],"wp:attachment":[{"href":"https:\/\/arduxop.com.br\/loja\/wp-json\/wp\/v2\/media?parent=18240"}],"wp:term":[{"taxonomy":"product_brand","embeddable":true,"href":"https:\/\/arduxop.com.br\/loja\/wp-json\/wp\/v2\/product_brand?post=18240"},{"taxonomy":"product_cat","embeddable":true,"href":"https:\/\/arduxop.com.br\/loja\/wp-json\/wp\/v2\/product_cat?post=18240"},{"taxonomy":"product_tag","embeddable":true,"href":"https:\/\/arduxop.com.br\/loja\/wp-json\/wp\/v2\/product_tag?post=18240"}],"curies":[{"name":"wp","href":"https:\/\/api.w.org\/{rel}","templated":true}]}}