{"id":18204,"date":"2024-01-22T10:20:09","date_gmt":"2024-01-22T14:20:09","guid":{"rendered":"https:\/\/arduxop.com.br\/loja\/?post_type=product&#038;p=18204"},"modified":"2024-11-07T16:25:35","modified_gmt":"2024-11-07T20:25:35","slug":"display-lcd-3-5-touch-scren-raspberry-pi4-b-b-case-abs","status":"publish","type":"product","link":"https:\/\/arduxop.com.br\/loja\/produto\/display-lcd-3-5-touch-scren-raspberry-pi4-b-b-case-abs\/","title":{"rendered":"Display Lcd 3.5 Touch Scren Raspberry Pi4 B B+ Case Abs"},"content":{"rendered":"<div id=\"description\" class=\"ui-pdp-container__row ui-pdp-container__row--description\">\n<div class=\"ui-pdp-description\">\n<h2 class=\"ui-pdp-description__title\">Descri\u00e7\u00e3o<\/h2>\n<p class=\"ui-pdp-description__content\">Parametros:<\/p>\n<p>Tamanho da tela: 3.5&#8243; polegadas<br \/>\nTipo da LCD: TFT<br \/>\nInterface LCD: SPI(Fmax:32MHz)<br \/>\nTouch Screen Type: Resistivo<br \/>\nTouch Screen Controlador: XPT2046<br \/>\nBacklight: LED<br \/>\nResolu\u00e7\u00e3o: 320*480 (Pixel)<br \/>\nConsumo Backlight: 120mA<br \/>\nTemperatura de opera\u00e7\u00e3o. (\u00bf): -20~70<\/p>\n<p>Pacote inclue::<br \/>\n1 x Tela Touch Screen LCD<br \/>\n1 x Case preto em ABS alta qualidade<br \/>\n1 x Caneta Touch<br \/>\n1 x Pad para melhor fixa\u00e7\u00e3o e isolamento da tela com raspberry + Ped de silicone para o case<\/p>\n<p>Notas:<br \/>\n1.Os pinos que ligam para o raspberry pi devem estar corretos.<\/p>\n<\/div>\n<\/div>\n<div class=\"ui-vip-core-spot-middle\">\n<section class=\"ui-recommendations-carousel-wrapper-ref\">\n<div class=\"ui-recommendations-carousel-snapped ui-pdp-with--separator-top ui-pdp-with--separator-top--full mb-40 ui-pdp-with--separator ui-pdp-with--separator--full recos-override__card-vertical\">\n<div class=\"ui-recommendations-carousel-snapped__header\">\n<div class=\"ui-recommendations-carousel-snapped__header-titles\">\n<h2 class=\"ui-recommendations-title\"><\/h2>\n<\/div>\n<\/div>\n<\/div>\n<\/section>\n<\/div>\n","protected":false},"excerpt":{"rendered":"<p>Descri\u00e7\u00e3o Parametros: Tamanho da tela: 3.5&#8243; polegadas Tipo da LCD: TFT Interface LCD: SPI(Fmax:32MHz) Touch Screen Type: Resistivo Touch Screen Controlador: XPT2046 Backlight: LED Resolu\u00e7\u00e3o: 320*480 (Pixel) Consumo Backlight: 120mA Temperatura de opera\u00e7\u00e3o. (\u00bf): -20~70 Pacote inclue:: 1 x Tela Touch Screen LCD 1 x Case preto em ABS alta qualidade 1 x Caneta Touch [&hellip;]<\/p>\n","protected":false},"featured_media":18209,"template":"","meta":[],"product_brand":[],"product_cat":[183,176],"product_tag":[],"class_list":{"0":"post-18204","1":"product","2":"type-product","3":"status-publish","4":"has-post-thumbnail","6":"product_cat-displays","7":"product_cat-raspberry","9":"entry","10":"has-media","12":"first","13":"instock","14":"shipping-taxable","15":"purchasable","16":"product-type-simple","17":"has-product-nav","18":"col","19":"span_1_of_3","20":"owp-content-center","21":"owp-thumbs-layout-horizontal","22":"owp-btn-normal","23":"owp-tabs-layout-horizontal"},"_links":{"self":[{"href":"https:\/\/arduxop.com.br\/loja\/wp-json\/wp\/v2\/product\/18204","targetHints":{"allow":["GET"]}}],"collection":[{"href":"https:\/\/arduxop.com.br\/loja\/wp-json\/wp\/v2\/product"}],"about":[{"href":"https:\/\/arduxop.com.br\/loja\/wp-json\/wp\/v2\/types\/product"}],"wp:featuredmedia":[{"embeddable":true,"href":"https:\/\/arduxop.com.br\/loja\/wp-json\/wp\/v2\/media\/18209"}],"wp:attachment":[{"href":"https:\/\/arduxop.com.br\/loja\/wp-json\/wp\/v2\/media?parent=18204"}],"wp:term":[{"taxonomy":"product_brand","embeddable":true,"href":"https:\/\/arduxop.com.br\/loja\/wp-json\/wp\/v2\/product_brand?post=18204"},{"taxonomy":"product_cat","embeddable":true,"href":"https:\/\/arduxop.com.br\/loja\/wp-json\/wp\/v2\/product_cat?post=18204"},{"taxonomy":"product_tag","embeddable":true,"href":"https:\/\/arduxop.com.br\/loja\/wp-json\/wp\/v2\/product_tag?post=18204"}],"curies":[{"name":"wp","href":"https:\/\/api.w.org\/{rel}","templated":true}]}}