{"id":1819,"date":"2018-01-16T11:28:09","date_gmt":"2018-01-16T13:28:09","guid":{"rendered":"https:\/\/arduxop.com.br\/loja\/produto\/modulo-sensor-de-corrente-de-alta-precisao-i2c-ina219\/"},"modified":"2024-07-25T07:56:59","modified_gmt":"2024-07-25T11:56:59","slug":"modulo-sensor-de-corrente-de-alta-precisao-i2c-ina219","status":"publish","type":"product","link":"https:\/\/arduxop.com.br\/loja\/produto\/modulo-sensor-de-corrente-de-alta-precisao-i2c-ina219\/","title":{"rendered":"M\u00f3dulo Sensor De Corrente De Alta Precis\u00e3o I2c Ina219"},"content":{"rendered":"<p>O <strong>Sensor de Tens\u00e3o e Corrente INA219<\/strong> \u00e9 um pequeno m\u00f3dulo eletr\u00f4nico desenvolvido para aplica\u00e7\u00e3o em diversos circuitos el\u00e9tricos. Por meio do Arduino, AVR, PIC, Raspberry PI, ou outras plataformas de prototipagem \u00e9 poss\u00edvel medir a tens\u00e3o e a corrente DC.<br \/>\nO principal diferencial desse modelo \u00e9 sua alta precis\u00e3o de medi\u00e7\u00e3o, permitindo tens\u00f5es cont\u00ednuas entre 0 e 26 V DC, al\u00e9m de permitir corrente m\u00e1xima de 3,2A com incr\u00edvel capacidade de resolu\u00e7\u00e3o de 0,8mA (utilizando o ADC (conversor anal\u00f3gico digital) interno).<br \/>\nMuito f\u00e1cil de integrar com outros m\u00f3dulos eletr\u00f4nicos e microcontroladores, ele conta com comunica\u00e7\u00e3o do tipo I2C, o que significa que pode atuar em conjunto com o m\u00f3dulo ESP8266, com o Arduino ou qualquer outro com interface I2C.<br \/>\nA alimenta\u00e7\u00e3o do Sensor INA219 pode variar entre 3 e 5.5VDC, onde permite chegar a 128 medi\u00e7\u00f5es cont\u00ednuas de forma a dar muito mais precis\u00e3o a leitura, permitindo medi\u00e7\u00f5es de corrente e tamb\u00e9m de pot\u00eancia em Watts. <a name=\"caract\"><\/a><\/p>\n<p><span id=\"product_carac\"><b class=\"product_title_interno\">CARACTER\u00cdSTICAS:<\/b><br \/>\n&#8211; Sensor de Tens\u00e3o;<br \/>\n&#8211; Sensor de corrente;<br \/>\n&#8211; Compat\u00edvel com Arduino, Raspberry PI, PIC, AMR, etc.;<br \/>\n&#8211; Verifica o valor da tens\u00e3o e corrente;<br \/>\n&#8211; Maior precis\u00e3o que outros modelos;<br \/>\n&#8211; Borne a parafuso para fixa\u00e7\u00e3o dos fios;<br \/>\n&#8211; Pinos para conex\u00e3o junto ao Arduino;<br \/>\n&#8211; Excelente rela\u00e7\u00e3o custo x benef\u00edcio;<br \/>\n&#8211; Datasheet NA219: <a href=\"http:\/\/www.usinainfo.com.br\/index.php?controller=attachment&amp;id_attachment=458\" target=\"_blank\" rel=\"noopener\">Download AQUI<\/a>.<\/span><\/p>\n<p><span id=\"product_specification\"><b class=\"product_title_interno\">ESPECIFICA\u00c7\u00d5ES:<\/b><br \/>\n&#8211; Modelo: INA219;<br \/>\n&#8211; Alimenta\u00e7\u00e3o: 3.3 a 5VDC;<br \/>\n&#8211; Tens\u00e3o de medi\u00e7\u00e3o: 0 ~ 26VDC;<br \/>\n&#8211; Corrente de medi\u00e7\u00e3o: 0 ~ 3.2A (precis\u00e3o \u00b10,1 \u00e0 \u00b10,8 mA);<br \/>\n&#8211; Comunica\u00e7\u00e3o: I2C;<br \/>\n&#8211; ADC: 12 bits;<br \/>\n&#8211; Dimens\u00f5es (CxLxE): ~25,5x22x10mm;<\/span><\/p>\n<p><span id=\"product_specification\">&#8211; Peso: 3g.<\/span><\/p>\n<p><a href=\"https:\/\/www.dobitaobyte.com.br\/sensor-de-corrente-tensao-e-potencia-ina219\/\">https:\/\/www.dobitaobyte.com.br\/sensor-de-corrente-tensao-e-potencia-ina219\/<\/a><\/p>\n<p>&nbsp;<\/p>\n<p>&nbsp;<\/p>\n","protected":false},"excerpt":{"rendered":"<p>O Sensor de Tens\u00e3o e Corrente INA219 \u00e9 um pequeno m\u00f3dulo eletr\u00f4nico desenvolvido para aplica\u00e7\u00e3o em diversos circuitos el\u00e9tricos. Por meio do Arduino, AVR, PIC, Raspberry PI, ou outras plataformas de prototipagem \u00e9 poss\u00edvel medir a tens\u00e3o e a corrente DC. O principal diferencial desse modelo \u00e9 sua alta precis\u00e3o de medi\u00e7\u00e3o, permitindo tens\u00f5es cont\u00ednuas [&hellip;]<\/p>\n","protected":false},"featured_media":1820,"template":"","meta":[],"product_brand":[],"product_cat":[185,196,178,197],"product_tag":[],"class_list":{"0":"post-1819","1":"product","2":"type-product","3":"status-publish","4":"has-post-thumbnail","6":"product_cat-fontes","7":"product_cat-medidores","8":"product_cat-sensores","9":"product_cat-volt-amperes","11":"entry","12":"has-media","14":"first","15":"instock","16":"sale","17":"sold-individually","18":"purchasable","19":"product-type-simple","20":"has-product-nav","21":"col","22":"span_1_of_3","23":"owp-content-center","24":"owp-thumbs-layout-horizontal","25":"owp-btn-normal","26":"owp-tabs-layout-horizontal"},"_links":{"self":[{"href":"https:\/\/arduxop.com.br\/loja\/wp-json\/wp\/v2\/product\/1819","targetHints":{"allow":["GET"]}}],"collection":[{"href":"https:\/\/arduxop.com.br\/loja\/wp-json\/wp\/v2\/product"}],"about":[{"href":"https:\/\/arduxop.com.br\/loja\/wp-json\/wp\/v2\/types\/product"}],"wp:featuredmedia":[{"embeddable":true,"href":"https:\/\/arduxop.com.br\/loja\/wp-json\/wp\/v2\/media\/1820"}],"wp:attachment":[{"href":"https:\/\/arduxop.com.br\/loja\/wp-json\/wp\/v2\/media?parent=1819"}],"wp:term":[{"taxonomy":"product_brand","embeddable":true,"href":"https:\/\/arduxop.com.br\/loja\/wp-json\/wp\/v2\/product_brand?post=1819"},{"taxonomy":"product_cat","embeddable":true,"href":"https:\/\/arduxop.com.br\/loja\/wp-json\/wp\/v2\/product_cat?post=1819"},{"taxonomy":"product_tag","embeddable":true,"href":"https:\/\/arduxop.com.br\/loja\/wp-json\/wp\/v2\/product_tag?post=1819"}],"curies":[{"name":"wp","href":"https:\/\/api.w.org\/{rel}","templated":true}]}}