{"id":18093,"date":"2023-09-26T17:16:05","date_gmt":"2023-09-26T21:16:05","guid":{"rendered":"https:\/\/arduxop.com.br\/loja\/?post_type=product&#038;p=18093"},"modified":"2024-11-07T16:26:54","modified_gmt":"2024-11-07T20:26:54","slug":"gravador-avr-usbasp-usbisp-adaptaptador-icsp-avr-6-pinos","status":"publish","type":"product","link":"https:\/\/arduxop.com.br\/loja\/produto\/gravador-avr-usbasp-usbisp-adaptaptador-icsp-avr-6-pinos\/","title":{"rendered":"Gravador Avr Usbasp Usbisp + Adaptador Icsp Avr 6 Pinos"},"content":{"rendered":"<p>Especifica\u00e7\u00f5es T\u00e9cnicas:<br \/>-Programador Gravador ATMEL AVR USBasp;<br \/>-Alimenta\u00e7\u00e3o de 5V via USB;<br \/>-Interface USB;<br \/>-Velocidade de programa\u00e7\u00e3o at\u00e9 5kbps;<br \/>Modo lento SCK para MCU com clock menor que 1,5MHz;<br \/>-Interface ISP 10 pinos;<br \/>-Adaptador AVR 10&#215;6 Pinos;<br \/>-Material: Termopl\u00e1sticos \/ Metal \/ Placa de Fenolite;<br \/>-Tamanho: 70mm Largura x 20mm Profundidade x 25mm Altura.<\/p>\n<p><\/p>\n<p>Conte\u00fado da embalagem:<\/p>\n<p>01 \u2013 Programador Gravador ATMEL AVR USBasp<\/p>\n<p>01 \u2013 Cabo ISP 10 pinos<\/p>\n<p>01 \u2013 Adaptador AVR ISP 10&#215;6 Pinos<\/p>\n","protected":false},"excerpt":{"rendered":"<p>Programador Gravador ATMEL AVR USBasp;<\/p>\n","protected":false},"featured_media":18095,"template":"","meta":[],"product_brand":[],"product_cat":[46],"product_tag":[],"class_list":{"0":"post-18093","1":"product","2":"type-product","3":"status-publish","4":"has-post-thumbnail","6":"product_cat-conversores-usb-serial","8":"entry","9":"has-media","11":"first","12":"instock","13":"shipping-taxable","14":"purchasable","15":"product-type-simple","16":"has-product-nav","17":"col","18":"span_1_of_3","19":"owp-content-center","20":"owp-thumbs-layout-horizontal","21":"owp-btn-normal","22":"owp-tabs-layout-horizontal"},"_links":{"self":[{"href":"https:\/\/arduxop.com.br\/loja\/wp-json\/wp\/v2\/product\/18093","targetHints":{"allow":["GET"]}}],"collection":[{"href":"https:\/\/arduxop.com.br\/loja\/wp-json\/wp\/v2\/product"}],"about":[{"href":"https:\/\/arduxop.com.br\/loja\/wp-json\/wp\/v2\/types\/product"}],"wp:featuredmedia":[{"embeddable":true,"href":"https:\/\/arduxop.com.br\/loja\/wp-json\/wp\/v2\/media\/18095"}],"wp:attachment":[{"href":"https:\/\/arduxop.com.br\/loja\/wp-json\/wp\/v2\/media?parent=18093"}],"wp:term":[{"taxonomy":"product_brand","embeddable":true,"href":"https:\/\/arduxop.com.br\/loja\/wp-json\/wp\/v2\/product_brand?post=18093"},{"taxonomy":"product_cat","embeddable":true,"href":"https:\/\/arduxop.com.br\/loja\/wp-json\/wp\/v2\/product_cat?post=18093"},{"taxonomy":"product_tag","embeddable":true,"href":"https:\/\/arduxop.com.br\/loja\/wp-json\/wp\/v2\/product_tag?post=18093"}],"curies":[{"name":"wp","href":"https:\/\/api.w.org\/{rel}","templated":true}]}}