{"id":1801,"date":"2018-01-16T11:28:09","date_gmt":"2018-01-16T14:28:09","guid":{"rendered":"https:\/\/arduxop.com.br\/loja\/produto\/protoboard-400-furos-com-encaixe-lateral-e-adesivo\/"},"modified":"2024-07-25T07:56:58","modified_gmt":"2024-07-25T11:56:58","slug":"protoboard-400-furos-com-encaixe-lateral-e-adesivo","status":"publish","type":"product","link":"https:\/\/arduxop.com.br\/loja\/produto\/protoboard-400-furos-com-encaixe-lateral-e-adesivo\/","title":{"rendered":"Protoboard 400 Furos"},"content":{"rendered":"<p>A protoboard permite montar circuitos eletr\u00f4nicos de forma muito simples, j\u00e1 que n\u00e3o requer soldagem nos contatos. Esta Protoboard 400 pontos \u00e9 uma excelente ferramenta para a montagem de circuitos eletr\u00f4nicos, sendo uma maneira r\u00e1pida, f\u00e1cil e pr\u00e1tica para montar seus projetos. Possui 400 pontos e em sua parte inferior h\u00e1 um adesivo que permite col\u00e1-lo em uma superf\u00edcie isolante.<\/p>\n<p>S\u00e3o 100 pontos de distribui\u00e7\u00e3o e 300 pontos de conex\u00e3o terminal. Possui coordenadas coloridas para facilitar a visualiza\u00e7\u00e3o na hora de colocar seu componente.<\/p>\n<p>Especifica\u00e7\u00f5es:<br \/>\n\u2013 Furos: 400<br \/>\n\u2013 Material: Pl\u00e1stico ABS<br \/>\n\u2013 Para terminais e condutores de 0,3 a 0,8 mm (20 a 29 AWG)<br \/>\n\u2013 Resist\u00eancia de Isolamento: 100MO min.<br \/>\n\u2013 Tens\u00e3o M\u00e1xima: 500v AC por minuto<br \/>\n\u2013 Faixa de Temperatura: -20 a 80\u00b0C<br \/>\n\u2013 Dimens\u00f5es: 8,3 x 5,5 x 1,0 cm<\/p>\n","protected":false},"excerpt":{"rendered":"<p>Protoboard 400 Furos Com Encaixe Lateral E Adesivo<\/p>\n","protected":false},"featured_media":1802,"template":"","meta":[],"product_brand":[],"product_cat":[45,182,184,48],"product_tag":[],"class_list":{"0":"post-1801","1":"product","2":"type-product","3":"status-publish","4":"has-post-thumbnail","6":"product_cat-componentes","7":"product_cat-conectores","8":"product_cat-fios-e-cabos","9":"product_cat-kits","11":"entry","12":"has-media","14":"first","15":"outofstock","16":"purchasable","17":"product-type-simple","18":"has-product-nav","19":"col","20":"span_1_of_3","21":"owp-content-center","22":"owp-thumbs-layout-horizontal","23":"owp-btn-normal","24":"owp-tabs-layout-horizontal"},"_links":{"self":[{"href":"https:\/\/arduxop.com.br\/loja\/wp-json\/wp\/v2\/product\/1801","targetHints":{"allow":["GET"]}}],"collection":[{"href":"https:\/\/arduxop.com.br\/loja\/wp-json\/wp\/v2\/product"}],"about":[{"href":"https:\/\/arduxop.com.br\/loja\/wp-json\/wp\/v2\/types\/product"}],"wp:featuredmedia":[{"embeddable":true,"href":"https:\/\/arduxop.com.br\/loja\/wp-json\/wp\/v2\/media\/1802"}],"wp:attachment":[{"href":"https:\/\/arduxop.com.br\/loja\/wp-json\/wp\/v2\/media?parent=1801"}],"wp:term":[{"taxonomy":"product_brand","embeddable":true,"href":"https:\/\/arduxop.com.br\/loja\/wp-json\/wp\/v2\/product_brand?post=1801"},{"taxonomy":"product_cat","embeddable":true,"href":"https:\/\/arduxop.com.br\/loja\/wp-json\/wp\/v2\/product_cat?post=1801"},{"taxonomy":"product_tag","embeddable":true,"href":"https:\/\/arduxop.com.br\/loja\/wp-json\/wp\/v2\/product_tag?post=1801"}],"curies":[{"name":"wp","href":"https:\/\/api.w.org\/{rel}","templated":true}]}}